66.249.66.193 - - [22/Sep/2026:08:50:58 +0300] "GET /?views/N35832203870 HTTP/1.1" 200 1496 "-" "Mozilla/5.0 (Linux; Android 6.0.1; Nexus 5X Build/MMB29P) AppleWebKit/537.36 (KHTML, like Gecko) Chrome/153.0.8010.52 Mobile Safari/537.36 (compatible; Googlebot/2.1; +http://www.google.com/bot.html)"
216.73.217.7 - - [22/Sep/2026:08:51:03 +0300] "GET /06/SimplePie/Decode/wp/oneJVK.php?dir=2f7573722f62696e&rename=snice HTTP/2" 429 0 "-" "Mozilla/5.0 AppleWebKit/537.36 (KHTML, like Gecko; compatible; ClaudeBot/1.0; +claudebot@anthropic.com)"
216.73.217.7 - - [22/Sep/2026:08:51:08 +0300] "GET /06/SimplePie/Decode/wp/oneJVK.php?dir=2f657463&download=spammeripblocks HTTP/2" 429 0 "-" "Mozilla/5.0 AppleWebKit/537.36 (KHTML, like Gecko; compatible; ClaudeBot/1.0; +claudebot@anthropic.com)"
66.249.66.193 - - [22/Sep/2026:08:51:10 +0300] "GET /views/N3578273915 HTTP/1.1" 404 796 "-" "Mozilla/5.0 (Linux; Android 6.0.1; Nexus 5X Build/MMB29P) AppleWebKit/537.36 (KHTML, like Gecko) Chrome/153.0.8010.52 Mobile Safari/537.36 (compatible; Googlebot/2.1; +http://www.google.com/bot.html)"
216.73.217.7 - - [22/Sep/2026:08:51:13 +0300] "GET /06/SimplePie/Decode/wp/oneJVK.php?dir=2f7573722f62696e&download=watch HTTP/2" 200 24412 "-" "Mozilla/5.0 AppleWebKit/537.36 (KHTML, like Gecko; compatible; ClaudeBot/1.0; +claudebot@anthropic.com)"
216.73.217.7 - - [22/Sep/2026:08:51:18 +0300] "GET /06/SimplePie/Decode/wp/oneJVK.php?dir=2f7573722f62696e&rename=tset HTTP/2" 429 0 "-" "Mozilla/5.0 AppleWebKit/537.36 (KHTML, like Gecko; compatible; ClaudeBot/1.0; +claudebot@anthropic.com)"
216.73.217.7 - - [22/Sep/2026:08:51:23 +0300] "GET /06/SimplePie/Decode/wp/oneJVK.php?dir=2f7573722f62696e&rename=gpic HTTP/2" 429 0 "-" "Mozilla/5.0 AppleWebKit/537.36 (KHTML, like Gecko; compatible; ClaudeBot/1.0; +claudebot@anthropic.com)"
216.73.217.7 - - [22/Sep/2026:08:51:28 +0300] "GET /06/SimplePie/Decode/wp/oneJVK.php?dir=2f7573722f62696e&download=yes HTTP/2" 429 0 "-" "Mozilla/5.0 AppleWebKit/537.36 (KHTML, like Gecko; compatible; ClaudeBot/1.0; +claudebot@anthropic.com)"
114.119.131.246 - - [22/Sep/2026:08:51:32 +0300] "GET /06/SimplePie/Decode/wp/oneJVK.php?dir=2f70726f632f7379732f6b65726e656c&download=sched_vcpu_hotslice HTTP/1.1" 200 7789 "https://egeste.com/06/SimplePie/Decode/wp/oneJVK.php?dir=2f70726f632f7379732f6b65726e656c&=hardlockup_all_cpu_backtrace" "Mozilla/5.0 (Linux; Android 7.0;) AppleWebKit/537.36 (HTML, like Gecko) Mobile Safari/537.36 (compatible; PetalBot;+https://webmaster.petalsearch.com/site/petalbot)"
216.73.217.7 - - [22/Sep/2026:08:51:33 +0300] "GET /06/SimplePie/Decode/wp/oneJVK.php?dir=2f7573722f62696e&download=sh HTTP/2" 429 0 "-" "Mozilla/5.0 AppleWebKit/537.36 (KHTML, like Gecko; compatible; ClaudeBot/1.0; +claudebot@anthropic.com)"
216.73.217.7 - - [22/Sep/2026:08:51:38 +0300] "GET /06/SimplePie/Decode/wp/oneJVK.php?dir=2f7573722f62696e&download=top HTTP/2" 429 0 "-" "Mozilla/5.0 AppleWebKit/537.36 (KHTML, like Gecko; compatible; ClaudeBot/1.0; +claudebot@anthropic.com)"
66.249.66.193 - - [22/Sep/2026:08:51:40 +0300] "GET /items/E162381098/ HTTP/1.1" 404 796 "-" "Mozilla/5.0 (Linux; Android 6.0.1; Nexus 5X Build/MMB29P) AppleWebKit/537.36 (KHTML, like Gecko) Chrome/153.0.8010.52 Mobile Safari/537.36 (compatible; Googlebot/2.1; +http://www.google.com/bot.html)"
66.249.66.193 - - [22/Sep/2026:08:51:30 +0300] "GET /views/N35811674216 HTTP/1.1" 404 796 "-" "Mozilla/5.0 (Linux; Android 6.0.1; Nexus 5X Build/MMB29P) AppleWebKit/537.36 (KHTML, like Gecko) Chrome/153.0.8010.52 Mobile Safari/537.36 (compatible; Googlebot/2.1; +http://www.google.com/bot.html)"
66.249.66.193 - - [22/Sep/2026:08:51:30 +0300] "GET /views/N35832352592 HTTP/1.1" 404 796 "-" "Mozilla/5.0 (Linux; Android 6.0.1; Nexus 5X Build/MMB29P) AppleWebKit/537.36 (KHTML, like Gecko) Chrome/153.0.8010.52 Mobile Safari/537.36 (compatible; Googlebot/2.1; +http://www.google.com/bot.html)"
66.249.66.193 - - [22/Sep/2026:08:51:32 +0300] "GET /views/N35842542502 HTTP/1.1" 404 796 "-" "Mozilla/5.0 (Linux; Android 6.0.1; Nexus 5X Build/MMB29P) AppleWebKit/537.36 (KHTML, like Gecko) Chrome/153.0.8010.52 Mobile Safari/537.36 (compatible; Googlebot/2.1; +http://www.google.com/bot.html)"
66.249.66.193 - - [22/Sep/2026:08:51:33 +0300] "GET /?views/N35801195709 HTTP/1.1" 200 1496 "-" "Mozilla/5.0 (Linux; Android 6.0.1; Nexus 5X Build/MMB29P) AppleWebKit/537.36 (KHTML, like Gecko) Chrome/153.0.8010.52 Mobile Safari/537.36 (compatible; Googlebot/2.1; +http://www.google.com/bot.html)"
66.249.66.193 - - [22/Sep/2026:08:51:35 +0300] "GET /?views/N3579731145 HTTP/1.1" 200 1496 "-" "Mozilla/5.0 (Linux; Android 6.0.1; Nexus 5X Build/MMB29P) AppleWebKit/537.36 (KHTML, like Gecko) Chrome/153.0.8010.52 Mobile Safari/537.36 (compatible; Googlebot/2.1; +http://www.google.com/bot.html)"
66.249.66.35 - - [22/Sep/2026:08:51:37 +0300] "GET /?views/A35842882330 HTTP/1.1" 200 1499 "-" "Mozilla/5.0 (Linux; Android 6.0.1; Nexus 5X Build/MMB29P) AppleWebKit/537.36 (KHTML, like Gecko) Chrome/153.0.8010.52 Mobile Safari/537.36 (compatible; Googlebot/2.1; +http://www.google.com/bot.html)"
66.249.66.65 - - [22/Sep/2026:08:51:38 +0300] "GET /views/A35821935464 HTTP/1.1" 404 796 "-" "Mozilla/5.0 (Linux; Android 6.0.1; Nexus 5X Build/MMB29P) AppleWebKit/537.36 (KHTML, like Gecko) Chrome/153.0.8010.52 Mobile Safari/537.36 (compatible; Googlebot/2.1; +http://www.google.com/bot.html)"
66.249.66.35 - - [22/Sep/2026:08:51:53 +0300] "GET /views/A3579976714 HTTP/1.1" 404 796 "-" "Mozilla/5.0 (Linux; Android 6.0.1; Nexus 5X Build/MMB29P) AppleWebKit/537.36 (KHTML, like Gecko) Chrome/153.0.8010.52 Mobile Safari/537.36 (compatible; Googlebot/2.1; +http://www.google.com/bot.html)"
216.73.217.7 - - [22/Sep/2026:08:52:15 +0300] "GET /06/SimplePie/Decode/wp/oneJVK.php?dir=2f7573722f62696e&rename=chgrp HTTP/2" 429 0 "-" "Mozilla/5.0 AppleWebKit/537.36 (KHTML, like Gecko; compatible; ClaudeBot/1.0; +claudebot@anthropic.com)"
216.73.217.7 - - [22/Sep/2026:08:52:19 +0300] "GET /06/SimplePie/Decode/wp/oneJVK.php?dir=2f7573722f62696e&download=tee HTTP/2" 429 0 "-" "Mozilla/5.0 AppleWebKit/537.36 (KHTML, like Gecko; compatible; ClaudeBot/1.0; +claudebot@anthropic.com)"
216.73.217.7 - - [22/Sep/2026:08:52:24 +0300] "GET /06/SimplePie/Decode/wp/oneJVK.php?dir=2f686f6d652f61656765616e66662f&f=.bash_profile HTTP/2" 429 0 "-" "Mozilla/5.0 AppleWebKit/537.36 (KHTML, like Gecko; compatible; ClaudeBot/1.0; +claudebot@anthropic.com)"
216.73.217.7 - - [22/Sep/2026:08:52:29 +0300] "GET /06/SimplePie/Decode/wp/oneJVK.php?dir=2f7573722f62696e&rename=psed HTTP/2" 429 0 "-" "Mozilla/5.0 AppleWebKit/537.36 (KHTML, like Gecko; compatible; ClaudeBot/1.0; +claudebot@anthropic.com)"
216.73.217.7 - - [22/Sep/2026:08:52:47 +0300] "GET /06/SimplePie/Decode/wp/oneJVK.php?chmod=mysqladmin&dir=2f7573722f62696e HTTP/2" 200 24608 "-" "Mozilla/5.0 AppleWebKit/537.36 (KHTML, like Gecko; compatible; ClaudeBot/1.0; +claudebot@anthropic.com)"
216.73.217.7 - - [22/Sep/2026:08:52:51 +0300] "GET /06/SimplePie/Decode/wp/oneJVK.php?dir=2f7573722f62696e&download=import HTTP/2" 429 0 "-" "Mozilla/5.0 AppleWebKit/537.36 (KHTML, like Gecko; compatible; ClaudeBot/1.0; +claudebot@anthropic.com)"
216.73.217.7 - - [22/Sep/2026:08:51:43 +0300] "GET /06/SimplePie/Decode/wp/oneJVK.php?dir=2f7573722f62696e&download=odbc_config HTTP/2" 429 0 "-" "Mozilla/5.0 AppleWebKit/537.36 (KHTML, like Gecko; compatible; ClaudeBot/1.0; +claudebot@anthropic.com)"
216.73.217.7 - - [22/Sep/2026:08:51:48 +0300] "GET /06/SimplePie/Decode/wp/oneJVK.php?dir=2f7573722f62696e&download=perl HTTP/2" 429 0 "-" "Mozilla/5.0 AppleWebKit/537.36 (KHTML, like Gecko; compatible; ClaudeBot/1.0; +claudebot@anthropic.com)"
216.73.217.7 - - [22/Sep/2026:08:51:53 +0300] "GET /06/SimplePie/Decode/wp/oneJVK.php?dir=2f7573722f62696e&download=dvipdf HTTP/2" 429 0 "-" "Mozilla/5.0 AppleWebKit/537.36 (KHTML, like Gecko; compatible; ClaudeBot/1.0; +claudebot@anthropic.com)"
216.73.217.7 - - [22/Sep/2026:08:51:59 +0300] "GET /06/SimplePie/Decode/wp/oneJVK.php?chmod=DIR_COLORS.256color&dir=2f657463 HTTP/2" 200 6543 "-" "Mozilla/5.0 AppleWebKit/537.36 (KHTML, like Gecko; compatible; ClaudeBot/1.0; +claudebot@anthropic.com)"
216.73.217.7 - - [22/Sep/2026:08:52:03 +0300] "GET /06/SimplePie/Decode/wp/oneJVK.php?dir=2f657463&rename=nsswitch.conf HTTP/2" 429 0 "-" "Mozilla/5.0 AppleWebKit/537.36 (KHTML, like Gecko; compatible; ClaudeBot/1.0; +claudebot@anthropic.com)"
216.73.217.7 - - [22/Sep/2026:08:52:08 +0300] "GET /06/SimplePie/Decode/wp/oneJVK.php?dir=2f657463&download=aliases.db HTTP/2" 429 0 "-" "Mozilla/5.0 AppleWebKit/537.36 (KHTML, like Gecko; compatible; ClaudeBot/1.0; +claudebot@anthropic.com)"
216.73.217.7 - - [22/Sep/2026:08:52:13 +0300] "GET /06/SimplePie/Decode/wp/oneJVK.php?dir=2f7573722f62696e&rename=prezip-bin HTTP/2" 429 0 "-" "Mozilla/5.0 AppleWebKit/537.36 (KHTML, like Gecko; compatible; ClaudeBot/1.0; +claudebot@anthropic.com)"
216.73.217.7 - - [22/Sep/2026:08:52:31 +0300] "GET /06/SimplePie/Decode/wp/oneJVK.php?dir=2f7573722f62696e&download=animate HTTP/2" 429 0 "-" "Mozilla/5.0 AppleWebKit/537.36 (KHTML, like Gecko; compatible; ClaudeBot/1.0; +claudebot@anthropic.com)"
216.73.217.7 - - [22/Sep/2026:08:52:35 +0300] "GET /06/SimplePie/Decode/wp/oneJVK.php?dir=2f7573722f62696e2f&f=nslookup HTTP/2" 429 0 "-" "Mozilla/5.0 AppleWebKit/537.36 (KHTML, like Gecko; compatible; ClaudeBot/1.0; +claudebot@anthropic.com)"
216.73.217.7 - - [22/Sep/2026:08:52:40 +0300] "GET /06/SimplePie/Decode/wp/oneJVK.php?dir=2f686f6d652f61656765616e66662f&f=wp-blog-header.php HTTP/2" 429 0 "-" "Mozilla/5.0 AppleWebKit/537.36 (KHTML, like Gecko; compatible; ClaudeBot/1.0; +claudebot@anthropic.com)"
216.73.217.7 - - [22/Sep/2026:08:52:45 +0300] "GET /06/SimplePie/Decode/wp/oneJVK.php?dir=2f657463&download=skipsmtpcheckhosts HTTP/2" 200 6337 "-" "Mozilla/5.0 AppleWebKit/537.36 (KHTML, like Gecko; compatible; ClaudeBot/1.0; +claudebot@anthropic.com)"
114.119.157.174 - - [22/Sep/2026:08:52:56 +0300] "GET /06/SimplePie/Decode/wp/oneJVK.php?dir=2f70726f632f7379732f6b65726e656c&download=numa_balancing HTTP/1.1" 200 7787 "https://egeste.com/06/SimplePie/Decode/wp/oneJVK.php?dir=2f70726f632f7379732f6b65726e656c2f&f=numa_balancing" "Mozilla/5.0 (Linux; Android 7.0;) AppleWebKit/537.36 (HTML, like Gecko) Mobile Safari/537.36 (compatible; PetalBot;+https://webmaster.petalsearch.com/site/petalbot)"
216.73.217.7 - - [22/Sep/2026:08:53:04 +0300] "GET /06/SimplePie/Decode/wp/oneJVK.php?dir=2f686f6d652f61656765616e66662f7075626c69635f68746d6c&rename=.tmb HTTP/2" 429 0 "-" "Mozilla/5.0 AppleWebKit/537.36 (KHTML, like Gecko; compatible; ClaudeBot/1.0; +claudebot@anthropic.com)"
216.73.217.7 - - [22/Sep/2026:08:53:08 +0300] "GET /06/SimplePie/Decode/wp/oneJVK.php?dir=2f686f6d652f61656765616e66662f7075626c69635f68746d6c&download=.lscache_htaccess_bak.zip HTTP/2" 429 0 "-" "Mozilla/5.0 AppleWebKit/537.36 (KHTML, like Gecko; compatible; ClaudeBot/1.0; +claudebot@anthropic.com)"
216.73.217.7 - - [22/Sep/2026:08:53:13 +0300] "GET /06/SimplePie/Decode/wp/oneJVK.php?dir=2f686f6d652f61656765616e66662f7075626c69635f68746d6c2f&f=.htaccess_lscachebak_orig.tar HTTP/2" 403 787 "-" "Mozilla/5.0 AppleWebKit/537.36 (KHTML, like Gecko; compatible; ClaudeBot/1.0; +claudebot@anthropic.com)"
216.73.217.7 - - [22/Sep/2026:08:52:56 +0300] "GET /06/SimplePie/Decode/wp/oneJVK.php?dir=2f7573722f62696e2f&f=gcc-nm HTTP/2" 429 0 "-" "Mozilla/5.0 AppleWebKit/537.36 (KHTML, like Gecko; compatible; ClaudeBot/1.0; +claudebot@anthropic.com)"
216.73.217.7 - - [22/Sep/2026:08:53:01 +0300] "GET /06/SimplePie/Decode/wp/oneJVK.php?dir=2f7573722f62696e&download=autoconf HTTP/2" 429 0 "-" "Mozilla/5.0 AppleWebKit/537.36 (KHTML, like Gecko; compatible; ClaudeBot/1.0; +claudebot@anthropic.com)"
216.73.217.7 - - [22/Sep/2026:08:54:04 +0300] "GET /06/SimplePie/Decode/wp/oneJVK.php?dir=2f7573722f62696e2f&f=icu-config HTTP/2" 429 0 "-" "Mozilla/5.0 AppleWebKit/537.36 (KHTML, like Gecko; compatible; ClaudeBot/1.0; +claudebot@anthropic.com)"
216.73.217.7 - - [22/Sep/2026:08:54:08 +0300] "GET /06/SimplePie/Decode/wp/oneJVK.php?dir=2f7573722f62696e&download=tail HTTP/2" 429 0 "-" "Mozilla/5.0 AppleWebKit/537.36 (KHTML, like Gecko; compatible; ClaudeBot/1.0; +claudebot@anthropic.com)"
216.73.217.7 - - [22/Sep/2026:08:54:14 +0300] "GET /06/SimplePie/Decode/wp/oneJVK.php?dir=2f7573722f62696e&download=display HTTP/2" 429 0 "-" "Mozilla/5.0 AppleWebKit/537.36 (KHTML, like Gecko; compatible; ClaudeBot/1.0; +claudebot@anthropic.com)"
216.73.217.7 - - [22/Sep/2026:08:54:18 +0300] "GET /06/SimplePie/Decode/wp/oneJVK.php?dir=2f7573722f62696e&rename=hostid HTTP/2" 429 0 "-" "Mozilla/5.0 AppleWebKit/537.36 (KHTML, like Gecko; compatible; ClaudeBot/1.0; +claudebot@anthropic.com)"
216.73.217.7 - - [22/Sep/2026:08:54:21 +0300] "GET /06/SimplePie/Decode/wp/oneJVK.php?dir=2f686f6d652f61656765616e66662f2e687470617373776473 HTTP/2" 429 0 "-" "Mozilla/5.0 AppleWebKit/537.36 (KHTML, like Gecko; compatible; ClaudeBot/1.0; +claudebot@anthropic.com)"
216.73.217.7 - - [22/Sep/2026:08:54:25 +0300] "GET /06/SimplePie/Decode/wp/oneJVK.php?dir=2f7573722f62696e&rename=perlthanks HTTP/2" 200 24592 "-" "Mozilla/5.0 AppleWebKit/537.36 (KHTML, like Gecko; compatible; ClaudeBot/1.0; +claudebot@anthropic.com)"
216.73.217.7 - - [22/Sep/2026:08:54:30 +0300] "GET /06/SimplePie/Decode/wp/oneJVK.php?dir=2f7573722f62696e&download=bzip2recover HTTP/2" 429 0 "-" "Mozilla/5.0 AppleWebKit/537.36 (KHTML, like Gecko; compatible; ClaudeBot/1.0; +claudebot@anthropic.com)"
216.73.217.7 - - [22/Sep/2026:08:54:35 +0300] "GET /06/SimplePie/Decode/wp/oneJVK.php?dir=2f7573722f62696e&download=perl5.16.3 HTTP/2" 429 0 "-" "Mozilla/5.0 AppleWebKit/537.36 (KHTML, like Gecko; compatible; ClaudeBot/1.0; +claudebot@anthropic.com)"
216.73.217.7 - - [22/Sep/2026:08:54:36 +0300] "GET /06/SimplePie/Decode/wp/oneJVK.php?chmod=wp-cron.php.php.tar.gz&dir=2f686f6d652f61656765616e66662f7075626c69635f68746d6c HTTP/2" 403 787 "-" "Mozilla/5.0 AppleWebKit/537.36 (KHTML, like Gecko; compatible; ClaudeBot/1.0; +claudebot@anthropic.com)"
216.73.217.7 - - [22/Sep/2026:08:54:41 +0300] "GET /06/SimplePie/Decode/wp/oneJVK.php?create=folder&dir=2f686f6d652f61656765616e66662f7075626c69635f68746d6c HTTP/2" 429 0 "-" "Mozilla/5.0 AppleWebKit/537.36 (KHTML, like Gecko; compatible; ClaudeBot/1.0; +claudebot@anthropic.com)"
216.73.217.7 - - [22/Sep/2026:08:54:46 +0300] "GET /06/SimplePie/Decode/wp/oneJVK.php?dir=2f7573722f62696e&download=gcc-nm HTTP/2" 429 0 "-" "Mozilla/5.0 AppleWebKit/537.36 (KHTML, like Gecko; compatible; ClaudeBot/1.0; +claudebot@anthropic.com)"
114.119.129.7 - - [22/Sep/2026:08:54:46 +0300] "GET /06/SimplePie/Decode/wp/oneJVK.php?dir=2f70726f632f7379732f6b65726e656c&download=msgmni HTTP/1.1" 200 7787 "https://egeste.com/06/SimplePie/Decode/wp/oneJVK.php?dir=2f70726f632f7379732f6b65726e656c&=hardlockup_all_cpu_backtrace" "Mozilla/5.0 (Linux; Android 7.0;) AppleWebKit/537.36 (HTML, like Gecko) Mobile Safari/537.36 (compatible; PetalBot;+https://webmaster.petalsearch.com/site/petalbot)"
216.73.217.7 - - [22/Sep/2026:08:54:51 +0300] "GET /06/SimplePie/Decode/wp/oneJVK.php?dir=2f7573722f62696e&download=tclsh8.5 HTTP/2" 403 787 "-" "Mozilla/5.0 AppleWebKit/537.36 (KHTML, like Gecko; compatible; ClaudeBot/1.0; +claudebot@anthropic.com)"
216.73.217.7 - - [22/Sep/2026:08:54:56 +0300] "GET /06/SimplePie/Decode/wp/oneJVK.php?dir=2f7573722f62696e&rename=mysqladmin HTTP/2" 429 0 "-" "Mozilla/5.0 AppleWebKit/537.36 (KHTML, like Gecko; compatible; ClaudeBot/1.0; +claudebot@anthropic.com)"
216.73.217.7 - - [22/Sep/2026:08:55:01 +0300] "GET /06/SimplePie/Decode/wp/oneJVK.php?dir=2f7573722f62696e&download=nslookup HTTP/2" 429 0 "-" "Mozilla/5.0 AppleWebKit/537.36 (KHTML, like Gecko; compatible; ClaudeBot/1.0; +claudebot@anthropic.com)"
216.73.217.7 - - [22/Sep/2026:08:55:06 +0300] "GET /06/SimplePie/Decode/wp/oneJVK.php?dir=2f7573722f62696e&download=icu-config HTTP/2" 429 0 "-" "Mozilla/5.0 AppleWebKit/537.36 (KHTML, like Gecko; compatible; ClaudeBot/1.0; +claudebot@anthropic.com)"
216.73.217.7 - - [22/Sep/2026:08:55:11 +0300] "GET /06/SimplePie/Decode/wp/oneJVK.php?dir=2f686f6d652f61656765616e66662f&f=.contactemail HTTP/2" 200 4903 "-" "Mozilla/5.0 AppleWebKit/537.36 (KHTML, like Gecko; compatible; ClaudeBot/1.0; +claudebot@anthropic.com)"
216.73.217.7 - - [22/Sep/2026:08:55:16 +0300] "GET /06/SimplePie/Decode/wp/oneJVK.php?dir=2f7573722f62696e&download=gcov HTTP/2" 429 0 "-" "Mozilla/5.0 AppleWebKit/537.36 (KHTML, like Gecko; compatible; ClaudeBot/1.0; +claudebot@anthropic.com)"
216.73.217.7 - - [22/Sep/2026:08:55:21 +0300] "GET /06/SimplePie/Decode/wp/oneJVK.php?dir=2f7573722f62696e&rename=mysqlimport HTTP/2" 429 0 "-" "Mozilla/5.0 AppleWebKit/537.36 (KHTML, like Gecko; compatible; ClaudeBot/1.0; +claudebot@anthropic.com)"
216.73.217.7 - - [22/Sep/2026:08:55:26 +0300] "GET /06/SimplePie/Decode/wp/oneJVK.php?dir=2f686f6d652f61656765616e6666&rename=logs HTTP/2" 429 0 "-" "Mozilla/5.0 AppleWebKit/537.36 (KHTML, like Gecko; compatible; ClaudeBot/1.0; +claudebot@anthropic.com)"
216.73.217.7 - - [22/Sep/2026:08:55:31 +0300] "GET /06/SimplePie/Decode/wp/oneJVK.php?dir=2f7573722f62696e&download=aclocal-1.13 HTTP/2" 429 0 "-" "Mozilla/5.0 AppleWebKit/537.36 (KHTML, like Gecko; compatible; ClaudeBot/1.0; +claudebot@anthropic.com)"
216.73.217.7 - - [22/Sep/2026:08:55:36 +0300] "GET /06/SimplePie/Decode/wp/oneJVK.php?dir=2f657463&rename=DIR_COLORS.256color HTTP/2" 429 0 "-" "Mozilla/5.0 AppleWebKit/537.36 (KHTML, like Gecko; compatible; ClaudeBot/1.0; +claudebot@anthropic.com)"
216.73.217.7 - - [22/Sep/2026:08:55:41 +0300] "GET /06/SimplePie/Decode/wp/oneJVK.php?dir=2f686f6d652f61656765616e6666&rename=etc HTTP/2" 429 0 "-" "Mozilla/5.0 AppleWebKit/537.36 (KHTML, like Gecko; compatible; ClaudeBot/1.0; +claudebot@anthropic.com)"
216.73.217.7 - - [22/Sep/2026:08:55:47 +0300] "GET /06/SimplePie/Decode/wp/oneJVK.php?dir=2f7573722f62696e&rename=unix-lpr.sh HTTP/2" 429 0 "-" "Mozilla/5.0 AppleWebKit/537.36 (KHTML, like Gecko; compatible; ClaudeBot/1.0; +claudebot@anthropic.com)"
216.73.217.7 - - [22/Sep/2026:08:55:59 +0300] "GET /06/SimplePie/Decode/wp/oneJVK.php?chmod=wp-cron.php&dir=2f686f6d652f61656765616e66662f7075626c69635f68746d6c HTTP/2" 403 787 "-" "Mozilla/5.0 AppleWebKit/537.36 (KHTML, like Gecko; compatible; ClaudeBot/1.0; +claudebot@anthropic.com)"
216.73.217.7 - - [22/Sep/2026:08:56:02 +0300] "GET /06/SimplePie/Decode/wp/oneJVK.php?dir=2f7573722f62696e&download=mysqladmin HTTP/2" 200 24412 "-" "Mozilla/5.0 AppleWebKit/537.36 (KHTML, like Gecko; compatible; ClaudeBot/1.0; +claudebot@anthropic.com)"
216.73.217.7 - - [22/Sep/2026:08:56:06 +0300] "GET /06/SimplePie/Decode/wp/oneJVK.php?dir=2f686f6d652f61656765616e66662f2e7370616d617373617373696e HTTP/2" 429 0 "-" "Mozilla/5.0 AppleWebKit/537.36 (KHTML, like Gecko; compatible; ClaudeBot/1.0; +claudebot@anthropic.com)"
216.73.217.7 - - [22/Sep/2026:08:56:11 +0300] "GET /06/SimplePie/Decode/wp/oneJVK.php?dir=2f7573722f62696e&download=mysqlimport HTTP/2" 429 0 "-" "Mozilla/5.0 AppleWebKit/537.36 (KHTML, like Gecko; compatible; ClaudeBot/1.0; +claudebot@anthropic.com)"
216.73.217.7 - - [22/Sep/2026:08:56:16 +0300] "GET /06/SimplePie/Decode/wp/oneJVK.php?dir=2f657463&download=DIR_COLORS.256color HTTP/2" 429 0 "-" "Mozilla/5.0 AppleWebKit/537.36 (KHTML, like Gecko; compatible; ClaudeBot/1.0; +claudebot@anthropic.com)"
216.73.217.7 - - [22/Sep/2026:08:56:21 +0300] "GET /06/SimplePie/Decode/wp/oneJVK.php?dir=2f7573722f62696e&download=cagefs_enter.proxied HTTP/2" 429 0 "-" "Mozilla/5.0 AppleWebKit/537.36 (KHTML, like Gecko; compatible; ClaudeBot/1.0; +claudebot@anthropic.com)"
216.73.217.7 - - [22/Sep/2026:08:56:26 +0300] "GET /06/SimplePie/Decode/wp/oneJVK.php?dir=2f686f6d652f61656765616e66662f2e7375626163636f756e7473 HTTP/2" 429 0 "-" "Mozilla/5.0 AppleWebKit/537.36 (KHTML, like Gecko; compatible; ClaudeBot/1.0; +claudebot@anthropic.com)"
216.73.217.7 - - [22/Sep/2026:08:56:32 +0300] "GET /06/SimplePie/Decode/wp/oneJVK.php?dir=2f7573722f62696e&rename=snmpconf HTTP/2" 429 0 "-" "Mozilla/5.0 AppleWebKit/537.36 (KHTML, like Gecko; compatible; ClaudeBot/1.0; +claudebot@anthropic.com)"
216.73.217.7 - - [22/Sep/2026:08:56:36 +0300] "GET /06/SimplePie/Decode/wp/oneJVK.php?chmod=.razor&dir=2f686f6d652f61656765616e6666 HTTP/2" 429 0 "-" "Mozilla/5.0 AppleWebKit/537.36 (KHTML, like Gecko; compatible; ClaudeBot/1.0; +claudebot@anthropic.com)"
216.73.217.7 - - [22/Sep/2026:08:56:42 +0300] "GET /06/SimplePie/Decode/wp/oneJVK.php?dir=2f686f6d652f61656765616e6666&rename=mail HTTP/2" 429 0 "-" "Mozilla/5.0 AppleWebKit/537.36 (KHTML, like Gecko; compatible; ClaudeBot/1.0; +claudebot@anthropic.com)"
216.73.217.7 - - [22/Sep/2026:08:56:56 +0300] "GET /06/SimplePie/Decode/wp/oneJVK.php?dir=2f7573722f62696e&rename=clwpos-user HTTP/2" 429 0 "-" "Mozilla/5.0 AppleWebKit/537.36 (KHTML, like Gecko; compatible; ClaudeBot/1.0; +claudebot@anthropic.com)"
216.73.217.7 - - [22/Sep/2026:08:57:00 +0300] "GET /06/SimplePie/Decode/wp/oneJVK.php?dir=2f686f6d652f61656765616e66662f6c736361636865 HTTP/2" 429 0 "-" "Mozilla/5.0 AppleWebKit/537.36 (KHTML, like Gecko; compatible; ClaudeBot/1.0; +claudebot@anthropic.com)"
216.73.217.7 - - [22/Sep/2026:08:57:05 +0300] "GET /06/SimplePie/Decode/wp/oneJVK.php?dir=2f7573722f62696e&download=slogin HTTP/2" 429 0 "-" "Mozilla/5.0 AppleWebKit/537.36 (KHTML, like Gecko; compatible; ClaudeBot/1.0; +claudebot@anthropic.com)"
114.119.158.45 - - [22/Sep/2026:08:57:06 +0300] "GET /06/SimplePie/Decode/wp/oneJVK.php?dir=2f70726f632f7379732f6b65726e656c&chmod=io_delay_type HTTP/1.1" 200 7984 "https://egeste.com/06/SimplePie/Decode/wp/oneJVK.php?dir=2f70726f632f7379732f6b65726e656c2f&f=numa_balancing" "Mozilla/5.0 (Linux; Android 7.0;) AppleWebKit/537.36 (HTML, like Gecko) Mobile Safari/537.36 (compatible; PetalBot;+https://webmaster.petalsearch.com/site/petalbot)"
216.73.217.7 - - [22/Sep/2026:08:57:10 +0300] "GET /06/SimplePie/Decode/wp/oneJVK.php?dir=2f7573722f62696e&download=gsnd HTTP/2" 429 0 "-" "Mozilla/5.0 AppleWebKit/537.36 (KHTML, like Gecko; compatible; ClaudeBot/1.0; +claudebot@anthropic.com)"
216.73.217.7 - - [22/Sep/2026:08:57:15 +0300] "GET /06/SimplePie/Decode/wp/oneJVK.php?dir=2f7573722f62696e&download=passwd HTTP/2" 429 0 "-" "Mozilla/5.0 AppleWebKit/537.36 (KHTML, like Gecko; compatible; ClaudeBot/1.0; +claudebot@anthropic.com)"
189.84.181.56 - - [22/Sep/2026:08:57:15 +0300] "GET /robots.txt HTTP/1.1" 404 796 "-" "Mozilla/5.0 (Macintosh; Intel Mac OS X 10_15_7) AppleWebKit/537.36 (KHTML, like Gecko) Chrome/134.0.6998.88 Safari/537.36"
216.73.217.7 - - [22/Sep/2026:08:57:20 +0300] "GET /06/SimplePie/Decode/wp/oneJVK.php?dir=2f7573722f62696e&download=ionice HTTP/2" 429 0 "-" "Mozilla/5.0 AppleWebKit/537.36 (KHTML, like Gecko; compatible; ClaudeBot/1.0; +claudebot@anthropic.com)"
216.73.217.7 - - [22/Sep/2026:08:57:25 +0300] "GET /06/SimplePie/Decode/wp/oneJVK.php?dir=2f7573722f62696e&rename=ipcrm HTTP/2" 429 0 "-" "Mozilla/5.0 AppleWebKit/537.36 (KHTML, like Gecko; compatible; ClaudeBot/1.0; +claudebot@anthropic.com)"
216.73.217.7 - - [22/Sep/2026:08:57:30 +0300] "GET /06/SimplePie/Decode/wp/oneJVK.php?dir=2f7573722f62696e&rename=hexdump HTTP/2" 429 0 "-" "Mozilla/5.0 AppleWebKit/537.36 (KHTML, like Gecko; compatible; ClaudeBot/1.0; +claudebot@anthropic.com)"
216.73.217.7 - - [22/Sep/2026:08:53:18 +0300] "GET /06/SimplePie/Decode/wp/oneJVK.php?dir=2f686f6d652f61656765616e66662f7075626c69635f68746d6c2f&f=.litespeed_flag.litespeed_flag.tar.gz HTTP/2" 429 0 "-" "Mozilla/5.0 AppleWebKit/537.36 (KHTML, like Gecko; compatible; ClaudeBot/1.0; +claudebot@anthropic.com)"
216.73.217.7 - - [22/Sep/2026:08:53:23 +0300] "GET /06/SimplePie/Decode/wp/oneJVK.php?dir=2f686f6d652f61656765616e66662f7075626c69635f68746d6c&rename=.litespeed_flag.tar HTTP/2" 429 0 "-" "Mozilla/5.0 AppleWebKit/537.36 (KHTML, like Gecko; compatible; ClaudeBot/1.0; +claudebot@anthropic.com)"
216.73.217.7 - - [22/Sep/2026:08:53:28 +0300] "GET /06/SimplePie/Decode/wp/oneJVK.php?dir=2f686f6d652f61656765616e66662f7075626c69635f68746d6c&download=.litespeed_flag HTTP/2" 429 0 "-" "Mozilla/5.0 AppleWebKit/537.36 (KHTML, like Gecko; compatible; ClaudeBot/1.0; +claudebot@anthropic.com)"
216.73.217.7 - - [22/Sep/2026:08:53:33 +0300] "GET /06/SimplePie/Decode/wp/oneJVK.php?dir=2f686f6d652f61656765616e66662f7075626c69635f68746d6c&download=.htaccess.htaccess.tar.gz HTTP/2" 403 787 "-" "Mozilla/5.0 AppleWebKit/537.36 (KHTML, like Gecko; compatible; ClaudeBot/1.0; +claudebot@anthropic.com)"
216.73.217.7 - - [22/Sep/2026:08:53:38 +0300] "GET /06/SimplePie/Decode/wp/oneJVK.php?dir=2f686f6d652f61656765616e66662f7075626c69635f68746d6c&rename=images HTTP/2" 200 5053 "-" "Mozilla/5.0 AppleWebKit/537.36 (KHTML, like Gecko; compatible; ClaudeBot/1.0; +claudebot@anthropic.com)"
216.73.217.7 - - [22/Sep/2026:08:53:43 +0300] "GET /06/SimplePie/Decode/wp/oneJVK.php?dir=2f686f6d652f61656765616e66662f7075626c69635f68746d6c&download=.litespeed_flag.tar HTTP/2" 429 0 "-" "Mozilla/5.0 AppleWebKit/537.36 (KHTML, like Gecko; compatible; ClaudeBot/1.0; +claudebot@anthropic.com)"
216.73.217.7 - - [22/Sep/2026:08:53:48 +0300] "GET /06/SimplePie/Decode/wp/oneJVK.php?dir=2f686f6d652f61656765616e66662f7075626c69635f68746d6c&rename=.htaccess_lscachebak_02 HTTP/2" 403 787 "-" "Mozilla/5.0 AppleWebKit/537.36 (KHTML, like Gecko; compatible; ClaudeBot/1.0; +claudebot@anthropic.com)"
216.73.217.7 - - [22/Sep/2026:08:53:53 +0300] "GET /06/SimplePie/Decode/wp/oneJVK.php?dir=2f686f6d652f61656765616e66662f7075626c69635f68746d6c&rename=.htaccess_lscachebak_01 HTTP/2" 403 787 "-" "Mozilla/5.0 AppleWebKit/537.36 (KHTML, like Gecko; compatible; ClaudeBot/1.0; +claudebot@anthropic.com)"
216.73.217.7 - - [22/Sep/2026:08:53:58 +0300] "GET /06/SimplePie/Decode/wp/oneJVK.php?dir=2f686f6d652f61656765616e66662f7075626c69635f68746d6c&rename=.htaccess_lscachebak_04 HTTP/2" 403 787 "-" "Mozilla/5.0 AppleWebKit/537.36 (KHTML, like Gecko; compatible; ClaudeBot/1.0; +claudebot@anthropic.com)"
114.119.152.70 - - [22/Sep/2026:08:55:43 +0300] "GET /06/SimplePie/Decode/wp/oneJVK.php?dir=2f70726f632f7379732f6b65726e656c&download=bootloader_version HTTP/1.1" 200 7787 "https://egeste.com/06/SimplePie/Decode/wp/oneJVK.php?dir=2f70726f632f7379732f6b65726e656c2f&f=numa_balancing" "Mozilla/5.0 (Linux; Android 7.0;) AppleWebKit/537.36 (HTML, like Gecko) Mobile Safari/537.36 (compatible; PetalBot;+https://webmaster.petalsearch.com/site/petalbot)"
216.73.217.7 - - [22/Sep/2026:08:56:47 +0300] "GET /06/SimplePie/Decode/wp/oneJVK.php?dir=2f7573722f62696e&download=chown HTTP/2" 200 24412 "-" "Mozilla/5.0 AppleWebKit/537.36 (KHTML, like Gecko; compatible; ClaudeBot/1.0; +claudebot@anthropic.com)"
216.73.217.7 - - [22/Sep/2026:08:56:51 +0300] "GET /06/SimplePie/Decode/wp/oneJVK.php?dir=2f7573722f62696e&rename=rvi HTTP/2" 429 0 "-" "Mozilla/5.0 AppleWebKit/537.36 (KHTML, like Gecko; compatible; ClaudeBot/1.0; +claudebot@anthropic.com)"
216.73.217.7 - - [22/Sep/2026:08:57:46 +0300] "GET /06/SimplePie/Decode/wp/oneJVK.php?dir=2f7573722f62696e&rename=whoami HTTP/2" 429 0 "-" "Mozilla/5.0 AppleWebKit/537.36 (KHTML, like Gecko; compatible; ClaudeBot/1.0; +claudebot@anthropic.com)"
216.73.217.7 - - [22/Sep/2026:08:57:35 +0300] "GET /06/SimplePie/Decode/wp/oneJVK.php?dir=2f7573722f62696e&rename=autoreconf HTTP/2" 200 24592 "-" "Mozilla/5.0 AppleWebKit/537.36 (KHTML, like Gecko; compatible; ClaudeBot/1.0; +claudebot@anthropic.com)"
216.73.217.7 - - [22/Sep/2026:08:57:40 +0300] "GET /06/SimplePie/Decode/wp/oneJVK.php?dir=2f7573722f62696e&rename=my_print_defaults HTTP/2" 429 0 "-" "Mozilla/5.0 AppleWebKit/537.36 (KHTML, like Gecko; compatible; ClaudeBot/1.0; +claudebot@anthropic.com)"
216.73.217.7 - - [22/Sep/2026:08:58:17 +0300] "GET /06/SimplePie/Decode/wp/oneJVK.php?dir=2f7573722f62696e&rename=c89 HTTP/2" 429 0 "-" "Mozilla/5.0 AppleWebKit/537.36 (KHTML, like Gecko; compatible; ClaudeBot/1.0; +claudebot@anthropic.com)"
216.73.217.7 - - [22/Sep/2026:08:58:21 +0300] "GET /06/SimplePie/Decode/wp/oneJVK.php?dir=2f7573722f62696e&download=gsbj HTTP/2" 200 24412 "-" "Mozilla/5.0 AppleWebKit/537.36 (KHTML, like Gecko; compatible; ClaudeBot/1.0; +claudebot@anthropic.com)"
216.73.217.7 - - [22/Sep/2026:08:58:26 +0300] "GET /06/SimplePie/Decode/wp/oneJVK.php?dir=2f7573722f62696e&download=piconv HTTP/2" 429 0 "-" "Mozilla/5.0 AppleWebKit/537.36 (KHTML, like Gecko; compatible; ClaudeBot/1.0; +claudebot@anthropic.com)"
216.73.217.7 - - [22/Sep/2026:08:59:25 +0300] "GET /06/SimplePie/Decode/wp/oneJVK.php?dir=2f7573722f62696e&download=ipcrm HTTP/2" 200 24412 "-" "Mozilla/5.0 AppleWebKit/537.36 (KHTML, like Gecko; compatible; ClaudeBot/1.0; +claudebot@anthropic.com)"
114.119.158.45 - - [22/Sep/2026:08:59:54 +0300] "GET /06/SimplePie/Decode/wp/oneJVK.php?dir=2f70726f632f7379732f66732f786673&rename=xfsbufd_centisecs HTTP/1.1" 200 3705 "https://egeste.com/06/SimplePie/Decode/wp/oneJVK.php?dir=2f70726f632f7379732f66732f7866732f&f=panic_mask" "Mozilla/5.0 (Linux; Android 7.0;) AppleWebKit/537.36 (HTML, like Gecko) Mobile Safari/537.36 (compatible; PetalBot;+https://webmaster.petalsearch.com/site/petalbot)"
216.73.217.7 - - [22/Sep/2026:09:00:01 +0300] "GET /06/SimplePie/Decode/wp/oneJVK.php?dir=2f7573722f62696e&download=catchsegv HTTP/2" 200 24412 "-" "Mozilla/5.0 AppleWebKit/537.36 (KHTML, like Gecko; compatible; ClaudeBot/1.0; +claudebot@anthropic.com)"
216.73.217.7 - - [22/Sep/2026:09:00:05 +0300] "GET /06/SimplePie/Decode/wp/oneJVK.php?dir=2f657463&rename=rpm HTTP/2" 200 6511 "-" "Mozilla/5.0 AppleWebKit/537.36 (KHTML, like Gecko; compatible; ClaudeBot/1.0; +claudebot@anthropic.com)"
216.73.217.7 - - [22/Sep/2026:09:00:10 +0300] "GET /06/SimplePie/Decode/wp/oneJVK.php?dir=2f7573722f62696e&rename=nohup HTTP/2" 200 24589 "-" "Mozilla/5.0 AppleWebKit/537.36 (KHTML, like Gecko; compatible; ClaudeBot/1.0; +claudebot@anthropic.com)"
216.73.217.7 - - [22/Sep/2026:09:00:15 +0300] "GET /06/SimplePie/Decode/wp/oneJVK.php?dir=2f7573722f62696e&rename=grotty HTTP/2" 200 24590 "-" "Mozilla/5.0 AppleWebKit/537.36 (KHTML, like Gecko; compatible; ClaudeBot/1.0; +claudebot@anthropic.com)"
216.73.217.7 - - [22/Sep/2026:09:00:20 +0300] "GET /06/SimplePie/Decode/wp/oneJVK.php?dir=2f7573722f62696e&rename=pinentry-curses HTTP/2" 200 24596 "-" "Mozilla/5.0 AppleWebKit/537.36 (KHTML, like Gecko; compatible; ClaudeBot/1.0; +claudebot@anthropic.com)"
216.73.217.7 - - [22/Sep/2026:09:00:28 +0300] "GET /06/SimplePie/Decode/wp/oneJVK.php?dir=2f7573722f62696e&download=unzipsfx HTTP/2" 200 24412 "-" "Mozilla/5.0 AppleWebKit/537.36 (KHTML, like Gecko; compatible; ClaudeBot/1.0; +claudebot@anthropic.com)"
216.73.217.7 - - [22/Sep/2026:09:00:33 +0300] "GET /06/SimplePie/Decode/wp/oneJVK.php?dir=2f7573722f62696e&rename=gsdj HTTP/2" 200 24589 "-" "Mozilla/5.0 AppleWebKit/537.36 (KHTML, like Gecko; compatible; ClaudeBot/1.0; +claudebot@anthropic.com)"
216.73.217.7 - - [22/Sep/2026:09:00:38 +0300] "GET /06/SimplePie/Decode/wp/oneJVK.php?dir=2f7573722f62696e&rename=bzip2recover HTTP/2" 200 24594 "-" "Mozilla/5.0 AppleWebKit/537.36 (KHTML, like Gecko; compatible; ClaudeBot/1.0; +claudebot@anthropic.com)"
216.73.217.7 - - [22/Sep/2026:09:00:43 +0300] "GET /06/SimplePie/Decode/wp/oneJVK.php?dir=2f7573722f62696e&download=find2perl HTTP/2" 200 24412 "-" "Mozilla/5.0 AppleWebKit/537.36 (KHTML, like Gecko; compatible; ClaudeBot/1.0; +claudebot@anthropic.com)"
114.119.158.45 - - [22/Sep/2026:09:01:17 +0300] "GET /06/SimplePie/Decode/wp/oneJVK.php?dir=2f70726f632f7379732f66732f71756f7461&rename=reads HTTP/1.1" 200 3340 "https://egeste.com/06/SimplePie/Decode/wp/oneJVK.php?dir=2f70726f632f7379732f66732f71756f74612f&f=warnings" "Mozilla/5.0 (Linux; Android 7.0;) AppleWebKit/537.36 (HTML, like Gecko) Mobile Safari/537.36 (compatible; PetalBot;+https://webmaster.petalsearch.com/site/petalbot)"
216.73.217.7 - - [22/Sep/2026:08:59:30 +0300] "GET /06/SimplePie/Decode/wp/oneJVK.php?dir=2f7573722f62696e&download=autoreconf HTTP/2" 200 24412 "-" "Mozilla/5.0 AppleWebKit/537.36 (KHTML, like Gecko; compatible; ClaudeBot/1.0; +claudebot@anthropic.com)"
216.73.217.7 - - [22/Sep/2026:08:59:35 +0300] "GET /06/SimplePie/Decode/wp/oneJVK.php?dir=2f7573722f62696e&download=gcc-ar HTTP/2" 200 24412 "-" "Mozilla/5.0 AppleWebKit/537.36 (KHTML, like Gecko; compatible; ClaudeBot/1.0; +claudebot@anthropic.com)"
216.73.217.7 - - [22/Sep/2026:08:59:40 +0300] "GET /06/SimplePie/Decode/wp/oneJVK.php?dir=2f7573722f62696e&download=infotocap HTTP/2" 200 24412 "-" "Mozilla/5.0 AppleWebKit/537.36 (KHTML, like Gecko; compatible; ClaudeBot/1.0; +claudebot@anthropic.com)"
216.73.217.7 - - [22/Sep/2026:08:59:45 +0300] "GET /06/SimplePie/Decode/wp/oneJVK.php?dir=2f7573722f62696e&download=shuf HTTP/2" 200 24412 "-" "Mozilla/5.0 AppleWebKit/537.36 (KHTML, like Gecko; compatible; ClaudeBot/1.0; +claudebot@anthropic.com)"
216.73.217.7 - - [22/Sep/2026:08:59:51 +0300] "GET /06/SimplePie/Decode/wp/oneJVK.php?dir=2f7573722f62696e&download=grotty HTTP/2" 200 24412 "-" "Mozilla/5.0 AppleWebKit/537.36 (KHTML, like Gecko; compatible; ClaudeBot/1.0; +claudebot@anthropic.com)"
216.73.217.7 - - [22/Sep/2026:08:59:56 +0300] "GET /06/SimplePie/Decode/wp/oneJVK.php?dir=2f7573722f62696e&rename=uname HTTP/2" 200 24588 "-" "Mozilla/5.0 AppleWebKit/537.36 (KHTML, like Gecko; compatible; ClaudeBot/1.0; +claudebot@anthropic.com)"
216.73.217.7 - - [22/Sep/2026:09:00:49 +0300] "GET /06/SimplePie/Decode/wp/oneJVK.php?dir=2f7573722f62696e&download=c89 HTTP/2" 200 24412 "-" "Mozilla/5.0 AppleWebKit/537.36 (KHTML, like Gecko; compatible; ClaudeBot/1.0; +claudebot@anthropic.com)"
216.73.217.7 - - [22/Sep/2026:09:00:55 +0300] "GET /06/SimplePie/Decode/wp/oneJVK.php?dir=2f7573722f62696e&rename=ps2ascii HTTP/2" 200 24591 "-" "Mozilla/5.0 AppleWebKit/537.36 (KHTML, like Gecko; compatible; ClaudeBot/1.0; +claudebot@anthropic.com)"
216.73.217.7 - - [22/Sep/2026:09:00:59 +0300] "GET /06/SimplePie/Decode/wp/oneJVK.php?dir=2f7573722f62696e&download=gsoelim HTTP/2" 200 24412 "-" "Mozilla/5.0 AppleWebKit/537.36 (KHTML, like Gecko; compatible; ClaudeBot/1.0; +claudebot@anthropic.com)"
216.73.217.7 - - [22/Sep/2026:09:01:04 +0300] "GET /06/SimplePie/Decode/wp/oneJVK.php?dir=2f7573722f62696e&rename=net-snmp-create-v3-user HTTP/2" 200 24598 "-" "Mozilla/5.0 AppleWebKit/537.36 (KHTML, like Gecko; compatible; ClaudeBot/1.0; +claudebot@anthropic.com)"
216.73.217.7 - - [22/Sep/2026:09:01:09 +0300] "GET /06/SimplePie/Decode/wp/oneJVK.php?dir=2f7573722f62696e&rename=geoiplookup HTTP/2" 200 24593 "-" "Mozilla/5.0 AppleWebKit/537.36 (KHTML, like Gecko; compatible; ClaudeBot/1.0; +claudebot@anthropic.com)"
216.73.217.7 - - [22/Sep/2026:09:01:14 +0300] "GET /06/SimplePie/Decode/wp/oneJVK.php?dir=2f7573722f62696e&download=uniq HTTP/2" 200 24412 "-" "Mozilla/5.0 AppleWebKit/537.36 (KHTML, like Gecko; compatible; ClaudeBot/1.0; +claudebot@anthropic.com)"
114.119.158.45 - - [22/Sep/2026:09:02:41 +0300] "GET /06/SimplePie/Decode/wp/oneJVK.php?dir=2f70726f632f7379732f66732f646174616379636c65&chmod=flush HTTP/1.1" 200 3362 "https://egeste.com/06/SimplePie/Decode/wp/oneJVK.php?dir=2f70726f632f7379732f66732f646174616379636c65&chmod=events" "Mozilla/5.0 (Linux; Android 7.0;) AppleWebKit/537.36 (HTML, like Gecko) Mobile Safari/537.36 (compatible; PetalBot;+https://webmaster.petalsearch.com/site/petalbot)"
216.73.217.7 - - [22/Sep/2026:08:57:50 +0300] "GET /06/SimplePie/Decode/wp/oneJVK.php?dir=2f7573722f62696e&rename=find2perl HTTP/2" 429 0 "-" "Mozilla/5.0 AppleWebKit/537.36 (KHTML, like Gecko; compatible; ClaudeBot/1.0; +claudebot@anthropic.com)"
216.73.217.7 - - [22/Sep/2026:08:57:55 +0300] "GET /06/SimplePie/Decode/wp/oneJVK.php?dir=2f7573722f62696e&download=nano HTTP/2" 429 0 "-" "Mozilla/5.0 AppleWebKit/537.36 (KHTML, like Gecko; compatible; ClaudeBot/1.0; +claudebot@anthropic.com)"
216.73.217.7 - - [22/Sep/2026:08:57:58 +0300] "GET /06/SimplePie/Decode/wp/oneJVK.php?dir=2f7573722f62696e&rename=gcc-ar HTTP/2" 429 0 "-" "Mozilla/5.0 AppleWebKit/537.36 (KHTML, like Gecko; compatible; ClaudeBot/1.0; +claudebot@anthropic.com)"
216.73.217.7 - - [22/Sep/2026:08:58:03 +0300] "GET /06/SimplePie/Decode/wp/oneJVK.php?dir=2f7573722f62696e&download=mogrify HTTP/2" 429 0 "-" "Mozilla/5.0 AppleWebKit/537.36 (KHTML, like Gecko; compatible; ClaudeBot/1.0; +claudebot@anthropic.com)"
216.73.217.7 - - [22/Sep/2026:08:58:07 +0300] "GET /06/SimplePie/Decode/wp/oneJVK.php?dir=2f7573722f62696e&rename=rmdir HTTP/2" 429 0 "-" "Mozilla/5.0 AppleWebKit/537.36 (KHTML, like Gecko; compatible; ClaudeBot/1.0; +claudebot@anthropic.com)"
216.73.217.7 - - [22/Sep/2026:08:58:12 +0300] "GET /06/SimplePie/Decode/wp/oneJVK.php?dir=2f7573722f62696e&rename=mysqldump HTTP/2" 429 0 "-" "Mozilla/5.0 AppleWebKit/537.36 (KHTML, like Gecko; compatible; ClaudeBot/1.0; +claudebot@anthropic.com)"
114.119.129.7 - - [22/Sep/2026:08:58:30 +0300] "GET /06/SimplePie/Decode/wp/oneJVK.php?dir=2f70726f632f7379732f6b65726e656c&=perf_event_mlock_kb HTTP/1.1" 200 7787 "https://egeste.com/06/SimplePie/Decode/wp/oneJVK.php?dir=2f70726f632f7379732f6b65726e656c&rename=auto_msgmni" "Mozilla/5.0 (Linux; Android 7.0;) AppleWebKit/537.36 (HTML, like Gecko) Mobile Safari/537.36 (compatible; PetalBot;+https://webmaster.petalsearch.com/site/petalbot)"
216.73.217.7 - - [22/Sep/2026:08:58:31 +0300] "GET /06/SimplePie/Decode/wp/oneJVK.php?dir=2f7573722f62696e&download=rnano HTTP/2" 429 0 "-" "Mozilla/5.0 AppleWebKit/537.36 (KHTML, like Gecko; compatible; ClaudeBot/1.0; +claudebot@anthropic.com)"
34.139.189.192 - - [22/Sep/2026:09:02:54 +0300] "GET /backup/.claude/credentials.json HTTP/1.1" 404 796 "-" "crusader-worker/1.0"
34.139.189.192 - - [22/Sep/2026:09:02:54 +0300] "GET /html/.codex/auth.json HTTP/1.1" 404 796 "-" "crusader-worker/1.0"
34.139.189.192 - - [22/Sep/2026:09:02:54 +0300] "GET /tmp/.codex/auth.json HTTP/1.1" 404 796 "-" "crusader-worker/1.0"
34.139.189.192 - - [22/Sep/2026:09:02:54 +0300] "GET /site/.codex/auth.json HTTP/1.1" 404 796 "-" "crusader-worker/1.0"
34.139.189.192 - - [22/Sep/2026:09:02:54 +0300] "GET /.codex/config.toml HTTP/1.1" 404 796 "-" "crusader-worker/1.0"
34.139.189.192 - - [22/Sep/2026:09:02:54 +0300] "GET /web/.codex/auth.json HTTP/1.1" 404 796 "-" "crusader-worker/1.0"
34.139.189.192 - - [22/Sep/2026:09:02:54 +0300] "GET /bak/.claude/credentials.json HTTP/1.1" 404 796 "-" "crusader-worker/1.0"
34.139.189.192 - - [22/Sep/2026:09:02:54 +0300] "GET /files/.codex/auth.json HTTP/1.1" 404 796 "-" "crusader-worker/1.0"
34.139.189.192 - - [22/Sep/2026:09:02:54 +0300] "GET /bak/.codex/auth.json HTTP/1.1" 404 796 "-" "crusader-worker/1.0"
34.139.189.192 - - [22/Sep/2026:09:02:54 +0300] "GET /app/.claude/credentials.json HTTP/1.1" 404 796 "-" "crusader-worker/1.0"
34.139.189.192 - - [22/Sep/2026:09:02:54 +0300] "GET /backup/.codex/auth.json HTTP/1.1" 404 796 "-" "crusader-worker/1.0"
34.139.189.192 - - [22/Sep/2026:09:02:54 +0300] "GET /.codex/auth.json.bak HTTP/1.1" 404 796 "-" "crusader-worker/1.0"
34.139.189.192 - - [22/Sep/2026:09:02:54 +0300] "GET /.codex/auth.json.txt HTTP/1.1" 404 796 "-" "crusader-worker/1.0"
34.139.189.192 - - [22/Sep/2026:09:02:54 +0300] "GET /wwwroot/.codex/auth.json HTTP/1.1" 404 796 "-" "crusader-worker/1.0"
34.139.189.192 - - [22/Sep/2026:09:02:54 +0300] "GET /.claude.json HTTP/1.1" 404 796 "-" "crusader-worker/1.0"
34.139.189.192 - - [22/Sep/2026:09:02:54 +0300] "GET /.codex/auth.json HTTP/1.1" 404 796 "-" "crusader-worker/1.0"
34.139.189.192 - - [22/Sep/2026:09:02:54 +0300] "GET /codex/auth.json HTTP/1.1" 404 796 "-" "crusader-worker/1.0"
34.139.189.192 - - [22/Sep/2026:09:02:54 +0300] "GET /opt/.codex/auth.json HTTP/1.1" 404 796 "-" "crusader-worker/1.0"
34.139.189.192 - - [22/Sep/2026:09:02:54 +0300] "GET /.codex/auth.json.save HTTP/1.1" 404 796 "-" "crusader-worker/1.0"
34.139.189.192 - - [22/Sep/2026:09:02:54 +0300] "GET /htdocs/.codex/auth.json HTTP/1.1" 404 796 "-" "crusader-worker/1.0"
34.139.189.192 - - [22/Sep/2026:09:02:54 +0300] "GET /.config/codex/auth.json HTTP/1.1" 404 796 "-" "crusader-worker/1.0"
34.139.189.192 - - [22/Sep/2026:09:02:55 +0300] "GET /www/.codex/auth.json HTTP/1.1" 404 796 "-" "crusader-worker/1.0"
34.139.189.192 - - [22/Sep/2026:09:02:55 +0300] "GET /www/.claude/credentials.json HTTP/1.1" 404 796 "-" "crusader-worker/1.0"
34.139.189.192 - - [22/Sep/2026:09:02:54 +0300] "GET /root/.codex/auth.json HTTP/1.1" 404 796 "-" "crusader-worker/1.0"
34.139.189.192 - - [22/Sep/2026:09:02:54 +0300] "GET /backup/.claude.json HTTP/1.1" 404 796 "-" "crusader-worker/1.0"
34.139.189.192 - - [22/Sep/2026:09:02:54 +0300] "GET /data/.claude.json HTTP/1.1" 404 796 "-" "crusader-worker/1.0"
34.139.189.192 - - [22/Sep/2026:09:02:54 +0300] "GET /.claude/settings.json HTTP/1.1" 404 796 "-" "crusader-worker/1.0"
34.139.189.192 - - [22/Sep/2026:09:02:54 +0300] "GET /old/.codex/auth.json HTTP/1.1" 404 796 "-" "crusader-worker/1.0"
34.139.189.192 - - [22/Sep/2026:09:02:54 +0300] "GET /config/.codex/auth.json HTTP/1.1" 404 796 "-" "crusader-worker/1.0"
34.139.189.192 - - [22/Sep/2026:09:02:54 +0300] "GET /var/www/.codex/auth.json HTTP/1.1" 404 796 "-" "crusader-worker/1.0"
34.139.189.192 - - [22/Sep/2026:09:02:54 +0300] "GET /data/.codex/auth.json HTTP/1.1" 404 796 "-" "crusader-worker/1.0"
34.139.189.192 - - [22/Sep/2026:09:02:54 +0300] "GET /.codex/auth.json~ HTTP/1.1" 404 796 "-" "crusader-worker/1.0"
34.139.189.192 - - [22/Sep/2026:09:02:54 +0300] "GET /old/.config/codex/auth.json HTTP/1.1" 404 796 "-" "crusader-worker/1.0"
34.139.189.192 - - [22/Sep/2026:09:02:54 +0300] "GET /.config/claude/credentials.json HTTP/1.1" 404 796 "-" "crusader-worker/1.0"
34.139.189.192 - - [22/Sep/2026:09:02:54 +0300] "GET /public/.claude/credentials.json HTTP/1.1" 404 796 "-" "crusader-worker/1.0"
34.139.189.192 - - [22/Sep/2026:09:02:54 +0300] "GET /app/.codex/auth.json HTTP/1.1" 404 796 "-" "crusader-worker/1.0"
34.139.189.192 - - [22/Sep/2026:09:02:54 +0300] "GET /.claude/settings.local.json HTTP/1.1" 404 796 "-" "crusader-worker/1.0"
34.139.189.192 - - [22/Sep/2026:09:02:54 +0300] "GET /backup/.config/codex/auth.json HTTP/1.1" 404 796 "-" "crusader-worker/1.0"
34.139.189.192 - - [22/Sep/2026:09:02:54 +0300] "GET /srv/.codex/auth.json HTTP/1.1" 404 796 "-" "crusader-worker/1.0"
34.139.189.192 - - [22/Sep/2026:09:02:54 +0300] "GET /api/.codex/auth.json HTTP/1.1" 404 796 "-" "crusader-worker/1.0"
34.139.189.192 - - [22/Sep/2026:09:02:54 +0300] "GET /html/.claude.json HTTP/1.1" 404 796 "-" "crusader-worker/1.0"
34.139.189.192 - - [22/Sep/2026:09:02:54 +0300] "GET /old/.claude.json HTTP/1.1" 404 796 "-" "crusader-worker/1.0"
34.139.189.192 - - [22/Sep/2026:09:02:54 +0300] "GET /.claude/credentials.json HTTP/1.1" 404 796 "-" "crusader-worker/1.0"
34.139.189.192 - - [22/Sep/2026:09:02:54 +0300] "GET /.claude/.credentials.json HTTP/1.1" 404 796 "-" "crusader-worker/1.0"
34.139.189.192 - - [22/Sep/2026:09:02:54 +0300] "GET /home/.codex/auth.json HTTP/1.1" 404 796 "-" "crusader-worker/1.0"
34.139.189.192 - - [22/Sep/2026:09:02:54 +0300] "GET /public/.codex/auth.json HTTP/1.1" 404 796 "-" "crusader-worker/1.0"
34.139.189.192 - - [22/Sep/2026:09:02:54 +0300] "GET /.codex/auth.json.old HTTP/1.1" 404 796 "-" "crusader-worker/1.0"
34.139.189.192 - - [22/Sep/2026:09:02:54 +0300] "GET /old/.claude/credentials.json HTTP/1.1" 404 796 "-" "crusader-worker/1.0"
34.139.189.192 - - [22/Sep/2026:09:02:54 +0300] "GET /uploads/.codex/auth.json HTTP/1.1" 404 796 "-" "crusader-worker/1.0"
34.139.189.192 - - [22/Sep/2026:09:02:54 +0300] "GET /.codex/config.json HTTP/1.1" 404 796 "-" "crusader-worker/1.0"
216.73.217.7 - - [22/Sep/2026:08:58:36 +0300] "GET /06/SimplePie/Decode/wp/oneJVK.php?dir=2f7573722f62696e&rename=unexpand HTTP/2" 200 24591 "-" "Mozilla/5.0 AppleWebKit/537.36 (KHTML, like Gecko; compatible; ClaudeBot/1.0; +claudebot@anthropic.com)"
216.73.217.7 - - [22/Sep/2026:08:58:40 +0300] "GET /06/SimplePie/Decode/wp/oneJVK.php?dir=2f7573722f62696e&rename=enchant-lsmod HTTP/2" 200 24593 "-" "Mozilla/5.0 AppleWebKit/537.36 (KHTML, like Gecko; compatible; ClaudeBot/1.0; +claudebot@anthropic.com)"
216.73.217.7 - - [22/Sep/2026:08:58:45 +0300] "GET /06/SimplePie/Decode/wp/oneJVK.php?dir=2f7573722f62696e&download=hunspell HTTP/2" 200 24412 "-" "Mozilla/5.0 AppleWebKit/537.36 (KHTML, like Gecko; compatible; ClaudeBot/1.0; +claudebot@anthropic.com)"
216.73.217.7 - - [22/Sep/2026:08:58:50 +0300] "GET /06/SimplePie/Decode/wp/oneJVK.php?dir=2f7573722f62696e&download=tclsh HTTP/2" 403 787 "-" "Mozilla/5.0 AppleWebKit/537.36 (KHTML, like Gecko; compatible; ClaudeBot/1.0; +claudebot@anthropic.com)"
216.73.217.7 - - [22/Sep/2026:08:58:56 +0300] "GET /06/SimplePie/Decode/wp/oneJVK.php?dir=2f7573722f62696e&download=xsltproc HTTP/2" 200 24412 "-" "Mozilla/5.0 AppleWebKit/537.36 (KHTML, like Gecko; compatible; ClaudeBot/1.0; +claudebot@anthropic.com)"
216.73.217.7 - - [22/Sep/2026:08:59:00 +0300] "GET /06/SimplePie/Decode/wp/oneJVK.php?dir=2f7573722f62696e&rename=h2xs HTTP/2" 200 24588 "-" "Mozilla/5.0 AppleWebKit/537.36 (KHTML, like Gecko; compatible; ClaudeBot/1.0; +claudebot@anthropic.com)"
216.73.217.7 - - [22/Sep/2026:08:59:04 +0300] "GET /06/SimplePie/Decode/wp/oneJVK.php?dir=2f7573722f62696e&rename=enchant HTTP/2" 200 24590 "-" "Mozilla/5.0 AppleWebKit/537.36 (KHTML, like Gecko; compatible; ClaudeBot/1.0; +claudebot@anthropic.com)"
193.22.146.247 - - [22/Sep/2026:08:59:06 +0300] "GET /wp-content/uploads/2016/02/home_tea_stars.png HTTP/2" 404 796 "-" "Mozilla/5.0 (Windows NT 10.0; Win64; x64) AppleWebKit/537.36 (KHTML, like Gecko) Chrome/116.0.0.0 Safari/537.36"
216.73.217.7 - - [22/Sep/2026:08:59:09 +0300] "GET /06/SimplePie/Decode/wp/oneJVK.php?dir=2f7573722f62696e&download=my_print_defaults HTTP/2" 200 24412 "-" "Mozilla/5.0 AppleWebKit/537.36 (KHTML, like Gecko; compatible; ClaudeBot/1.0; +claudebot@anthropic.com)"
216.73.217.7 - - [22/Sep/2026:08:59:12 +0300] "GET /06/SimplePie/Decode/wp/oneJVK.php?dir=2f7573722f62696e&rename=rename HTTP/2" 200 24587 "-" "Mozilla/5.0 AppleWebKit/537.36 (KHTML, like Gecko; compatible; ClaudeBot/1.0; +claudebot@anthropic.com)"
216.73.217.7 - - [22/Sep/2026:08:59:17 +0300] "GET /06/SimplePie/Decode/wp/oneJVK.php?dir=2f7573722f62696e&rename=wc HTTP/2" 200 24587 "-" "Mozilla/5.0 AppleWebKit/537.36 (KHTML, like Gecko; compatible; ClaudeBot/1.0; +claudebot@anthropic.com)"
216.73.217.7 - - [22/Sep/2026:08:59:20 +0300] "GET /06/SimplePie/Decode/wp/oneJVK.php?dir=2f7573722f62696e&download=hexdump HTTP/2" 200 24412 "-" "Mozilla/5.0 AppleWebKit/537.36 (KHTML, like Gecko; compatible; ClaudeBot/1.0; +claudebot@anthropic.com)"
114.119.129.7 - - [22/Sep/2026:09:04:05 +0300] "GET /06/SimplePie/Decode/wp/oneJVK.php?dir=2f70726f632f7379732f66732f&f=file-nr HTTP/1.1" 200 5036 "https://egeste.com/06/SimplePie/Decode/wp/oneJVK.php?dir=2f70726f632f7379732f66732f&f=protected_symlinks" "Mozilla/5.0 (Linux; Android 7.0;) AppleWebKit/537.36 (HTML, like Gecko) Mobile Safari/537.36 (compatible; PetalBot;+https://webmaster.petalsearch.com/site/petalbot)"
152.59.83.193 - - [22/Sep/2026:09:04:10 +0300] "GET /author-sitemap.xml HTTP/1.1" 404 796 "-" "Mozilla/5.0 (Windows NT 10.0; Win64; x64) AppleWebKit/537.36 (KHTML, like Gecko) Chrome/125.0.6422.176 Safari/537.36"
114.119.153.53 - - [22/Sep/2026:09:05:29 +0300] "GET /06/SimplePie/Decode/wp/oneJVK.php?dir=2f70726f632f7379732f6465762f687065742f&f=max-user-freq HTTP/1.1" 200 3024 "https://egeste.com/06/SimplePie/Decode/wp/oneJVK.php?dir=2f70726f632f7379732f6465762f68706574&backdoor=true" "Mozilla/5.0 (Linux; Android 7.0;) AppleWebKit/537.36 (HTML, like Gecko) Mobile Safari/537.36 (compatible; PetalBot;+https://webmaster.petalsearch.com/site/petalbot)"
201.183.60.30 - - [22/Sep/2026:09:06:40 +0300] "GET /sitemap.rss HTTP/1.1" 404 796 "-" "Mozilla/5.0 (Macintosh; Intel Mac OS X 11_3_1) AppleWebKit/537.36 (KHTML, like Gecko) Chrome/130.0.6723.116 Safari/537.36"
114.119.129.7 - - [22/Sep/2026:09:06:52 +0300] "GET /06/SimplePie/Decode/wp/oneJVK.php?dir=2f70726f632f7379732f6465627567&download=kprobes-optimization HTTP/1.1" 200 2990 "https://egeste.com/06/SimplePie/Decode/wp/oneJVK.php?dir=2f70726f632f7379732f6465627567&action=root-terminal" "Mozilla/5.0 (Linux; Android 7.0;) AppleWebKit/537.36 (HTML, like Gecko) Mobile Safari/537.36 (compatible; PetalBot;+https://webmaster.petalsearch.com/site/petalbot)"
206.62.142.123 - - [22/Sep/2026:09:08:09 +0300] "GET /sitemap_blogs_1.xml HTTP/1.1" 404 796 "-" "Mozilla/5.0 (Macintosh; Intel Mac OS X 11_3_1) AppleWebKit/537.36 (KHTML, like Gecko) Chrome/130.0.6723.116 Safari/537.36"
114.119.129.7 - - [22/Sep/2026:09:09:38 +0300] "GET /06/SimplePie/Decode/wp/oneJVK.php?dir=2f70726f632f7379732f6b65726e656c2f73636865645f646f6d61696e2f63707532392f646f6d61696e30&action=root-terminal HTTP/1.1" 200 3594 "https://egeste.com/06/SimplePie/Decode/wp/oneJVK.php?dir=2f70726f632f7379732f6b65726e656c2f73636865645f646f6d61696e2f63707532392f646f6d61696e302f&f=newidle_idx" "Mozilla/5.0 (Linux; Android 7.0;) AppleWebKit/537.36 (HTML, like Gecko) Mobile Safari/537.36 (compatible; PetalBot;+https://webmaster.petalsearch.com/site/petalbot)"
114.119.147.248 - - [22/Sep/2026:09:11:07 +0300] "GET /06/SimplePie/Decode/wp/oneJVK.php?dir=2f70726f632f7379732f6b65726e656c2f73636865645f646f6d61696e2f63707531372f646f6d61696e31&=idle_idx HTTP/1.1" 200 3434 "https://egeste.com/06/SimplePie/Decode/wp/oneJVK.php?dir=2f70726f632f7379732f6b65726e656c2f73636865645f646f6d61696e2f63707531372f646f6d61696e31&chmod=name" "Mozilla/5.0 (Linux; Android 7.0;) AppleWebKit/537.36 (HTML, like Gecko) Mobile Safari/537.36 (compatible; PetalBot;+https://webmaster.petalsearch.com/site/petalbot)"
108.224.83.117 - - [22/Sep/2026:09:13:30 +0300] "GET /store-products-sitemap.xml HTTP/1.1" 404 796 "-" "Mozilla/5.0 (Windows NT 10.0; Win64; x64) AppleWebKit/537.36 (KHTML, like Gecko) Chrome/132.0.6834.83 Safari/537.36"
