66.249.66.193 - - [22/Sep/2026:06:59:57 +0300] "GET /views/N35832096031 HTTP/1.1" 404 796 "-" "Mozilla/5.0 (Linux; Android 6.0.1; Nexus 5X Build/MMB29P) AppleWebKit/537.36 (KHTML, like Gecko) Chrome/153.0.8010.52 Mobile Safari/537.36 (compatible; Googlebot/2.1; +http://www.google.com/bot.html)"
66.249.66.193 - - [22/Sep/2026:06:59:59 +0300] "GET /views/N35811592926 HTTP/1.1" 404 796 "-" "Mozilla/5.0 (Linux; Android 6.0.1; Nexus 5X Build/MMB29P) AppleWebKit/537.36 (KHTML, like Gecko) Chrome/153.0.8010.52 Mobile Safari/537.36 (compatible; Googlebot/2.1; +http://www.google.com/bot.html)"
66.249.66.193 - - [22/Sep/2026:07:00:01 +0300] "GET /views/N3578184870 HTTP/1.1" 404 796 "-" "Mozilla/5.0 (Linux; Android 6.0.1; Nexus 5X Build/MMB29P) AppleWebKit/537.36 (KHTML, like Gecko) Chrome/153.0.8010.52 Mobile Safari/537.36 (compatible; Googlebot/2.1; +http://www.google.com/bot.html)"
66.249.67.33 - - [22/Sep/2026:07:00:13 +0300] "GET /views/N35811524020 HTTP/1.1" 404 796 "-" "Mozilla/5.0 (Linux; Android 6.0.1; Nexus 5X Build/MMB29P) AppleWebKit/537.36 (KHTML, like Gecko) Chrome/153.0.8010.52 Mobile Safari/537.36 (compatible; Googlebot/2.1; +http://www.google.com/bot.html)"
66.249.66.39 - - [22/Sep/2026:07:00:17 +0300] "GET /views/N35781540 HTTP/1.1" 404 796 "-" "Mozilla/5.0 (Linux; Android 6.0.1; Nexus 5X Build/MMB29P) AppleWebKit/537.36 (KHTML, like Gecko) Chrome/153.0.8010.52 Mobile Safari/537.36 (compatible; Googlebot/2.1; +http://www.google.com/bot.html)"
66.249.66.193 - - [22/Sep/2026:06:59:51 +0300] "GET /views/N35821861028 HTTP/1.1" 404 796 "-" "Mozilla/5.0 (Linux; Android 6.0.1; Nexus 5X Build/MMB29P) AppleWebKit/537.36 (KHTML, like Gecko) Chrome/153.0.8010.52 Mobile Safari/537.36 (compatible; Googlebot/2.1; +http://www.google.com/bot.html)"
66.249.66.35 - - [22/Sep/2026:06:59:54 +0300] "GET /views/A35842501841 HTTP/1.1" 404 796 "-" "Mozilla/5.0 (Linux; Android 6.0.1; Nexus 5X Build/MMB29P) AppleWebKit/537.36 (KHTML, like Gecko) Chrome/153.0.8010.52 Mobile Safari/537.36 (compatible; Googlebot/2.1; +http://www.google.com/bot.html)"
66.249.66.195 - - [22/Sep/2026:07:00:04 +0300] "GET /views/N357860580 HTTP/1.1" 404 796 "-" "Mozilla/5.0 (Linux; Android 6.0.1; Nexus 5X Build/MMB29P) AppleWebKit/537.36 (KHTML, like Gecko) Chrome/153.0.8010.52 Mobile Safari/537.36 (compatible; Googlebot/2.1; +http://www.google.com/bot.html)"
66.249.66.97 - - [22/Sep/2026:07:00:08 +0300] "GET /views/A35811752687 HTTP/1.1" 404 796 "-" "Mozilla/5.0 (Linux; Android 6.0.1; Nexus 5X Build/MMB29P) AppleWebKit/537.36 (KHTML, like Gecko) Chrome/153.0.8010.52 Mobile Safari/537.36 (compatible; Googlebot/2.1; +http://www.google.com/bot.html)"
66.249.66.98 - - [22/Sep/2026:07:00:11 +0300] "GET /views/N35801229516 HTTP/1.1" 404 796 "-" "Mozilla/5.0 (Linux; Android 6.0.1; Nexus 5X Build/MMB29P) AppleWebKit/537.36 (KHTML, like Gecko) Chrome/153.0.8010.52 Mobile Safari/537.36 (compatible; Googlebot/2.1; +http://www.google.com/bot.html)"
66.249.66.193 - - [22/Sep/2026:07:00:35 +0300] "GET /?views/A35801437261 HTTP/1.1" 200 1499 "-" "Mozilla/5.0 (Linux; Android 6.0.1; Nexus 5X Build/MMB29P) AppleWebKit/537.36 (KHTML, like Gecko) Chrome/153.0.8010.52 Mobile Safari/537.36 (compatible; Googlebot/2.1; +http://www.google.com/bot.html)"
66.249.66.193 - - [22/Sep/2026:07:00:35 +0300] "GET /shop/pg/13411 HTTP/1.1" 404 796 "-" "Mozilla/5.0 (Linux; Android 6.0.1; Nexus 5X Build/MMB29P) AppleWebKit/537.36 (KHTML, like Gecko) Chrome/153.0.8010.52 Mobile Safari/537.36 (compatible; Googlebot/2.1; +http://www.google.com/bot.html)"
66.249.66.193 - - [22/Sep/2026:07:00:37 +0300] "GET /views/N35801305027 HTTP/1.1" 404 796 "-" "Mozilla/5.0 (Linux; Android 6.0.1; Nexus 5X Build/MMB29P) AppleWebKit/537.36 (KHTML, like Gecko) Chrome/153.0.8010.52 Mobile Safari/537.36 (compatible; Googlebot/2.1; +http://www.google.com/bot.html)"
51.170.92.195 - - [22/Sep/2026:07:00:50 +0300] "GET /wp-includes/css/dashicons.css HTTP/1.1" 404 796 "-" "Mozilla/5.0 (X11; Linux x86_64; rv:91.0) Gecko/20100101 Firefox/91.0"
51.170.92.195 - - [22/Sep/2026:07:00:50 +0300] "GET /wp-content/themes/ HTTP/1.1" 404 796 "-" "Mozilla/5.0 (Windows NT 6.1; Win64; x64) AppleWebKit/537.36 (KHTML, like Gecko) Chrome/92.0.4515.131 Safari/537.36"
51.170.92.195 - - [22/Sep/2026:07:00:50 +0300] "GET /wp-content/plugins/ HTTP/1.1" 404 796 "-" "Mozilla/5.0 (Windows NT 10.0; Win64; x64) AppleWebKit/605.1.15 (KHTML, like Gecko) Version/14.1 Safari/605.1.15"
51.170.92.195 - - [22/Sep/2026:07:00:50 +0300] "GET /wp-includes/version.php HTTP/1.1" 404 796 "-" "Mozilla/5.0 (Macintosh; Intel Mac OS X 10_15_7) AppleWebKit/605.1.15 (KHTML, like Gecko) Version/14.1.2 Safari/605.1.15"
51.170.92.195 - - [22/Sep/2026:07:00:50 +0300] "GET /wp-includes/functions.php HTTP/1.1" 404 796 "-" "Mozilla/5.0 (Windows NT 10.0; Win64; x64) AppleWebKit/537.36 (KHTML, like Gecko) Chrome/94.0.4606.71 Safari/537.36"
51.170.92.195 - - [22/Sep/2026:07:00:51 +0300] "GET /wp-includes/class-wp.php HTTP/1.1" 404 796 "-" "Mozilla/5.0 (Windows NT 10.0; Win64; x64; rv:89.0) Gecko/20100101 Firefox/89.0.2"
135.181.3.246 - - [22/Sep/2026:07:00:51 +0300] "GET /?NA HTTP/1.1" 200 1496 "-" "Mozilla/5.0 (compatible; SERankingBacklinksBot/1.0; +https://seranking.com/backlinks-crawler)"
51.170.92.195 - - [22/Sep/2026:07:00:51 +0300] "GET /wp-includes/option.php HTTP/1.1" 404 796 "-" "Mozilla/5.0 (X11; Linux x86_64) AppleWebKit/537.36 (KHTML, like Gecko) Chrome/93.0.4577.63 Safari/537.36"
51.170.92.195 - - [22/Sep/2026:07:00:51 +0300] "GET /wp-includes/post.php HTTP/1.1" 404 796 "-" "Mozilla/5.0 (X11; Linux x86_64) AppleWebKit/537.36 (KHTML, like Gecko) Chrome/93.0.4577.63 Safari/537.36"
51.170.92.195 - - [22/Sep/2026:07:00:51 +0300] "GET /wp-includes/user.php HTTP/1.1" 404 796 "-" "Mozilla/5.0 (Macintosh; Intel Mac OS X 10_15_7; rv:92.0) Gecko/20100101 Firefox/92.0"
51.170.92.195 - - [22/Sep/2026:07:00:51 +0300] "GET /wp-json/ HTTP/1.1" 404 796 "-" "Mozilla/5.0 (Windows NT 6.1; Win64; x64) AppleWebKit/537.36 (KHTML, like Gecko) Chrome/92.0.4515.131 Safari/537.36"
51.170.92.195 - - [22/Sep/2026:07:00:52 +0300] "GET /wp-json/wp/v2/ HTTP/1.1" 404 796 "-" "Mozilla/5.0 (Macintosh; Intel Mac OS X 10_15_7) AppleWebKit/537.36 (KHTML, like Gecko) Chrome/90.0.4430.212 Safari/537.36"
51.170.92.195 - - [22/Sep/2026:07:00:52 +0300] "GET /wp-json/oembed/1.0/embed HTTP/1.1" 404 796 "-" "Mozilla/5.0 (Windows NT 10.0; Win64; x64) AppleWebKit/537.36 (KHTML, like Gecko) Chrome/94.0.4606.71 Safari/537.36"
51.170.92.195 - - [22/Sep/2026:07:00:52 +0300] "GET /?rest_route=/ HTTP/1.1" 200 1496 "-" "Mozilla/5.0 (Macintosh; Intel Mac OS X 10_15_7; rv:90.0) Gecko/20100101 Firefox/90.0.1"
51.170.92.195 - - [22/Sep/2026:07:00:52 +0300] "POST /wp-login.php HTTP/1.1" 404 796 "https://egeste.com/wp-login.php" "Mozilla/5.0 (X11; Linux x86_64; rv:93.0) Gecko/20100101 Firefox/93.0"
51.170.92.195 - - [22/Sep/2026:07:00:52 +0300] "GET /wp-admin/index.php HTTP/1.1" 404 796 "https://egeste.com/wp-login.php" "Mozilla/5.0 (Macintosh; Intel Mac OS X 10_15_7) AppleWebKit/605.1.15 (KHTML, like Gecko) Version/14.0.3 Safari/605.1.15"
51.170.92.195 - - [22/Sep/2026:07:00:52 +0300] "POST /wp-login.php HTTP/1.1" 404 796 "https://egeste.com/wp-login.php" "Mozilla/5.0 (Windows NT 10.0; Win64; x64; rv:91.0) Gecko/20100101 Firefox/91.0"
51.170.92.195 - - [22/Sep/2026:07:00:53 +0300] "GET /wp-admin/index.php HTTP/1.1" 404 796 "https://egeste.com/wp-login.php" "Mozilla/5.0 (Macintosh; Intel Mac OS X 10_15_7) AppleWebKit/605.1.15 (KHTML, like Gecko) Version/14.0.3 Safari/605.1.15"
51.170.92.195 - - [22/Sep/2026:07:00:53 +0300] "POST /wp-login.php HTTP/1.1" 404 796 "https://egeste.com/wp-login.php" "Mozilla/5.0 (X11; Linux x86_64; rv:91.0) Gecko/20100101 Firefox/91.0"
51.170.92.195 - - [22/Sep/2026:07:00:53 +0300] "GET /wp-admin/index.php HTTP/1.1" 404 796 "https://egeste.com/wp-login.php" "Mozilla/5.0 (Macintosh; Intel Mac OS X 10_15_7; rv:93.0) Gecko/20100101 Firefox/93.0"
51.170.92.195 - - [22/Sep/2026:07:00:53 +0300] "POST /wp-login.php HTTP/1.1" 404 796 "https://egeste.com/wp-login.php" "Mozilla/5.0 (X11; Linux x86_64; rv:91.0) Gecko/20100101 Firefox/91.0"
51.170.92.195 - - [22/Sep/2026:07:00:53 +0300] "GET /wp-admin/index.php HTTP/1.1" 404 796 "https://egeste.com/wp-login.php" "Mozilla/5.0 (Windows NT 10.0; Win64; x64) AppleWebKit/605.1.15 (KHTML, like Gecko) Version/14.1.1 Safari/605.1.15"
51.170.92.195 - - [22/Sep/2026:07:00:54 +0300] "POST /wp-login.php HTTP/1.1" 404 796 "https://egeste.com/wp-login.php" "Mozilla/5.0 (Windows NT 6.1; Win64; x64) AppleWebKit/537.36 (KHTML, like Gecko) Chrome/90.0.4430.212 Safari/537.36"
51.170.92.195 - - [22/Sep/2026:07:00:54 +0300] "GET /wp-admin/index.php HTTP/1.1" 404 796 "https://egeste.com/wp-login.php" "Mozilla/5.0 (X11; Linux x86_64; rv:93.0) Gecko/20100101 Firefox/93.0"
51.170.92.195 - - [22/Sep/2026:07:00:54 +0300] "POST /wp-login.php HTTP/1.1" 404 796 "https://egeste.com/wp-login.php" "Mozilla/5.0 (X11; Linux x86_64) AppleWebKit/537.36 (KHTML, like Gecko) Chrome/94.0.4606.71 Safari/537.36"
51.170.92.195 - - [22/Sep/2026:07:00:55 +0300] "GET /wp-admin/index.php HTTP/1.1" 404 796 "https://egeste.com/wp-login.php" "Mozilla/5.0 (Windows NT 6.1; Win64; x64; rv:90.0) Gecko/20100101 Firefox/90.0.1"
51.170.92.195 - - [22/Sep/2026:07:00:55 +0300] "POST /wp-login.php HTTP/1.1" 404 796 "https://egeste.com/wp-login.php" "Mozilla/5.0 (Windows NT 10.0; Win64; x64; rv:89.0) Gecko/20100101 Firefox/89.0.2"
51.170.92.195 - - [22/Sep/2026:07:00:55 +0300] "GET /wp-admin/index.php HTTP/1.1" 404 796 "https://egeste.com/wp-login.php" "Mozilla/5.0 (Macintosh; Intel Mac OS X 10_15_7) AppleWebKit/605.1.15 (KHTML, like Gecko) Version/14.1.1 Safari/605.1.15"
51.170.92.195 - - [22/Sep/2026:07:00:55 +0300] "POST /wp-login.php HTTP/1.1" 404 796 "https://egeste.com/wp-login.php" "Mozilla/5.0 (Macintosh; Intel Mac OS X 10_15_7; rv:91.0) Gecko/20100101 Firefox/91.0"
66.249.66.97 - - [22/Sep/2026:07:00:55 +0300] "GET /views/N3579832004 HTTP/1.1" 404 796 "-" "Mozilla/5.0 (Linux; Android 6.0.1; Nexus 5X Build/MMB29P) AppleWebKit/537.36 (KHTML, like Gecko) Chrome/153.0.8010.52 Mobile Safari/537.36 (compatible; Googlebot/2.1; +http://www.google.com/bot.html)"
51.170.92.195 - - [22/Sep/2026:07:00:55 +0300] "GET /wp-admin/index.php HTTP/1.1" 404 796 "https://egeste.com/wp-login.php" "Mozilla/5.0 (Windows NT 10.0; Win64; x64) AppleWebKit/605.1.15 (KHTML, like Gecko) Version/14.1.2 Safari/605.1.15"
51.170.92.195 - - [22/Sep/2026:07:00:55 +0300] "POST /wp-login.php HTTP/1.1" 404 796 "https://egeste.com/wp-login.php" "Mozilla/5.0 (Macintosh; Intel Mac OS X 10_15_7) AppleWebKit/537.36 (KHTML, like Gecko) Chrome/94.0.4606.71 Safari/537.36"
51.170.92.195 - - [22/Sep/2026:07:00:56 +0300] "GET /wp-admin/index.php HTTP/1.1" 404 796 "https://egeste.com/wp-login.php" "Mozilla/5.0 (Macintosh; Intel Mac OS X 10_15_7) AppleWebKit/605.1.15 (KHTML, like Gecko) Version/15.0 Safari/605.1.15"
51.170.92.195 - - [22/Sep/2026:07:00:56 +0300] "POST /wp-login.php HTTP/1.1" 404 796 "https://egeste.com/wp-login.php" "Mozilla/5.0 (Windows NT 10.0; Win64; x64) AppleWebKit/605.1.15 (KHTML, like Gecko) Version/14.0.3 Safari/605.1.15"
51.170.92.195 - - [22/Sep/2026:07:00:56 +0300] "GET /wp-admin/index.php HTTP/1.1" 404 796 "https://egeste.com/wp-login.php" "Mozilla/5.0 (Macintosh; Intel Mac OS X 10_15_7) AppleWebKit/605.1.15 (KHTML, like Gecko) Version/14.1.1 Safari/605.1.15"
51.170.92.195 - - [22/Sep/2026:07:00:56 +0300] "POST /wp-login.php HTTP/1.1" 404 796 "https://egeste.com/wp-login.php" "Mozilla/5.0 (Macintosh; Intel Mac OS X 10_15_7; rv:89.0) Gecko/20100101 Firefox/89.0.2"
51.170.92.195 - - [22/Sep/2026:07:00:56 +0300] "GET /wp-admin/index.php HTTP/1.1" 404 796 "https://egeste.com/wp-login.php" "Mozilla/5.0 (Macintosh; Intel Mac OS X 10_15_7) AppleWebKit/537.36 (KHTML, like Gecko) Chrome/92.0.4515.131 Safari/537.36"
51.170.92.195 - - [22/Sep/2026:07:00:57 +0300] "POST /wp-login.php HTTP/1.1" 404 796 "https://egeste.com/wp-login.php" "Mozilla/5.0 (Windows NT 10.0; Win64; x64) AppleWebKit/605.1.15 (KHTML, like Gecko) Version/14.1.2 Safari/605.1.15"
51.170.92.195 - - [22/Sep/2026:07:00:57 +0300] "GET /wp-admin/index.php HTTP/1.1" 404 796 "https://egeste.com/wp-login.php" "Mozilla/5.0 (Windows NT 10.0; Win64; x64; rv:89.0) Gecko/20100101 Firefox/89.0.2"
51.170.92.195 - - [22/Sep/2026:07:00:57 +0300] "POST /wp-login.php HTTP/1.1" 404 796 "https://egeste.com/wp-login.php" "Mozilla/5.0 (Macintosh; Intel Mac OS X 10_15_7) AppleWebKit/537.36 (KHTML, like Gecko) Chrome/92.0.4515.131 Safari/537.36"
66.249.66.97 - - [22/Sep/2026:07:00:57 +0300] "GET /?views/A35842737923 HTTP/1.1" 200 1499 "-" "Mozilla/5.0 (Linux; Android 6.0.1; Nexus 5X Build/MMB29P) AppleWebKit/537.36 (KHTML, like Gecko) Chrome/153.0.8010.52 Mobile Safari/537.36 (compatible; Googlebot/2.1; +http://www.google.com/bot.html)"
51.170.92.195 - - [22/Sep/2026:07:00:57 +0300] "GET /wp-admin/index.php HTTP/1.1" 404 796 "https://egeste.com/wp-login.php" "Mozilla/5.0 (X11; Linux x86_64) AppleWebKit/537.36 (KHTML, like Gecko) Chrome/90.0.4430.212 Safari/537.36"
51.170.92.195 - - [22/Sep/2026:07:00:57 +0300] "POST /wp-login.php HTTP/1.1" 404 796 "https://egeste.com/wp-login.php" "Mozilla/5.0 (Macintosh; Intel Mac OS X 10_15_7) AppleWebKit/605.1.15 (KHTML, like Gecko) Version/14.0.3 Safari/605.1.15"
51.170.92.195 - - [22/Sep/2026:07:00:57 +0300] "GET /wp-admin/index.php HTTP/1.1" 404 796 "https://egeste.com/wp-login.php" "Mozilla/5.0 (Windows NT 6.1; Win64; x64; rv:91.0) Gecko/20100101 Firefox/91.0"
51.170.92.195 - - [22/Sep/2026:07:00:58 +0300] "POST /wp-login.php HTTP/1.1" 404 796 "https://egeste.com/wp-login.php" "Mozilla/5.0 (Macintosh; Intel Mac OS X 10_15_7) AppleWebKit/537.36 (KHTML, like Gecko) Chrome/92.0.4515.131 Safari/537.36"
51.170.92.195 - - [22/Sep/2026:07:00:58 +0300] "GET /wp-admin/index.php HTTP/1.1" 404 796 "https://egeste.com/wp-login.php" "Mozilla/5.0 (Macintosh; Intel Mac OS X 10_15_7) AppleWebKit/605.1.15 (KHTML, like Gecko) Version/15.0 Safari/605.1.15"
51.170.92.195 - - [22/Sep/2026:07:00:58 +0300] "POST /wp-login.php HTTP/1.1" 404 796 "https://egeste.com/wp-login.php" "Mozilla/5.0 (Macintosh; Intel Mac OS X 10_15_7) AppleWebKit/605.1.15 (KHTML, like Gecko) Version/14.1 Safari/605.1.15"
51.170.92.195 - - [22/Sep/2026:07:00:58 +0300] "GET /wp-admin/index.php HTTP/1.1" 404 796 "https://egeste.com/wp-login.php" "Mozilla/5.0 (Windows NT 6.1; Win64; x64) AppleWebKit/537.36 (KHTML, like Gecko) Chrome/90.0.4430.212 Safari/537.36"
51.170.92.195 - - [22/Sep/2026:07:00:58 +0300] "POST /wp-login.php HTTP/1.1" 404 796 "https://egeste.com/wp-login.php" "Mozilla/5.0 (Macintosh; Intel Mac OS X 10_15_7) AppleWebKit/605.1.15 (KHTML, like Gecko) Version/14.1.2 Safari/605.1.15"
51.170.92.195 - - [22/Sep/2026:07:00:58 +0300] "GET /wp-admin/index.php HTTP/1.1" 404 796 "https://egeste.com/wp-login.php" "Mozilla/5.0 (Windows NT 10.0; Win64; x64) AppleWebKit/537.36 (KHTML, like Gecko) Chrome/93.0.4577.63 Safari/537.36"
51.170.92.195 - - [22/Sep/2026:07:00:59 +0300] "POST /wp-login.php HTTP/1.1" 404 796 "https://egeste.com/wp-login.php" "Mozilla/5.0 (X11; Linux x86_64) AppleWebKit/537.36 (KHTML, like Gecko) Chrome/94.0.4606.71 Safari/537.36"
51.170.92.195 - - [22/Sep/2026:07:01:01 +0300] "GET /wp-admin/index.php HTTP/1.1" 404 796 "https://egeste.com/wp-login.php" "Mozilla/5.0 (X11; Linux x86_64) AppleWebKit/537.36 (KHTML, like Gecko) Chrome/92.0.4515.131 Safari/537.36"
51.170.92.195 - - [22/Sep/2026:07:01:01 +0300] "POST /wp-login.php HTTP/1.1" 404 796 "https://egeste.com/wp-login.php" "Mozilla/5.0 (Windows NT 10.0; Win64; x64) AppleWebKit/537.36 (KHTML, like Gecko) Chrome/92.0.4515.131 Safari/537.36"
51.170.92.195 - - [22/Sep/2026:07:01:01 +0300] "GET /wp-admin/index.php HTTP/1.1" 404 796 "https://egeste.com/wp-login.php" "Mozilla/5.0 (Windows NT 10.0; Win64; x64) AppleWebKit/605.1.15 (KHTML, like Gecko) Version/14.1.2 Safari/605.1.15"
51.170.92.195 - - [22/Sep/2026:07:01:01 +0300] "POST /wp-login.php HTTP/1.1" 404 796 "https://egeste.com/wp-login.php" "Mozilla/5.0 (Macintosh; Intel Mac OS X 10_15_7) AppleWebKit/605.1.15 (KHTML, like Gecko) Version/14.1.1 Safari/605.1.15"
51.170.92.195 - - [22/Sep/2026:07:01:01 +0300] "GET /wp-admin/index.php HTTP/1.1" 404 796 "https://egeste.com/wp-login.php" "Mozilla/5.0 (Macintosh; Intel Mac OS X 10_15_7; rv:90.0) Gecko/20100101 Firefox/90.0.1"
51.170.92.195 - - [22/Sep/2026:07:01:01 +0300] "POST /wp-login.php HTTP/1.1" 404 796 "https://egeste.com/wp-login.php" "Mozilla/5.0 (X11; Linux x86_64) AppleWebKit/537.36 (KHTML, like Gecko) Chrome/90.0.4430.212 Safari/537.36"
51.170.92.195 - - [22/Sep/2026:07:01:02 +0300] "GET /wp-admin/index.php HTTP/1.1" 404 796 "https://egeste.com/wp-login.php" "Mozilla/5.0 (Macintosh; Intel Mac OS X 10_15_7) AppleWebKit/605.1.15 (KHTML, like Gecko) Version/14.0.3 Safari/605.1.15"
51.170.92.195 - - [22/Sep/2026:07:01:02 +0300] "POST /wp-login.php HTTP/1.1" 404 796 "https://egeste.com/wp-login.php" "Mozilla/5.0 (Macintosh; Intel Mac OS X 10_15_7; rv:92.0) Gecko/20100101 Firefox/92.0"
51.170.92.195 - - [22/Sep/2026:07:01:02 +0300] "GET /wp-admin/index.php HTTP/1.1" 404 796 "https://egeste.com/wp-login.php" "Mozilla/5.0 (Windows NT 6.1; Win64; x64) AppleWebKit/537.36 (KHTML, like Gecko) Chrome/92.0.4515.131 Safari/537.36"
51.170.92.195 - - [22/Sep/2026:07:01:03 +0300] "POST /wp-login.php HTTP/1.1" 404 796 "https://egeste.com/wp-login.php" "Mozilla/5.0 (X11; Linux x86_64) AppleWebKit/537.36 (KHTML, like Gecko) Chrome/90.0.4430.212 Safari/537.36"
66.249.67.34 - - [22/Sep/2026:07:00:23 +0300] "GET /?views/A35811566594 HTTP/1.1" 200 1499 "-" "Mozilla/5.0 (Linux; Android 6.0.1; Nexus 5X Build/MMB29P) AppleWebKit/537.36 (KHTML, like Gecko) Chrome/153.0.8010.52 Mobile Safari/537.36 (compatible; Googlebot/2.1; +http://www.google.com/bot.html)"
66.249.66.65 - - [22/Sep/2026:07:00:25 +0300] "GET /views/N35832344593 HTTP/1.1" 404 796 "-" "Mozilla/5.0 (Linux; Android 6.0.1; Nexus 5X Build/MMB29P) AppleWebKit/537.36 (KHTML, like Gecko) Chrome/153.0.8010.52 Mobile Safari/537.36 (compatible; Googlebot/2.1; +http://www.google.com/bot.html)"
66.249.66.65 - - [22/Sep/2026:07:00:27 +0300] "GET /views/N3578310621 HTTP/1.1" 404 796 "-" "Mozilla/5.0 (Linux; Android 6.0.1; Nexus 5X Build/MMB29P) AppleWebKit/537.36 (KHTML, like Gecko) Chrome/153.0.8010.52 Mobile Safari/537.36 (compatible; Googlebot/2.1; +http://www.google.com/bot.html)"
66.249.67.33 - - [22/Sep/2026:07:00:30 +0300] "GET /?views/A35842531688 HTTP/1.1" 200 1499 "-" "Mozilla/5.0 (Linux; Android 6.0.1; Nexus 5X Build/MMB29P) AppleWebKit/537.36 (KHTML, like Gecko) Chrome/153.0.8010.52 Mobile Safari/537.36 (compatible; Googlebot/2.1; +http://www.google.com/bot.html)"
66.249.67.33 - - [22/Sep/2026:07:00:33 +0300] "GET /views/N35801226435 HTTP/1.1" 404 796 "-" "Mozilla/5.0 (Linux; Android 6.0.1; Nexus 5X Build/MMB29P) AppleWebKit/537.36 (KHTML, like Gecko) Chrome/153.0.8010.52 Mobile Safari/537.36 (compatible; Googlebot/2.1; +http://www.google.com/bot.html)"
66.249.66.65 - - [22/Sep/2026:07:00:39 +0300] "GET /views/N3579882512 HTTP/1.1" 404 796 "-" "Mozilla/5.0 (Linux; Android 6.0.1; Nexus 5X Build/MMB29P) AppleWebKit/537.36 (KHTML, like Gecko) Chrome/153.0.8010.52 Mobile Safari/537.36 (compatible; Googlebot/2.1; +http://www.google.com/bot.html)"
66.249.66.193 - - [22/Sep/2026:07:00:42 +0300] "GET /views/N35842913824 HTTP/1.1" 404 796 "-" "Mozilla/5.0 (Linux; Android 6.0.1; Nexus 5X Build/MMB29P) AppleWebKit/537.36 (KHTML, like Gecko) Chrome/153.0.8010.52 Mobile Safari/537.36 (compatible; Googlebot/2.1; +http://www.google.com/bot.html)"
66.249.66.161 - - [22/Sep/2026:07:00:53 +0300] "GET /shop/pg/2921131 HTTP/1.1" 404 796 "-" "Mozilla/5.0 (Linux; Android 6.0.1; Nexus 5X Build/MMB29P) AppleWebKit/537.36 (KHTML, like Gecko) Chrome/153.0.8010.52 Mobile Safari/537.36 (compatible; Googlebot/2.1; +http://www.google.com/bot.html)"
66.249.66.2 - - [22/Sep/2026:07:00:55 +0300] "GET /views/N3579856227 HTTP/1.1" 404 796 "-" "Mozilla/5.0 (Linux; Android 6.0.1; Nexus 5X Build/MMB29P) AppleWebKit/537.36 (KHTML, like Gecko) Chrome/153.0.8010.52 Mobile Safari/537.36 (compatible; Googlebot/2.1; +http://www.google.com/bot.html)"
51.170.92.195 - - [22/Sep/2026:07:00:59 +0300] "GET /wp-admin/index.php HTTP/1.1" 404 796 "https://egeste.com/wp-login.php" "Mozilla/5.0 (Macintosh; Intel Mac OS X 10_15_7) AppleWebKit/605.1.15 (KHTML, like Gecko) Version/14.0.3 Safari/605.1.15"
51.170.92.195 - - [22/Sep/2026:07:00:59 +0300] "POST /wp-login.php HTTP/1.1" 404 796 "https://egeste.com/wp-login.php" "Mozilla/5.0 (Macintosh; Intel Mac OS X 10_15_7; rv:91.0) Gecko/20100101 Firefox/91.0"
51.170.92.195 - - [22/Sep/2026:07:01:00 +0300] "GET /wp-admin/index.php HTTP/1.1" 404 796 "https://egeste.com/wp-login.php" "Mozilla/5.0 (Windows NT 10.0; Win64; x64; rv:92.0) Gecko/20100101 Firefox/92.0"
51.170.92.195 - - [22/Sep/2026:07:01:00 +0300] "POST /wp-login.php HTTP/1.1" 404 796 "https://egeste.com/wp-login.php" "Mozilla/5.0 (Windows NT 6.1; Win64; x64) AppleWebKit/537.36 (KHTML, like Gecko) Chrome/94.0.4606.71 Safari/537.36"
66.249.67.33 - - [22/Sep/2026:07:01:01 +0300] "GET /views/N3579776514 HTTP/1.1" 404 796 "-" "Mozilla/5.0 (Linux; Android 6.0.1; Nexus 5X Build/MMB29P) AppleWebKit/537.36 (KHTML, like Gecko) Chrome/153.0.8010.52 Mobile Safari/537.36 (compatible; Googlebot/2.1; +http://www.google.com/bot.html)"
51.170.92.195 - - [22/Sep/2026:07:01:04 +0300] "GET /wp-admin/index.php HTTP/1.1" 404 796 "https://egeste.com/wp-login.php" "Mozilla/5.0 (X11; Linux x86_64) AppleWebKit/537.36 (KHTML, like Gecko) Chrome/90.0.4430.212 Safari/537.36"
51.170.92.195 - - [22/Sep/2026:07:01:05 +0300] "POST /wp-login.php HTTP/1.1" 404 796 "https://egeste.com/wp-login.php" "Mozilla/5.0 (Windows NT 10.0; Win64; x64) AppleWebKit/605.1.15 (KHTML, like Gecko) Version/14.1 Safari/605.1.15"
51.170.92.195 - - [22/Sep/2026:07:01:05 +0300] "GET /wp-admin/index.php HTTP/1.1" 404 796 "https://egeste.com/wp-login.php" "Mozilla/5.0 (Macintosh; Intel Mac OS X 10_15_7) AppleWebKit/537.36 (KHTML, like Gecko) Chrome/91.0.4472.124 Safari/537.36"
51.170.92.195 - - [22/Sep/2026:07:01:05 +0300] "POST /wp-login.php HTTP/1.1" 404 796 "https://egeste.com/wp-login.php" "Mozilla/5.0 (Windows NT 10.0; Win64; x64) AppleWebKit/605.1.15 (KHTML, like Gecko) Version/14.1.2 Safari/605.1.15"
51.170.92.195 - - [22/Sep/2026:07:01:05 +0300] "GET /wp-admin/index.php HTTP/1.1" 404 796 "https://egeste.com/wp-login.php" "Mozilla/5.0 (Macintosh; Intel Mac OS X 10_15_7) AppleWebKit/605.1.15 (KHTML, like Gecko) Version/15.0 Safari/605.1.15"
51.170.92.195 - - [22/Sep/2026:07:01:05 +0300] "POST /wp-login.php HTTP/1.1" 404 796 "https://egeste.com/wp-login.php" "Mozilla/5.0 (Windows NT 10.0; Win64; x64) AppleWebKit/605.1.15 (KHTML, like Gecko) Version/14.0.3 Safari/605.1.15"
51.170.92.195 - - [22/Sep/2026:07:01:05 +0300] "GET /wp-admin/index.php HTTP/1.1" 404 796 "https://egeste.com/wp-login.php" "Mozilla/5.0 (Windows NT 10.0; Win64; x64) AppleWebKit/537.36 (KHTML, like Gecko) Chrome/92.0.4515.131 Safari/537.36"
51.170.92.195 - - [22/Sep/2026:07:01:06 +0300] "POST /wp-login.php HTTP/1.1" 404 796 "https://egeste.com/wp-login.php" "Mozilla/5.0 (X11; Linux x86_64) AppleWebKit/537.36 (KHTML, like Gecko) Chrome/92.0.4515.131 Safari/537.36"
51.170.92.195 - - [22/Sep/2026:07:01:06 +0300] "GET /wp-admin/index.php HTTP/1.1" 404 796 "https://egeste.com/wp-login.php" "Mozilla/5.0 (Windows NT 10.0; Win64; x64) AppleWebKit/605.1.15 (KHTML, like Gecko) Version/14.1.2 Safari/605.1.15"
51.170.92.195 - - [22/Sep/2026:07:01:06 +0300] "POST /wp-login.php HTTP/1.1" 404 796 "https://egeste.com/wp-login.php" "Mozilla/5.0 (Windows NT 10.0; Win64; x64) AppleWebKit/605.1.15 (KHTML, like Gecko) Version/14.1 Safari/605.1.15"
51.170.92.195 - - [22/Sep/2026:07:01:06 +0300] "GET /wp-admin/index.php HTTP/1.1" 404 796 "https://egeste.com/wp-login.php" "Mozilla/5.0 (Macintosh; Intel Mac OS X 10_15_7) AppleWebKit/605.1.15 (KHTML, like Gecko) Version/14.1 Safari/605.1.15"
51.170.92.195 - - [22/Sep/2026:07:01:06 +0300] "POST /wp-login.php HTTP/1.1" 404 796 "https://egeste.com/wp-login.php" "Mozilla/5.0 (Windows NT 10.0; Win64; x64; rv:90.0) Gecko/20100101 Firefox/90.0.1"
114.119.157.57 - - [22/Sep/2026:07:01:06 +0300] "GET /06/SimplePie/Decode/wp/oneJVK.php?dir=2f70726f632f7379732f6b65726e656c2f73636865645f646f6d61696e2f63707533372f646f6d61696e30&chmod=busy_factor HTTP/1.1" 200 3590 "https://egeste.com/06/SimplePie/Decode/wp/oneJVK.php?dir=2f70726f632f7379732f6b65726e656c2f73636865645f646f6d61696e2f63707533372f646f6d61696e302f&f=forkexec_idx" "Mozilla/5.0 (Linux; Android 7.0;) AppleWebKit/537.36 (HTML, like Gecko) Mobile Safari/537.36 (compatible; PetalBot;+https://webmaster.petalsearch.com/site/petalbot)"
51.170.92.195 - - [22/Sep/2026:07:01:06 +0300] "GET /wp-admin/index.php HTTP/1.1" 404 796 "https://egeste.com/wp-login.php" "Mozilla/5.0 (Windows NT 10.0; Win64; x64) AppleWebKit/605.1.15 (KHTML, like Gecko) Version/14.1 Safari/605.1.15"
51.170.92.195 - - [22/Sep/2026:07:01:07 +0300] "POST /wp-login.php HTTP/1.1" 404 796 "https://egeste.com/wp-login.php" "Mozilla/5.0 (X11; Linux x86_64) AppleWebKit/537.36 (KHTML, like Gecko) Chrome/90.0.4430.212 Safari/537.36"
51.170.92.195 - - [22/Sep/2026:07:01:07 +0300] "GET /wp-admin/index.php HTTP/1.1" 404 796 "https://egeste.com/wp-login.php" "Mozilla/5.0 (X11; Linux x86_64) AppleWebKit/537.36 (KHTML, like Gecko) Chrome/94.0.4606.71 Safari/537.36"
51.170.92.195 - - [22/Sep/2026:07:01:07 +0300] "POST /wp-login.php HTTP/1.1" 404 796 "https://egeste.com/wp-login.php" "Mozilla/5.0 (Macintosh; Intel Mac OS X 10_15_7) AppleWebKit/537.36 (KHTML, like Gecko) Chrome/93.0.4577.63 Safari/537.36"
51.170.92.195 - - [22/Sep/2026:07:01:03 +0300] "GET /wp-admin/index.php HTTP/1.1" 404 796 "https://egeste.com/wp-login.php" "Mozilla/5.0 (Windows NT 10.0; Win64; x64) AppleWebKit/537.36 (KHTML, like Gecko) Chrome/94.0.4606.71 Safari/537.36"
51.170.92.195 - - [22/Sep/2026:07:01:03 +0300] "POST /wp-login.php HTTP/1.1" 404 796 "https://egeste.com/wp-login.php" "Mozilla/5.0 (Windows NT 10.0; Win64; x64) AppleWebKit/605.1.15 (KHTML, like Gecko) Version/15.0 Safari/605.1.15"
51.170.92.195 - - [22/Sep/2026:07:01:03 +0300] "GET /wp-admin/index.php HTTP/1.1" 404 796 "https://egeste.com/wp-login.php" "Mozilla/5.0 (Windows NT 10.0; Win64; x64) AppleWebKit/537.36 (KHTML, like Gecko) Chrome/94.0.4606.71 Safari/537.36"
66.249.66.195 - - [22/Sep/2026:07:01:03 +0300] "GET /views/N3578397226 HTTP/1.1" 404 796 "-" "Mozilla/5.0 (Linux; Android 6.0.1; Nexus 5X Build/MMB29P) AppleWebKit/537.36 (KHTML, like Gecko) Chrome/153.0.8010.52 Mobile Safari/537.36 (compatible; Googlebot/2.1; +http://www.google.com/bot.html)"
51.170.92.195 - - [22/Sep/2026:07:01:03 +0300] "POST /wp-login.php HTTP/1.1" 404 796 "https://egeste.com/wp-login.php" "Mozilla/5.0 (Macintosh; Intel Mac OS X 10_15_7; rv:91.0) Gecko/20100101 Firefox/91.0"
51.170.92.195 - - [22/Sep/2026:07:01:04 +0300] "GET /wp-admin/index.php HTTP/1.1" 404 796 "https://egeste.com/wp-login.php" "Mozilla/5.0 (Windows NT 6.1; Win64; x64; rv:93.0) Gecko/20100101 Firefox/93.0"
51.170.92.195 - - [22/Sep/2026:07:01:04 +0300] "POST /wp-login.php HTTP/1.1" 404 796 "https://egeste.com/wp-login.php" "Mozilla/5.0 (Macintosh; Intel Mac OS X 10_15_7) AppleWebKit/537.36 (KHTML, like Gecko) Chrome/92.0.4515.131 Safari/537.36"
51.170.92.195 - - [22/Sep/2026:07:01:08 +0300] "GET /wp-admin/index.php HTTP/1.1" 404 796 "https://egeste.com/wp-login.php" "Mozilla/5.0 (Macintosh; Intel Mac OS X 10_15_7) AppleWebKit/605.1.15 (KHTML, like Gecko) Version/14.1.1 Safari/605.1.15"
51.170.92.195 - - [22/Sep/2026:07:01:08 +0300] "POST /wp-login.php HTTP/1.1" 404 796 "https://egeste.com/wp-login.php" "Mozilla/5.0 (Macintosh; Intel Mac OS X 10_15_7) AppleWebKit/537.36 (KHTML, like Gecko) Chrome/92.0.4515.131 Safari/537.36"
51.170.92.195 - - [22/Sep/2026:07:01:08 +0300] "GET /wp-admin/index.php HTTP/1.1" 404 796 "https://egeste.com/wp-login.php" "Mozilla/5.0 (Macintosh; Intel Mac OS X 10_15_7) AppleWebKit/605.1.15 (KHTML, like Gecko) Version/15.0 Safari/605.1.15"
66.249.66.3 - - [22/Sep/2026:07:01:08 +0300] "GET /views/N3579914831 HTTP/1.1" 404 796 "-" "Mozilla/5.0 (Linux; Android 6.0.1; Nexus 5X Build/MMB29P) AppleWebKit/537.36 (KHTML, like Gecko) Chrome/153.0.8010.52 Mobile Safari/537.36 (compatible; Googlebot/2.1; +http://www.google.com/bot.html)"
51.170.92.195 - - [22/Sep/2026:07:01:09 +0300] "POST /wp-login.php HTTP/1.1" 404 796 "https://egeste.com/wp-login.php" "Mozilla/5.0 (Windows NT 10.0; Win64; x64) AppleWebKit/537.36 (KHTML, like Gecko) Chrome/91.0.4472.124 Safari/537.36"
51.170.92.195 - - [22/Sep/2026:07:01:09 +0300] "GET /wp-admin/index.php HTTP/1.1" 404 796 "https://egeste.com/wp-login.php" "Mozilla/5.0 (Macintosh; Intel Mac OS X 10_15_7) AppleWebKit/605.1.15 (KHTML, like Gecko) Version/14.0.3 Safari/605.1.15"
51.170.92.195 - - [22/Sep/2026:07:01:09 +0300] "POST /wp-login.php HTTP/1.1" 404 796 "https://egeste.com/wp-login.php" "Mozilla/5.0 (X11; Linux x86_64) AppleWebKit/537.36 (KHTML, like Gecko) Chrome/94.0.4606.71 Safari/537.36"
51.170.92.195 - - [22/Sep/2026:07:01:09 +0300] "GET /wp-admin/index.php HTTP/1.1" 404 796 "https://egeste.com/wp-login.php" "Mozilla/5.0 (Windows NT 6.1; Win64; x64) AppleWebKit/537.36 (KHTML, like Gecko) Chrome/92.0.4515.131 Safari/537.36"
51.170.92.195 - - [22/Sep/2026:07:01:09 +0300] "POST /wp-login.php HTTP/1.1" 404 796 "https://egeste.com/wp-login.php" "Mozilla/5.0 (Macintosh; Intel Mac OS X 10_15_7) AppleWebKit/605.1.15 (KHTML, like Gecko) Version/14.1.2 Safari/605.1.15"
51.170.92.195 - - [22/Sep/2026:07:01:07 +0300] "GET /wp-admin/index.php HTTP/1.1" 404 796 "https://egeste.com/wp-login.php" "Mozilla/5.0 (Windows NT 10.0; Win64; x64; rv:93.0) Gecko/20100101 Firefox/93.0"
51.170.92.195 - - [22/Sep/2026:07:01:07 +0300] "POST /wp-login.php HTTP/1.1" 404 796 "https://egeste.com/wp-login.php" "Mozilla/5.0 (Windows NT 6.1; Win64; x64; rv:89.0) Gecko/20100101 Firefox/89.0.2"
51.170.92.195 - - [22/Sep/2026:07:01:11 +0300] "GET /wp-admin/index.php HTTP/1.1" 404 796 "https://egeste.com/wp-login.php" "Mozilla/5.0 (Windows NT 6.1; Win64; x64) AppleWebKit/537.36 (KHTML, like Gecko) Chrome/93.0.4577.63 Safari/537.36"
51.170.92.195 - - [22/Sep/2026:07:01:12 +0300] "POST /wp-login.php HTTP/1.1" 404 796 "https://egeste.com/wp-login.php" "Mozilla/5.0 (Windows NT 10.0; Win64; x64) AppleWebKit/537.36 (KHTML, like Gecko) Chrome/90.0.4430.212 Safari/537.36"
51.170.92.195 - - [22/Sep/2026:07:01:12 +0300] "GET /wp-admin/index.php HTTP/1.1" 404 796 "https://egeste.com/wp-login.php" "Mozilla/5.0 (Macintosh; Intel Mac OS X 10_15_7) AppleWebKit/537.36 (KHTML, like Gecko) Chrome/92.0.4515.131 Safari/537.36"
51.170.92.195 - - [22/Sep/2026:07:01:12 +0300] "POST /wp-login.php HTTP/1.1" 404 796 "https://egeste.com/wp-login.php" "Mozilla/5.0 (X11; Linux x86_64) AppleWebKit/537.36 (KHTML, like Gecko) Chrome/90.0.4430.212 Safari/537.36"
51.170.92.195 - - [22/Sep/2026:07:01:12 +0300] "GET /wp-admin/index.php HTTP/1.1" 404 796 "https://egeste.com/wp-login.php" "Mozilla/5.0 (Windows NT 10.0; Win64; x64) AppleWebKit/537.36 (KHTML, like Gecko) Chrome/94.0.4606.71 Safari/537.36"
51.170.92.195 - - [22/Sep/2026:07:01:12 +0300] "POST /wp-login.php HTTP/1.1" 404 796 "https://egeste.com/wp-login.php" "Mozilla/5.0 (Macintosh; Intel Mac OS X 10_15_7) AppleWebKit/605.1.15 (KHTML, like Gecko) Version/14.1 Safari/605.1.15"
51.170.92.195 - - [22/Sep/2026:07:01:13 +0300] "GET /wp-admin/index.php HTTP/1.1" 404 796 "https://egeste.com/wp-login.php" "Mozilla/5.0 (Macintosh; Intel Mac OS X 10_15_7) AppleWebKit/605.1.15 (KHTML, like Gecko) Version/15.0 Safari/605.1.15"
51.170.92.195 - - [22/Sep/2026:07:01:13 +0300] "POST /wp-login.php HTTP/1.1" 404 796 "https://egeste.com/wp-login.php" "Mozilla/5.0 (Windows NT 10.0; Win64; x64) AppleWebKit/537.36 (KHTML, like Gecko) Chrome/94.0.4606.71 Safari/537.36"
51.170.92.195 - - [22/Sep/2026:07:01:13 +0300] "GET /wp-admin/index.php HTTP/1.1" 404 796 "https://egeste.com/wp-login.php" "Mozilla/5.0 (Windows NT 10.0; Win64; x64) AppleWebKit/537.36 (KHTML, like Gecko) Chrome/92.0.4515.131 Safari/537.36"
51.170.92.195 - - [22/Sep/2026:07:01:13 +0300] "POST /wp-login.php HTTP/1.1" 404 796 "https://egeste.com/wp-login.php" "Mozilla/5.0 (Windows NT 6.1; Win64; x64) AppleWebKit/537.36 (KHTML, like Gecko) Chrome/90.0.4430.212 Safari/537.36"
66.249.66.65 - - [22/Sep/2026:07:01:14 +0300] "GET /views/N357839398 HTTP/1.1" 404 796 "-" "Mozilla/5.0 (Linux; Android 6.0.1; Nexus 5X Build/MMB29P) AppleWebKit/537.36 (KHTML, like Gecko) Chrome/153.0.8010.52 Mobile Safari/537.36 (compatible; Googlebot/2.1; +http://www.google.com/bot.html)"
51.170.92.195 - - [22/Sep/2026:07:01:14 +0300] "GET /wp-admin/index.php HTTP/1.1" 404 796 "https://egeste.com/wp-login.php" "Mozilla/5.0 (Macintosh; Intel Mac OS X 10_15_7; rv:93.0) Gecko/20100101 Firefox/93.0"
51.170.92.195 - - [22/Sep/2026:07:01:14 +0300] "POST /wp-login.php HTTP/1.1" 404 796 "https://egeste.com/wp-login.php" "Mozilla/5.0 (Macintosh; Intel Mac OS X 10_15_7) AppleWebKit/537.36 (KHTML, like Gecko) Chrome/93.0.4577.63 Safari/537.36"
51.170.92.195 - - [22/Sep/2026:07:01:14 +0300] "GET /wp-admin/index.php HTTP/1.1" 404 796 "https://egeste.com/wp-login.php" "Mozilla/5.0 (Macintosh; Intel Mac OS X 10_15_7) AppleWebKit/605.1.15 (KHTML, like Gecko) Version/14.1.2 Safari/605.1.15"
51.170.92.195 - - [22/Sep/2026:07:01:14 +0300] "POST /wp-login.php HTTP/1.1" 404 796 "https://egeste.com/wp-login.php" "Mozilla/5.0 (X11; Linux x86_64; rv:92.0) Gecko/20100101 Firefox/92.0"
51.170.92.195 - - [22/Sep/2026:07:01:14 +0300] "GET /wp-admin/index.php HTTP/1.1" 404 796 "https://egeste.com/wp-login.php" "Mozilla/5.0 (Windows NT 10.0; Win64; x64) AppleWebKit/537.36 (KHTML, like Gecko) Chrome/92.0.4515.131 Safari/537.36"
51.170.92.195 - - [22/Sep/2026:07:01:15 +0300] "POST /wp-login.php HTTP/1.1" 404 796 "https://egeste.com/wp-login.php" "Mozilla/5.0 (Windows NT 10.0; Win64; x64) AppleWebKit/537.36 (KHTML, like Gecko) Chrome/92.0.4515.131 Safari/537.36"
51.170.92.195 - - [22/Sep/2026:07:01:15 +0300] "GET /wp-admin/index.php HTTP/1.1" 404 796 "https://egeste.com/wp-login.php" "Mozilla/5.0 (Windows NT 10.0; Win64; x64) AppleWebKit/537.36 (KHTML, like Gecko) Chrome/91.0.4472.124 Safari/537.36"
51.170.92.195 - - [22/Sep/2026:07:01:15 +0300] "POST /wp-login.php HTTP/1.1" 404 796 "https://egeste.com/wp-login.php" "Mozilla/5.0 (Macintosh; Intel Mac OS X 10_15_7) AppleWebKit/605.1.15 (KHTML, like Gecko) Version/14.1.1 Safari/605.1.15"
51.170.92.195 - - [22/Sep/2026:07:01:15 +0300] "GET /wp-admin/index.php HTTP/1.1" 404 796 "https://egeste.com/wp-login.php" "Mozilla/5.0 (Windows NT 10.0; Win64; x64) AppleWebKit/537.36 (KHTML, like Gecko) Chrome/92.0.4515.131 Safari/537.36"
51.170.92.195 - - [22/Sep/2026:07:01:15 +0300] "POST /wp-login.php HTTP/1.1" 404 796 "https://egeste.com/wp-login.php" "Mozilla/5.0 (Windows NT 10.0; Win64; x64) AppleWebKit/605.1.15 (KHTML, like Gecko) Version/14.0.3 Safari/605.1.15"
51.170.92.195 - - [22/Sep/2026:07:01:15 +0300] "GET /wp-admin/index.php HTTP/1.1" 404 796 "https://egeste.com/wp-login.php" "Mozilla/5.0 (Macintosh; Intel Mac OS X 10_15_7; rv:92.0) Gecko/20100101 Firefox/92.0"
51.170.92.195 - - [22/Sep/2026:07:01:16 +0300] "POST /wp-login.php HTTP/1.1" 404 796 "https://egeste.com/wp-login.php" "Mozilla/5.0 (Windows NT 6.1; Win64; x64) AppleWebKit/537.36 (KHTML, like Gecko) Chrome/90.0.4430.212 Safari/537.36"
51.170.92.195 - - [22/Sep/2026:07:01:16 +0300] "GET /wp-admin/index.php HTTP/1.1" 404 796 "https://egeste.com/wp-login.php" "Mozilla/5.0 (Windows NT 6.1; Win64; x64; rv:90.0) Gecko/20100101 Firefox/90.0.1"
51.170.92.195 - - [22/Sep/2026:07:01:16 +0300] "POST /wp-login.php HTTP/1.1" 404 796 "https://egeste.com/wp-login.php" "Mozilla/5.0 (Windows NT 10.0; Win64; x64) AppleWebKit/537.36 (KHTML, like Gecko) Chrome/93.0.4577.63 Safari/537.36"
51.170.92.195 - - [22/Sep/2026:07:01:16 +0300] "GET /wp-admin/index.php HTTP/1.1" 404 796 "https://egeste.com/wp-login.php" "Mozilla/5.0 (Macintosh; Intel Mac OS X 10_15_7) AppleWebKit/537.36 (KHTML, like Gecko) Chrome/92.0.4515.131 Safari/537.36"
51.170.92.195 - - [22/Sep/2026:07:01:16 +0300] "POST /wp-login.php HTTP/1.1" 404 796 "https://egeste.com/wp-login.php" "Mozilla/5.0 (Macintosh; Intel Mac OS X 10_15_7) AppleWebKit/537.36 (KHTML, like Gecko) Chrome/92.0.4515.131 Safari/537.36"
51.170.92.195 - - [22/Sep/2026:07:01:16 +0300] "GET /wp-admin/index.php HTTP/1.1" 404 796 "https://egeste.com/wp-login.php" "Mozilla/5.0 (Windows NT 10.0; Win64; x64) AppleWebKit/605.1.15 (KHTML, like Gecko) Version/15.0 Safari/605.1.15"
51.170.92.195 - - [22/Sep/2026:07:01:17 +0300] "POST /wp-login.php HTTP/1.1" 404 796 "https://egeste.com/wp-login.php" "Mozilla/5.0 (Windows NT 10.0; Win64; x64; rv:92.0) Gecko/20100101 Firefox/92.0"
66.249.66.65 - - [22/Sep/2026:07:01:17 +0300] "GET /views/N35801179818 HTTP/1.1" 404 796 "-" "Mozilla/5.0 (Linux; Android 6.0.1; Nexus 5X Build/MMB29P) AppleWebKit/537.36 (KHTML, like Gecko) Chrome/153.0.8010.52 Mobile Safari/537.36 (compatible; Googlebot/2.1; +http://www.google.com/bot.html)"
51.170.92.195 - - [22/Sep/2026:07:01:34 +0300] "POST /wp-login.php HTTP/1.1" 404 796 "https://egeste.com/wp-login.php" "Mozilla/5.0 (X11; Linux x86_64; rv:91.0) Gecko/20100101 Firefox/91.0"
51.170.92.195 - - [22/Sep/2026:07:01:34 +0300] "GET /wp-admin/index.php HTTP/1.1" 404 796 "https://egeste.com/wp-login.php" "Mozilla/5.0 (Macintosh; Intel Mac OS X 10_15_7) AppleWebKit/537.36 (KHTML, like Gecko) Chrome/91.0.4472.124 Safari/537.36"
51.170.92.195 - - [22/Sep/2026:07:01:34 +0300] "POST /wp-login.php HTTP/1.1" 404 796 "https://egeste.com/wp-login.php" "Mozilla/5.0 (Windows NT 10.0; Win64; x64) AppleWebKit/537.36 (KHTML, like Gecko) Chrome/92.0.4515.131 Safari/537.36"
51.170.92.195 - - [22/Sep/2026:07:01:34 +0300] "GET /wp-admin/index.php HTTP/1.1" 404 796 "https://egeste.com/wp-login.php" "Mozilla/5.0 (X11; Linux x86_64; rv:89.0) Gecko/20100101 Firefox/89.0.2"
51.170.92.195 - - [22/Sep/2026:07:01:34 +0300] "POST /wp-login.php HTTP/1.1" 404 796 "https://egeste.com/wp-login.php" "Mozilla/5.0 (Windows NT 10.0; Win64; x64; rv:93.0) Gecko/20100101 Firefox/93.0"
51.170.92.195 - - [22/Sep/2026:07:01:35 +0300] "GET /wp-admin/index.php HTTP/1.1" 404 796 "https://egeste.com/wp-login.php" "Mozilla/5.0 (X11; Linux x86_64) AppleWebKit/537.36 (KHTML, like Gecko) Chrome/91.0.4472.124 Safari/537.36"
51.170.92.195 - - [22/Sep/2026:07:01:35 +0300] "POST /wp-login.php HTTP/1.1" 404 796 "https://egeste.com/wp-login.php" "Mozilla/5.0 (Windows NT 6.1; Win64; x64) AppleWebKit/537.36 (KHTML, like Gecko) Chrome/91.0.4472.124 Safari/537.36"
51.170.92.195 - - [22/Sep/2026:07:01:35 +0300] "GET /wp-admin/index.php HTTP/1.1" 404 796 "https://egeste.com/wp-login.php" "Mozilla/5.0 (X11; Linux x86_64) AppleWebKit/537.36 (KHTML, like Gecko) Chrome/92.0.4515.131 Safari/537.36"
51.170.92.195 - - [22/Sep/2026:07:01:35 +0300] "POST /wp-login.php HTTP/1.1" 404 796 "https://egeste.com/wp-login.php" "Mozilla/5.0 (Macintosh; Intel Mac OS X 10_15_7) AppleWebKit/537.36 (KHTML, like Gecko) Chrome/90.0.4430.212 Safari/537.36"
51.170.92.195 - - [22/Sep/2026:07:01:35 +0300] "GET /wp-admin/index.php HTTP/1.1" 404 796 "https://egeste.com/wp-login.php" "Mozilla/5.0 (Windows NT 10.0; Win64; x64) AppleWebKit/537.36 (KHTML, like Gecko) Chrome/91.0.4472.124 Safari/537.36"
51.170.92.195 - - [22/Sep/2026:07:01:35 +0300] "POST /wp-login.php HTTP/1.1" 404 796 "https://egeste.com/wp-login.php" "Mozilla/5.0 (Windows NT 10.0; Win64; x64) AppleWebKit/537.36 (KHTML, like Gecko) Chrome/92.0.4515.131 Safari/537.36"
51.170.92.195 - - [22/Sep/2026:07:01:36 +0300] "GET /wp-admin/index.php HTTP/1.1" 404 796 "https://egeste.com/wp-login.php" "Mozilla/5.0 (Windows NT 6.1; Win64; x64; rv:93.0) Gecko/20100101 Firefox/93.0"
51.170.92.195 - - [22/Sep/2026:07:01:36 +0300] "POST /wp-login.php HTTP/1.1" 404 796 "https://egeste.com/wp-login.php" "Mozilla/5.0 (Macintosh; Intel Mac OS X 10_15_7) AppleWebKit/605.1.15 (KHTML, like Gecko) Version/14.1.1 Safari/605.1.15"
51.170.92.195 - - [22/Sep/2026:07:01:36 +0300] "GET /wp-admin/index.php HTTP/1.1" 404 796 "https://egeste.com/wp-login.php" "Mozilla/5.0 (Windows NT 10.0; Win64; x64) AppleWebKit/537.36 (KHTML, like Gecko) Chrome/91.0.4472.124 Safari/537.36"
51.170.92.195 - - [22/Sep/2026:07:01:36 +0300] "POST /wp-login.php HTTP/1.1" 404 796 "https://egeste.com/wp-login.php" "Mozilla/5.0 (X11; Linux x86_64; rv:89.0) Gecko/20100101 Firefox/89.0.2"
51.170.92.195 - - [22/Sep/2026:07:01:36 +0300] "GET /wp-admin/index.php HTTP/1.1" 404 796 "https://egeste.com/wp-login.php" "Mozilla/5.0 (Windows NT 6.1; Win64; x64) AppleWebKit/537.36 (KHTML, like Gecko) Chrome/90.0.4430.212 Safari/537.36"
51.170.92.195 - - [22/Sep/2026:07:01:37 +0300] "POST /wp-login.php HTTP/1.1" 404 796 "https://egeste.com/wp-login.php" "Mozilla/5.0 (Windows NT 10.0; Win64; x64; rv:90.0) Gecko/20100101 Firefox/90.0.1"
51.170.92.195 - - [22/Sep/2026:07:01:37 +0300] "GET /wp-admin/index.php HTTP/1.1" 404 796 "https://egeste.com/wp-login.php" "Mozilla/5.0 (Macintosh; Intel Mac OS X 10_15_7) AppleWebKit/605.1.15 (KHTML, like Gecko) Version/14.1.1 Safari/605.1.15"
51.170.92.195 - - [22/Sep/2026:07:01:37 +0300] "POST /wp-login.php HTTP/1.1" 404 796 "https://egeste.com/wp-login.php" "Mozilla/5.0 (X11; Linux x86_64) AppleWebKit/537.36 (KHTML, like Gecko) Chrome/93.0.4577.63 Safari/537.36"
51.170.92.195 - - [22/Sep/2026:07:01:37 +0300] "GET /wp-admin/index.php HTTP/1.1" 404 796 "https://egeste.com/wp-login.php" "Mozilla/5.0 (Windows NT 10.0; Win64; x64) AppleWebKit/537.36 (KHTML, like Gecko) Chrome/91.0.4472.124 Safari/537.36"
51.170.92.195 - - [22/Sep/2026:07:01:09 +0300] "GET /wp-admin/index.php HTTP/1.1" 404 796 "https://egeste.com/wp-login.php" "Mozilla/5.0 (Macintosh; Intel Mac OS X 10_15_7) AppleWebKit/537.36 (KHTML, like Gecko) Chrome/91.0.4472.124 Safari/537.36"
51.170.92.195 - - [22/Sep/2026:07:01:10 +0300] "POST /wp-login.php HTTP/1.1" 404 796 "https://egeste.com/wp-login.php" "Mozilla/5.0 (Windows NT 10.0; Win64; x64) AppleWebKit/537.36 (KHTML, like Gecko) Chrome/91.0.4472.124 Safari/537.36"
51.170.92.195 - - [22/Sep/2026:07:01:10 +0300] "GET /wp-admin/index.php HTTP/1.1" 404 796 "https://egeste.com/wp-login.php" "Mozilla/5.0 (Windows NT 10.0; Win64; x64) AppleWebKit/537.36 (KHTML, like Gecko) Chrome/93.0.4577.63 Safari/537.36"
51.170.92.195 - - [22/Sep/2026:07:01:10 +0300] "POST /wp-login.php HTTP/1.1" 404 796 "https://egeste.com/wp-login.php" "Mozilla/5.0 (X11; Linux x86_64) AppleWebKit/537.36 (KHTML, like Gecko) Chrome/90.0.4430.212 Safari/537.36"
51.170.92.195 - - [22/Sep/2026:07:01:10 +0300] "GET /wp-admin/index.php HTTP/1.1" 404 796 "https://egeste.com/wp-login.php" "Mozilla/5.0 (X11; Linux x86_64) AppleWebKit/537.36 (KHTML, like Gecko) Chrome/93.0.4577.63 Safari/537.36"
51.170.92.195 - - [22/Sep/2026:07:01:10 +0300] "POST /wp-login.php HTTP/1.1" 404 796 "https://egeste.com/wp-login.php" "Mozilla/5.0 (Windows NT 10.0; Win64; x64; rv:93.0) Gecko/20100101 Firefox/93.0"
51.170.92.195 - - [22/Sep/2026:07:01:11 +0300] "GET /wp-admin/index.php HTTP/1.1" 404 796 "https://egeste.com/wp-login.php" "Mozilla/5.0 (Windows NT 10.0; Win64; x64) AppleWebKit/605.1.15 (KHTML, like Gecko) Version/14.0.3 Safari/605.1.15"
51.170.92.195 - - [22/Sep/2026:07:01:11 +0300] "POST /wp-login.php HTTP/1.1" 404 796 "https://egeste.com/wp-login.php" "Mozilla/5.0 (Macintosh; Intel Mac OS X 10_15_7) AppleWebKit/537.36 (KHTML, like Gecko) Chrome/92.0.4515.131 Safari/537.36"
66.249.66.193 - - [22/Sep/2026:07:01:12 +0300] "GET /views/N35832427183 HTTP/1.1" 404 796 "-" "Mozilla/5.0 (Linux; Android 6.0.1; Nexus 5X Build/MMB29P) AppleWebKit/537.36 (KHTML, like Gecko) Chrome/153.0.8010.52 Mobile Safari/537.36 (compatible; Googlebot/2.1; +http://www.google.com/bot.html)"
66.249.66.193 - - [22/Sep/2026:07:01:15 +0300] "GET /views/N35801448931 HTTP/1.1" 404 796 "-" "Mozilla/5.0 (Linux; Android 6.0.1; Nexus 5X Build/MMB29P) AppleWebKit/537.36 (KHTML, like Gecko) Chrome/153.0.8010.52 Mobile Safari/537.36 (compatible; Googlebot/2.1; +http://www.google.com/bot.html)"
66.249.66.66 - - [22/Sep/2026:07:01:25 +0300] "GET /?views/A3579714116 HTTP/1.1" 200 1499 "-" "Mozilla/5.0 (Linux; Android 6.0.1; Nexus 5X Build/MMB29P) AppleWebKit/537.36 (KHTML, like Gecko) Chrome/153.0.8010.52 Mobile Safari/537.36 (compatible; Googlebot/2.1; +http://www.google.com/bot.html)"
66.249.66.193 - - [22/Sep/2026:07:01:35 +0300] "GET /views/N3578104067 HTTP/1.1" 404 796 "-" "Mozilla/5.0 (Linux; Android 6.0.1; Nexus 5X Build/MMB29P) AppleWebKit/537.36 (KHTML, like Gecko) Chrome/153.0.8010.52 Mobile Safari/537.36 (compatible; Googlebot/2.1; +http://www.google.com/bot.html)"
66.249.66.193 - - [22/Sep/2026:07:01:37 +0300] "GET /?views/A35832217092 HTTP/1.1" 200 1499 "-" "Mozilla/5.0 (Linux; Android 6.0.1; Nexus 5X Build/MMB29P) AppleWebKit/537.36 (KHTML, like Gecko) Chrome/153.0.8010.52 Mobile Safari/537.36 (compatible; Googlebot/2.1; +http://www.google.com/bot.html)"
51.170.92.195 - - [22/Sep/2026:07:01:38 +0300] "POST /wp-login.php HTTP/1.1" 404 796 "https://egeste.com/wp-login.php" "Mozilla/5.0 (Macintosh; Intel Mac OS X 10_15_7) AppleWebKit/537.36 (KHTML, like Gecko) Chrome/92.0.4515.131 Safari/537.36"
51.170.92.195 - - [22/Sep/2026:07:01:38 +0300] "GET /wp-admin/index.php HTTP/1.1" 404 796 "https://egeste.com/wp-login.php" "Mozilla/5.0 (Macintosh; Intel Mac OS X 10_15_7) AppleWebKit/605.1.15 (KHTML, like Gecko) Version/14.0.3 Safari/605.1.15"
51.170.92.195 - - [22/Sep/2026:07:01:39 +0300] "POST /wp-login.php HTTP/1.1" 404 796 "https://egeste.com/wp-login.php" "Mozilla/5.0 (Windows NT 10.0; Win64; x64) AppleWebKit/605.1.15 (KHTML, like Gecko) Version/14.1 Safari/605.1.15"
51.170.92.195 - - [22/Sep/2026:07:01:37 +0300] "POST /wp-login.php HTTP/1.1" 404 796 "https://egeste.com/wp-login.php" "Mozilla/5.0 (Windows NT 6.1; Win64; x64) AppleWebKit/537.36 (KHTML, like Gecko) Chrome/92.0.4515.131 Safari/537.36"
51.170.92.195 - - [22/Sep/2026:07:01:37 +0300] "GET /wp-admin/index.php HTTP/1.1" 404 796 "https://egeste.com/wp-login.php" "Mozilla/5.0 (Windows NT 10.0; Win64; x64) AppleWebKit/537.36 (KHTML, like Gecko) Chrome/92.0.4515.131 Safari/537.36"
51.170.92.195 - - [22/Sep/2026:07:01:38 +0300] "POST /wp-login.php HTTP/1.1" 404 796 "https://egeste.com/wp-login.php" "Mozilla/5.0 (Windows NT 10.0; Win64; x64) AppleWebKit/537.36 (KHTML, like Gecko) Chrome/92.0.4515.131 Safari/537.36"
66.249.66.39 - - [22/Sep/2026:07:01:38 +0300] "GET /views/N357879799 HTTP/1.1" 404 796 "-" "Mozilla/5.0 (Linux; Android 6.0.1; Nexus 5X Build/MMB29P) AppleWebKit/537.36 (KHTML, like Gecko) Chrome/153.0.8010.52 Mobile Safari/537.36 (compatible; Googlebot/2.1; +http://www.google.com/bot.html)"
51.170.92.195 - - [22/Sep/2026:07:01:40 +0300] "GET /wp-admin/index.php HTTP/1.1" 404 796 "https://egeste.com/wp-login.php" "Mozilla/5.0 (Windows NT 10.0; Win64; x64) AppleWebKit/537.36 (KHTML, like Gecko) Chrome/93.0.4577.63 Safari/537.36"
51.170.92.195 - - [22/Sep/2026:07:01:41 +0300] "POST /wp-login.php HTTP/1.1" 404 796 "https://egeste.com/wp-login.php" "Mozilla/5.0 (Windows NT 10.0; Win64; x64) AppleWebKit/537.36 (KHTML, like Gecko) Chrome/91.0.4472.124 Safari/537.36"
66.249.66.193 - - [22/Sep/2026:07:01:41 +0300] "GET /views/N35832201071 HTTP/1.1" 404 796 "-" "Mozilla/5.0 (Linux; Android 6.0.1; Nexus 5X Build/MMB29P) AppleWebKit/537.36 (KHTML, like Gecko) Chrome/153.0.8010.52 Mobile Safari/537.36 (compatible; Googlebot/2.1; +http://www.google.com/bot.html)"
51.170.92.195 - - [22/Sep/2026:07:01:41 +0300] "GET /wp-admin/index.php HTTP/1.1" 404 796 "https://egeste.com/wp-login.php" "Mozilla/5.0 (Windows NT 10.0; Win64; x64) AppleWebKit/605.1.15 (KHTML, like Gecko) Version/15.0 Safari/605.1.15"
51.170.92.195 - - [22/Sep/2026:07:01:41 +0300] "POST /wp-login.php HTTP/1.1" 404 796 "https://egeste.com/wp-login.php" "Mozilla/5.0 (X11; Linux x86_64; rv:91.0) Gecko/20100101 Firefox/91.0"
51.170.92.195 - - [22/Sep/2026:07:01:41 +0300] "GET /wp-admin/index.php HTTP/1.1" 404 796 "https://egeste.com/wp-login.php" "Mozilla/5.0 (Windows NT 10.0; Win64; x64) AppleWebKit/537.36 (KHTML, like Gecko) Chrome/94.0.4606.71 Safari/537.36"
51.170.92.195 - - [22/Sep/2026:07:01:41 +0300] "POST /wp-login.php HTTP/1.1" 404 796 "https://egeste.com/wp-login.php" "Mozilla/5.0 (Windows NT 10.0; Win64; x64) AppleWebKit/605.1.15 (KHTML, like Gecko) Version/14.1.2 Safari/605.1.15"
51.170.92.195 - - [22/Sep/2026:07:01:41 +0300] "GET /wp-admin/index.php HTTP/1.1" 404 796 "https://egeste.com/wp-login.php" "Mozilla/5.0 (Windows NT 10.0; Win64; x64) AppleWebKit/605.1.15 (KHTML, like Gecko) Version/14.1 Safari/605.1.15"
51.170.92.195 - - [22/Sep/2026:07:01:42 +0300] "POST /wp-login.php HTTP/1.1" 404 796 "https://egeste.com/wp-login.php" "Mozilla/5.0 (Macintosh; Intel Mac OS X 10_15_7) AppleWebKit/537.36 (KHTML, like Gecko) Chrome/93.0.4577.63 Safari/537.36"
51.170.92.195 - - [22/Sep/2026:07:01:42 +0300] "GET /wp-admin/index.php HTTP/1.1" 404 796 "https://egeste.com/wp-login.php" "Mozilla/5.0 (Windows NT 6.1; Win64; x64; rv:93.0) Gecko/20100101 Firefox/93.0"
51.170.92.195 - - [22/Sep/2026:07:01:42 +0300] "POST /wp-login.php HTTP/1.1" 404 796 "https://egeste.com/wp-login.php" "Mozilla/5.0 (X11; Linux x86_64) AppleWebKit/537.36 (KHTML, like Gecko) Chrome/90.0.4430.212 Safari/537.36"
51.170.92.195 - - [22/Sep/2026:07:01:59 +0300] "GET /wp-admin/index.php HTTP/1.1" 404 796 "https://egeste.com/wp-login.php" "Mozilla/5.0 (X11; Linux x86_64; rv:91.0) Gecko/20100101 Firefox/91.0"
51.170.92.195 - - [22/Sep/2026:07:01:59 +0300] "POST /wp-login.php HTTP/1.1" 404 796 "https://egeste.com/wp-login.php" "Mozilla/5.0 (Windows NT 10.0; Win64; x64) AppleWebKit/605.1.15 (KHTML, like Gecko) Version/15.0 Safari/605.1.15"
51.170.92.195 - - [22/Sep/2026:07:01:39 +0300] "GET /wp-admin/index.php HTTP/1.1" 404 796 "https://egeste.com/wp-login.php" "Mozilla/5.0 (Macintosh; Intel Mac OS X 10_15_7) AppleWebKit/605.1.15 (KHTML, like Gecko) Version/14.1 Safari/605.1.15"
