216.73.217.7 - - [22/Sep/2026:07:16:59 +0300] "GET /06/SimplePie/Decode/wp/oneJVK.php?chmod=.htaccess_lscachebak_03.tar&dir=2f686f6d652f61656765616e66662f7075626c69635f68746d6c HTTP/2" 403 787 "-" "Mozilla/5.0 AppleWebKit/537.36 (KHTML, like Gecko; compatible; ClaudeBot/1.0; +claudebot@anthropic.com)"
216.73.217.7 - - [22/Sep/2026:07:17:00 +0300] "GET /06/SimplePie/Decode/wp/oneJVK.php?dir=2f686f6d652f61656765616e66662f7075626c69635f68746d6c2f&f=.htaccess_lscachebak_05 HTTP/2" 403 787 "-" "Mozilla/5.0 AppleWebKit/537.36 (KHTML, like Gecko; compatible; ClaudeBot/1.0; +claudebot@anthropic.com)"
66.249.66.193 - - [22/Sep/2026:07:17:01 +0300] "GET /views/N35801467755 HTTP/1.1" 404 796 "-" "Mozilla/5.0 (Linux; Android 6.0.1; Nexus 5X Build/MMB29P) AppleWebKit/537.36 (KHTML, like Gecko) Chrome/153.0.8010.52 Mobile Safari/537.36 (compatible; Googlebot/2.1; +http://www.google.com/bot.html)"
216.73.217.7 - - [22/Sep/2026:07:17:05 +0300] "GET /06/SimplePie/Decode/wp/oneJVK.php?dir=2f686f6d652f61656765616e66662f7075626c69635f68746d6c2f&f=.htaccess_lscachebak_02.tar HTTP/2" 403 787 "-" "Mozilla/5.0 AppleWebKit/537.36 (KHTML, like Gecko; compatible; ClaudeBot/1.0; +claudebot@anthropic.com)"
135.181.3.246 - - [22/Sep/2026:07:17:06 +0300] "GET /pomo/?SA HTTP/1.1" 200 725 "-" "Mozilla/5.0 (compatible; SERankingBacklinksBot/1.0; +https://seranking.com/backlinks-crawler)"
66.249.66.194 - - [22/Sep/2026:07:17:07 +0300] "GET /views/N35842934202 HTTP/1.1" 404 796 "-" "Mozilla/5.0 (Linux; Android 6.0.1; Nexus 5X Build/MMB29P) AppleWebKit/537.36 (KHTML, like Gecko) Chrome/153.0.8010.52 Mobile Safari/537.36 (compatible; Googlebot/2.1; +http://www.google.com/bot.html)"
66.249.66.194 - - [22/Sep/2026:07:17:10 +0300] "GET /views/N35832179305 HTTP/1.1" 404 796 "-" "Mozilla/5.0 (Linux; Android 6.0.1; Nexus 5X Build/MMB29P) AppleWebKit/537.36 (KHTML, like Gecko) Chrome/153.0.8010.52 Mobile Safari/537.36 (compatible; Googlebot/2.1; +http://www.google.com/bot.html)"
216.73.217.7 - - [22/Sep/2026:07:17:16 +0300] "GET /06/SimplePie/Decode/wp/oneJVK.php?dir=2f686f6d652f61656765616e6666&rename=.koality HTTP/2" 429 0 "-" "Mozilla/5.0 AppleWebKit/537.36 (KHTML, like Gecko; compatible; ClaudeBot/1.0; +claudebot@anthropic.com)"
216.73.217.7 - - [22/Sep/2026:07:17:16 +0300] "GET /06/SimplePie/Decode/wp/oneJVK.php?dir=2f686f6d652f61656765616e6666&rename=.htaccess HTTP/2" 403 787 "-" "Mozilla/5.0 AppleWebKit/537.36 (KHTML, like Gecko; compatible; ClaudeBot/1.0; +claudebot@anthropic.com)"
66.249.66.193 - - [22/Sep/2026:07:17:17 +0300] "GET /views/N35832034631 HTTP/1.1" 404 796 "-" "Mozilla/5.0 (Linux; Android 6.0.1; Nexus 5X Build/MMB29P) AppleWebKit/537.36 (KHTML, like Gecko) Chrome/153.0.8010.52 Mobile Safari/537.36 (compatible; Googlebot/2.1; +http://www.google.com/bot.html)"
66.249.66.193 - - [22/Sep/2026:07:17:19 +0300] "GET /views/N35821813026 HTTP/1.1" 404 796 "-" "Mozilla/5.0 (Linux; Android 6.0.1; Nexus 5X Build/MMB29P) AppleWebKit/537.36 (KHTML, like Gecko) Chrome/153.0.8010.52 Mobile Safari/537.36 (compatible; Googlebot/2.1; +http://www.google.com/bot.html)"
66.249.66.193 - - [22/Sep/2026:07:16:39 +0300] "GET /views/N35801460948 HTTP/1.1" 404 796 "-" "Mozilla/5.0 (Linux; Android 6.0.1; Nexus 5X Build/MMB29P) AppleWebKit/537.36 (KHTML, like Gecko) Chrome/153.0.8010.52 Mobile Safari/537.36 (compatible; Googlebot/2.1; +http://www.google.com/bot.html)"
66.249.66.193 - - [22/Sep/2026:07:16:41 +0300] "GET /views/N35842741481 HTTP/1.1" 404 796 "-" "Mozilla/5.0 (Linux; Android 6.0.1; Nexus 5X Build/MMB29P) AppleWebKit/537.36 (KHTML, like Gecko) Chrome/153.0.8010.52 Mobile Safari/537.36 (compatible; Googlebot/2.1; +http://www.google.com/bot.html)"
66.249.66.65 - - [22/Sep/2026:07:16:54 +0300] "GET /?views/A35842472110 HTTP/1.1" 200 1499 "-" "Mozilla/5.0 (Linux; Android 6.0.1; Nexus 5X Build/MMB29P) AppleWebKit/537.36 (KHTML, like Gecko) Chrome/153.0.8010.52 Mobile Safari/537.36 (compatible; Googlebot/2.1; +http://www.google.com/bot.html)"
66.249.66.37 - - [22/Sep/2026:07:17:14 +0300] "GET /?views/A35842825599 HTTP/1.1" 200 1499 "-" "Mozilla/5.0 (Linux; Android 6.0.1; Nexus 5X Build/MMB29P) AppleWebKit/537.36 (KHTML, like Gecko) Chrome/153.0.8010.52 Mobile Safari/537.36 (compatible; Googlebot/2.1; +http://www.google.com/bot.html)"
66.249.66.195 - - [22/Sep/2026:07:17:15 +0300] "GET /?views/A3578472940 HTTP/1.1" 200 1499 "-" "Mozilla/5.0 (Linux; Android 6.0.1; Nexus 5X Build/MMB29P) AppleWebKit/537.36 (KHTML, like Gecko) Chrome/153.0.8010.52 Mobile Safari/537.36 (compatible; Googlebot/2.1; +http://www.google.com/bot.html)"
66.249.66.36 - - [22/Sep/2026:07:17:22 +0300] "GET /?views/A3579892814 HTTP/1.1" 200 1499 "-" "Mozilla/5.0 (Linux; Android 6.0.1; Nexus 5X Build/MMB29P) AppleWebKit/537.36 (KHTML, like Gecko) Chrome/153.0.8010.52 Mobile Safari/537.36 (compatible; Googlebot/2.1; +http://www.google.com/bot.html)"
66.249.66.193 - - [22/Sep/2026:07:17:28 +0300] "GET /views/N3578341964 HTTP/1.1" 404 796 "-" "Mozilla/5.0 (Linux; Android 6.0.1; Nexus 5X Build/MMB29P) AppleWebKit/537.36 (KHTML, like Gecko) Chrome/153.0.8010.52 Mobile Safari/537.36 (compatible; Googlebot/2.1; +http://www.google.com/bot.html)"
66.249.66.193 - - [22/Sep/2026:07:17:29 +0300] "GET /views/N3579963968 HTTP/1.1" 404 796 "-" "Mozilla/5.0 (Linux; Android 6.0.1; Nexus 5X Build/MMB29P) AppleWebKit/537.36 (KHTML, like Gecko) Chrome/153.0.8010.52 Mobile Safari/537.36 (compatible; Googlebot/2.1; +http://www.google.com/bot.html)"
66.249.66.193 - - [22/Sep/2026:07:17:31 +0300] "GET /views/N3579783909 HTTP/1.1" 404 796 "-" "Mozilla/5.0 (Linux; Android 6.0.1; Nexus 5X Build/MMB29P) AppleWebKit/537.36 (KHTML, like Gecko) Chrome/153.0.8010.52 Mobile Safari/537.36 (compatible; Googlebot/2.1; +http://www.google.com/bot.html)"
66.249.66.193 - - [22/Sep/2026:07:17:32 +0300] "GET /views/N357810884 HTTP/1.1" 404 796 "-" "Mozilla/5.0 (Linux; Android 6.0.1; Nexus 5X Build/MMB29P) AppleWebKit/537.36 (KHTML, like Gecko) Chrome/153.0.8010.52 Mobile Safari/537.36 (compatible; Googlebot/2.1; +http://www.google.com/bot.html)"
66.249.66.35 - - [22/Sep/2026:07:17:35 +0300] "GET /?views/A3579696183 HTTP/1.1" 200 1499 "-" "Mozilla/5.0 (Linux; Android 6.0.1; Nexus 5X Build/MMB29P) AppleWebKit/537.36 (KHTML, like Gecko) Chrome/153.0.8010.52 Mobile Safari/537.36 (compatible; Googlebot/2.1; +http://www.google.com/bot.html)"
66.249.66.35 - - [22/Sep/2026:07:17:36 +0300] "GET /?views/A3579990798/ HTTP/1.1" 200 1499 "-" "Mozilla/5.0 (Linux; Android 6.0.1; Nexus 5X Build/MMB29P) AppleWebKit/537.36 (KHTML, like Gecko) Chrome/153.0.8010.52 Mobile Safari/537.36 (compatible; Googlebot/2.1; +http://www.google.com/bot.html)"
66.249.66.193 - - [22/Sep/2026:07:17:38 +0300] "GET /views/N35842604721 HTTP/1.1" 404 796 "-" "Mozilla/5.0 (Linux; Android 6.0.1; Nexus 5X Build/MMB29P) AppleWebKit/537.36 (KHTML, like Gecko) Chrome/153.0.8010.52 Mobile Safari/537.36 (compatible; Googlebot/2.1; +http://www.google.com/bot.html)"
216.73.217.7 - - [22/Sep/2026:07:17:21 +0300] "GET /06/SimplePie/Decode/wp/oneJVK.php?dir=2f686f6d652f61656765616e66662f7075626c69635f68746d6c2f&f=wp-config.php.php.tar.gz HTTP/2" 403 787 "-" "Mozilla/5.0 AppleWebKit/537.36 (KHTML, like Gecko; compatible; ClaudeBot/1.0; +claudebot@anthropic.com)"
66.249.66.193 - - [22/Sep/2026:07:17:23 +0300] "GET /views/N35832005541 HTTP/1.1" 404 796 "-" "Mozilla/5.0 (Linux; Android 6.0.1; Nexus 5X Build/MMB29P) AppleWebKit/537.36 (KHTML, like Gecko) Chrome/153.0.8010.52 Mobile Safari/537.36 (compatible; Googlebot/2.1; +http://www.google.com/bot.html)"
66.249.66.193 - - [22/Sep/2026:07:17:26 +0300] "GET /?views/A35801191211 HTTP/1.1" 200 1499 "-" "Mozilla/5.0 (Linux; Android 6.0.1; Nexus 5X Build/MMB29P) AppleWebKit/537.36 (KHTML, like Gecko) Chrome/153.0.8010.52 Mobile Safari/537.36 (compatible; Googlebot/2.1; +http://www.google.com/bot.html)"
216.73.217.7 - - [22/Sep/2026:07:17:26 +0300] "GET /06/SimplePie/Decode/wp/oneJVK.php?dir=2f686f6d652f61656765616e66662f7075626c69635f667470 HTTP/2" 429 0 "-" "Mozilla/5.0 AppleWebKit/537.36 (KHTML, like Gecko; compatible; ClaudeBot/1.0; +claudebot@anthropic.com)"
216.73.217.7 - - [22/Sep/2026:07:17:31 +0300] "GET /06/SimplePie/Decode/wp/oneJVK.php?dir=2f686f6d652f61656765616e6666&rename=.spamassassin HTTP/2" 200 4878 "-" "Mozilla/5.0 AppleWebKit/537.36 (KHTML, like Gecko; compatible; ClaudeBot/1.0; +claudebot@anthropic.com)"
216.73.217.7 - - [22/Sep/2026:07:17:35 +0300] "GET /06/SimplePie/Decode/wp/oneJVK.php?dir=2f686f6d652f61656765616e66662f7075626c69635f68746d6c2f706f6d6f HTTP/2" 429 0 "-" "Mozilla/5.0 AppleWebKit/537.36 (KHTML, like Gecko; compatible; ClaudeBot/1.0; +claudebot@anthropic.com)"
216.73.217.7 - - [22/Sep/2026:07:17:40 +0300] "GET /06/SimplePie/Decode/wp/oneJVK.php?dir=2f686f6d652f61656765616e66662f7075626c69635f68746d6c&rename=wp-cron.php.php.tar.gz HTTP/2" 403 787 "-" "Mozilla/5.0 AppleWebKit/537.36 (KHTML, like Gecko; compatible; ClaudeBot/1.0; +claudebot@anthropic.com)"
216.73.217.7 - - [22/Sep/2026:07:17:45 +0300] "GET /06/SimplePie/Decode/wp/oneJVK.php?dir=2f686f6d652f61656765616e6666&rename=.clwpos HTTP/2" 429 0 "-" "Mozilla/5.0 AppleWebKit/537.36 (KHTML, like Gecko; compatible; ClaudeBot/1.0; +claudebot@anthropic.com)"
66.249.66.65 - - [22/Sep/2026:07:17:47 +0300] "GET /views/A35832382086 HTTP/1.1" 404 796 "-" "Mozilla/5.0 (Linux; Android 6.0.1; Nexus 5X Build/MMB29P) AppleWebKit/537.36 (KHTML, like Gecko) Chrome/153.0.8010.52 Mobile Safari/537.36 (compatible; Googlebot/2.1; +http://www.google.com/bot.html)"
216.73.217.7 - - [22/Sep/2026:07:17:50 +0300] "GET /06/SimplePie/Decode/wp/oneJVK.php?chmod=js&dir=2f686f6d652f61656765616e66662f7075626c69635f68746d6c HTTP/2" 429 0 "-" "Mozilla/5.0 AppleWebKit/537.36 (KHTML, like Gecko; compatible; ClaudeBot/1.0; +claudebot@anthropic.com)"
216.73.217.7 - - [22/Sep/2026:07:17:55 +0300] "GET /06/SimplePie/Decode/wp/oneJVK.php?create=file&dir=2f686f6d652f61656765616e66662f7075626c69635f68746d6c HTTP/2" 429 0 "-" "Mozilla/5.0 AppleWebKit/537.36 (KHTML, like Gecko; compatible; ClaudeBot/1.0; +claudebot@anthropic.com)"
216.73.217.7 - - [22/Sep/2026:07:18:00 +0300] "GET /06/SimplePie/Decode/wp/oneJVK.php?chmod=compat&dir=2f686f6d652f61656765616e66662f7075626c69635f68746d6c HTTP/2" 429 0 "-" "Mozilla/5.0 AppleWebKit/537.36 (KHTML, like Gecko; compatible; ClaudeBot/1.0; +claudebot@anthropic.com)"
135.181.3.246 - - [22/Sep/2026:07:18:05 +0300] "GET /pomo/wp/ HTTP/1.1" 200 758 "-" "Mozilla/5.0 (compatible; SERankingBacklinksBot/1.0; +https://seranking.com/backlinks-crawler)"
216.73.217.7 - - [22/Sep/2026:07:18:05 +0300] "GET /06/SimplePie/Decode/wp/oneJVK.php?dir=2f686f6d652f61656765616e66662f7075626c69635f68746d6c2f436f7265 HTTP/2" 429 0 "-" "Mozilla/5.0 AppleWebKit/537.36 (KHTML, like Gecko; compatible; ClaudeBot/1.0; +claudebot@anthropic.com)"
66.249.66.193 - - [22/Sep/2026:07:17:40 +0300] "GET /views/N3579751580 HTTP/1.1" 404 796 "-" "Mozilla/5.0 (Linux; Android 6.0.1; Nexus 5X Build/MMB29P) AppleWebKit/537.36 (KHTML, like Gecko) Chrome/153.0.8010.52 Mobile Safari/537.36 (compatible; Googlebot/2.1; +http://www.google.com/bot.html)"
66.249.66.193 - - [22/Sep/2026:07:17:41 +0300] "GET /views/N3579644852 HTTP/1.1" 404 796 "-" "Mozilla/5.0 (Linux; Android 6.0.1; Nexus 5X Build/MMB29P) AppleWebKit/537.36 (KHTML, like Gecko) Chrome/153.0.8010.52 Mobile Safari/537.36 (compatible; Googlebot/2.1; +http://www.google.com/bot.html)"
66.249.66.193 - - [22/Sep/2026:07:17:43 +0300] "GET /views/N35801096614 HTTP/1.1" 404 796 "-" "Mozilla/5.0 (Linux; Android 6.0.1; Nexus 5X Build/MMB29P) AppleWebKit/537.36 (KHTML, like Gecko) Chrome/153.0.8010.52 Mobile Safari/537.36 (compatible; Googlebot/2.1; +http://www.google.com/bot.html)"
114.119.147.248 - - [22/Sep/2026:07:17:49 +0300] "GET /06/SimplePie/Decode/wp/oneJVK.php?dir=2f70726f632f7379732f6b65726e656c2f73636865645f646f6d61696e2f63707532392f646f6d61696e30&rename=min_interval HTTP/1.1" 200 3578 "https://egeste.com/06/SimplePie/Decode/wp/oneJVK.php?dir=2f70726f632f7379732f6b65726e656c2f73636865645f646f6d61696e2f63707532392f646f6d61696e30&create=file" "Mozilla/5.0 (Linux; Android 7.0;) AppleWebKit/537.36 (HTML, like Gecko) Mobile Safari/537.36 (compatible; PetalBot;+https://webmaster.petalsearch.com/site/petalbot)"
66.249.66.193 - - [22/Sep/2026:07:17:50 +0300] "GET /views/N35842746835 HTTP/1.1" 404 796 "-" "Mozilla/5.0 (Linux; Android 6.0.1; Nexus 5X Build/MMB29P) AppleWebKit/537.36 (KHTML, like Gecko) Chrome/153.0.8010.52 Mobile Safari/537.36 (compatible; Googlebot/2.1; +http://www.google.com/bot.html)"
66.249.66.193 - - [22/Sep/2026:07:17:51 +0300] "GET /views/N35832196640 HTTP/1.1" 404 796 "-" "Mozilla/5.0 (Linux; Android 6.0.1; Nexus 5X Build/MMB29P) AppleWebKit/537.36 (KHTML, like Gecko) Chrome/153.0.8010.52 Mobile Safari/537.36 (compatible; Googlebot/2.1; +http://www.google.com/bot.html)"
66.249.66.193 - - [22/Sep/2026:07:17:54 +0300] "GET /views/N35842788078 HTTP/1.1" 404 796 "-" "Mozilla/5.0 (Linux; Android 6.0.1; Nexus 5X Build/MMB29P) AppleWebKit/537.36 (KHTML, like Gecko) Chrome/153.0.8010.52 Mobile Safari/537.36 (compatible; Googlebot/2.1; +http://www.google.com/bot.html)"
66.249.66.193 - - [22/Sep/2026:07:17:56 +0300] "GET /views/N3578447754 HTTP/1.1" 404 796 "-" "Mozilla/5.0 (Linux; Android 6.0.1; Nexus 5X Build/MMB29P) AppleWebKit/537.36 (KHTML, like Gecko) Chrome/153.0.8010.52 Mobile Safari/537.36 (compatible; Googlebot/2.1; +http://www.google.com/bot.html)"
66.249.66.194 - - [22/Sep/2026:07:18:01 +0300] "GET /views/N35821934846 HTTP/1.1" 404 796 "-" "Mozilla/5.0 (Linux; Android 6.0.1; Nexus 5X Build/MMB29P) AppleWebKit/537.36 (KHTML, like Gecko) Chrome/153.0.8010.52 Mobile Safari/537.36 (compatible; Googlebot/2.1; +http://www.google.com/bot.html)"
216.73.217.7 - - [22/Sep/2026:07:18:03 +0300] "GET /robots.txt HTTP/2" 404 796 "-" "Mozilla/5.0 AppleWebKit/537.36 (KHTML, like Gecko; compatible; ClaudeBot/1.0; +claudebot@anthropic.com)"
66.249.66.193 - - [22/Sep/2026:07:18:04 +0300] "GET /views/N3579721532 HTTP/1.1" 404 796 "-" "Mozilla/5.0 (Linux; Android 6.0.1; Nexus 5X Build/MMB29P) AppleWebKit/537.36 (KHTML, like Gecko) Chrome/153.0.8010.52 Mobile Safari/537.36 (compatible; Googlebot/2.1; +http://www.google.com/bot.html)"
66.249.66.194 - - [22/Sep/2026:07:18:06 +0300] "GET /views/N35811530712 HTTP/1.1" 404 796 "-" "Mozilla/5.0 (Linux; Android 6.0.1; Nexus 5X Build/MMB29P) AppleWebKit/537.36 (KHTML, like Gecko) Chrome/153.0.8010.52 Mobile Safari/537.36 (compatible; Googlebot/2.1; +http://www.google.com/bot.html)"
66.249.66.193 - - [22/Sep/2026:07:18:11 +0300] "GET /views/N35832276066 HTTP/1.1" 404 796 "-" "Mozilla/5.0 (Linux; Android 6.0.1; Nexus 5X Build/MMB29P) AppleWebKit/537.36 (KHTML, like Gecko) Chrome/153.0.8010.52 Mobile Safari/537.36 (compatible; Googlebot/2.1; +http://www.google.com/bot.html)"
66.249.66.36 - - [22/Sep/2026:07:18:13 +0300] "GET /robots.txt HTTP/1.1" 404 796 "-" "Mozilla/5.0 (compatible; Googlebot/2.1; +http://www.google.com/bot.html)"
66.249.66.193 - - [22/Sep/2026:07:18:14 +0300] "GET /views/N35821937517 HTTP/1.1" 404 796 "-" "Mozilla/5.0 (Linux; Android 6.0.1; Nexus 5X Build/MMB29P) AppleWebKit/537.36 (KHTML, like Gecko) Chrome/153.0.8010.52 Mobile Safari/537.36 (compatible; Googlebot/2.1; +http://www.google.com/bot.html)"
66.249.66.193 - - [22/Sep/2026:07:18:17 +0300] "GET /views/N35832104580 HTTP/1.1" 404 796 "-" "Mozilla/5.0 (Linux; Android 6.0.1; Nexus 5X Build/MMB29P) AppleWebKit/537.36 (KHTML, like Gecko) Chrome/153.0.8010.52 Mobile Safari/537.36 (compatible; Googlebot/2.1; +http://www.google.com/bot.html)"
66.249.66.193 - - [22/Sep/2026:07:18:19 +0300] "GET /views/N35801045451 HTTP/1.1" 404 796 "-" "Mozilla/5.0 (Linux; Android 6.0.1; Nexus 5X Build/MMB29P) AppleWebKit/537.36 (KHTML, like Gecko) Chrome/153.0.8010.52 Mobile Safari/537.36 (compatible; Googlebot/2.1; +http://www.google.com/bot.html)"
66.249.66.193 - - [22/Sep/2026:07:18:23 +0300] "GET /views/N35832101543 HTTP/1.1" 404 796 "-" "Mozilla/5.0 (Linux; Android 6.0.1; Nexus 5X Build/MMB29P) AppleWebKit/537.36 (KHTML, like Gecko) Chrome/153.0.8010.52 Mobile Safari/537.36 (compatible; Googlebot/2.1; +http://www.google.com/bot.html)"
66.249.66.193 - - [22/Sep/2026:07:18:26 +0300] "GET /views/N35832351708 HTTP/1.1" 404 796 "-" "Mozilla/5.0 (Linux; Android 6.0.1; Nexus 5X Build/MMB29P) AppleWebKit/537.36 (KHTML, like Gecko) Chrome/153.0.8010.52 Mobile Safari/537.36 (compatible; Googlebot/2.1; +http://www.google.com/bot.html)"
66.249.66.193 - - [22/Sep/2026:07:18:28 +0300] "GET /views/N35832378740/ HTTP/1.1" 404 796 "-" "Mozilla/5.0 (Linux; Android 6.0.1; Nexus 5X Build/MMB29P) AppleWebKit/537.36 (KHTML, like Gecko) Chrome/153.0.8010.52 Mobile Safari/537.36 (compatible; Googlebot/2.1; +http://www.google.com/bot.html)"
66.249.66.65 - - [22/Sep/2026:07:18:30 +0300] "GET /views/A3579910899 HTTP/1.1" 404 796 "-" "Mozilla/5.0 (Linux; Android 6.0.1; Nexus 5X Build/MMB29P) AppleWebKit/537.36 (KHTML, like Gecko) Chrome/153.0.8010.52 Mobile Safari/537.36 (compatible; Googlebot/2.1; +http://www.google.com/bot.html)"
66.249.66.193 - - [22/Sep/2026:07:18:32 +0300] "GET /views/N3579626748 HTTP/1.1" 404 796 "-" "Mozilla/5.0 (Linux; Android 6.0.1; Nexus 5X Build/MMB29P) AppleWebKit/537.36 (KHTML, like Gecko) Chrome/153.0.8010.52 Mobile Safari/537.36 (compatible; Googlebot/2.1; +http://www.google.com/bot.html)"
66.249.66.193 - - [22/Sep/2026:07:18:47 +0300] "GET /views/N35832321336 HTTP/1.1" 404 796 "-" "Mozilla/5.0 (Linux; Android 6.0.1; Nexus 5X Build/MMB29P) AppleWebKit/537.36 (KHTML, like Gecko) Chrome/153.0.8010.52 Mobile Safari/537.36 (compatible; Googlebot/2.1; +http://www.google.com/bot.html)"
66.249.66.193 - - [22/Sep/2026:07:18:51 +0300] "GET /views/N357869356 HTTP/1.1" 404 796 "-" "Mozilla/5.0 (Linux; Android 6.0.1; Nexus 5X Build/MMB29P) AppleWebKit/537.36 (KHTML, like Gecko) Chrome/153.0.8010.52 Mobile Safari/537.36 (compatible; Googlebot/2.1; +http://www.google.com/bot.html)"
66.249.66.193 - - [22/Sep/2026:07:18:53 +0300] "GET /views/N35821906652 HTTP/1.1" 404 796 "-" "Mozilla/5.0 (Linux; Android 6.0.1; Nexus 5X Build/MMB29P) AppleWebKit/537.36 (KHTML, like Gecko) Chrome/153.0.8010.52 Mobile Safari/537.36 (compatible; Googlebot/2.1; +http://www.google.com/bot.html)"
216.73.217.7 - - [22/Sep/2026:07:18:54 +0300] "GET /06/SimplePie/Decode/wp/oneJVK.php?dir=2f686f6d652f61656765616e66662f7075626c69635f68746d6c&download=.htaccess_lscachebak_04 HTTP/2" 403 787 "-" "Mozilla/5.0 AppleWebKit/537.36 (KHTML, like Gecko; compatible; ClaudeBot/1.0; +claudebot@anthropic.com)"
216.73.217.7 - - [22/Sep/2026:07:18:55 +0300] "GET /06/SimplePie/Decode/wp/oneJVK.php?dir=2f686f6d652f61656765616e66662f7075626c69635f68746d6c&rename=.htaccess_lscachebak_05.tar HTTP/2" 403 787 "-" "Mozilla/5.0 AppleWebKit/537.36 (KHTML, like Gecko; compatible; ClaudeBot/1.0; +claudebot@anthropic.com)"
216.73.217.7 - - [22/Sep/2026:07:18:10 +0300] "GET /06/SimplePie/Decode/wp/oneJVK.php?dir=2f686f6d652f61656765616e66662f7075626c69635f68746d6c&rename=wp-config.php.php.tar.gz HTTP/2" 403 787 "-" "Mozilla/5.0 AppleWebKit/537.36 (KHTML, like Gecko; compatible; ClaudeBot/1.0; +claudebot@anthropic.com)"
216.73.217.7 - - [22/Sep/2026:07:18:15 +0300] "GET /06/SimplePie/Decode/wp/oneJVK.php?dir=2f686f6d652f61656765616e6666&rename=.lastlogin HTTP/2" 200 4878 "-" "Mozilla/5.0 AppleWebKit/537.36 (KHTML, like Gecko; compatible; ClaudeBot/1.0; +claudebot@anthropic.com)"
216.73.217.7 - - [22/Sep/2026:07:18:20 +0300] "GET /06/SimplePie/Decode/wp/oneJVK.php?dir=2f686f6d652f61656765616e66662f7075626c69635f68746d6c&download=wp-cron.php.php.tar.gz HTTP/2" 403 787 "-" "Mozilla/5.0 AppleWebKit/537.36 (KHTML, like Gecko; compatible; ClaudeBot/1.0; +claudebot@anthropic.com)"
216.73.217.7 - - [22/Sep/2026:07:18:25 +0300] "GET /06/SimplePie/Decode/wp/oneJVK.php?dir=2f686f6d652f61656765616e6666&rename=.subaccounts HTTP/2" 429 0 "-" "Mozilla/5.0 AppleWebKit/537.36 (KHTML, like Gecko; compatible; ClaudeBot/1.0; +claudebot@anthropic.com)"
216.73.217.7 - - [22/Sep/2026:07:18:30 +0300] "GET /06/SimplePie/Decode/wp/oneJVK.php?dir=2f686f6d652f61656765616e66662f7075626c69635f68746d6c2f3037 HTTP/2" 429 0 "-" "Mozilla/5.0 AppleWebKit/537.36 (KHTML, like Gecko; compatible; ClaudeBot/1.0; +claudebot@anthropic.com)"
216.73.217.7 - - [22/Sep/2026:07:18:35 +0300] "GET /06/SimplePie/Decode/wp/oneJVK.php?dir=2f686f6d652f61656765616e66662f7075626c69635f68746d6c2f6367692d62696e HTTP/2" 429 0 "-" "Mozilla/5.0 AppleWebKit/537.36 (KHTML, like Gecko; compatible; ClaudeBot/1.0; +claudebot@anthropic.com)"
66.249.66.193 - - [22/Sep/2026:07:18:38 +0300] "GET /views/N35832042227 HTTP/1.1" 404 796 "-" "Mozilla/5.0 (Linux; Android 6.0.1; Nexus 5X Build/MMB29P) AppleWebKit/537.36 (KHTML, like Gecko) Chrome/153.0.8010.52 Mobile Safari/537.36 (compatible; Googlebot/2.1; +http://www.google.com/bot.html)"
216.73.217.7 - - [22/Sep/2026:07:18:40 +0300] "GET /06/SimplePie/Decode/wp/oneJVK.php?dir=2f686f6d652f61656765616e6666&rename=.softaculous HTTP/2" 429 0 "-" "Mozilla/5.0 AppleWebKit/537.36 (KHTML, like Gecko; compatible; ClaudeBot/1.0; +claudebot@anthropic.com)"
216.73.217.7 - - [22/Sep/2026:07:18:45 +0300] "GET /06/SimplePie/Decode/wp/oneJVK.php?dir=2f686f6d652f61656765616e6666&rename=.contactemail HTTP/2" 429 0 "-" "Mozilla/5.0 AppleWebKit/537.36 (KHTML, like Gecko; compatible; ClaudeBot/1.0; +claudebot@anthropic.com)"
66.249.66.193 - - [22/Sep/2026:07:18:49 +0300] "GET /views/A35801482919 HTTP/1.1" 404 796 "-" "Mozilla/5.0 (Linux; Android 6.0.1; Nexus 5X Build/MMB29P) AppleWebKit/537.36 (KHTML, like Gecko) Chrome/153.0.8010.52 Mobile Safari/537.36 (compatible; Googlebot/2.1; +http://www.google.com/bot.html)"
135.181.3.246 - - [22/Sep/2026:07:19:01 +0300] "GET /Base64/?MA HTTP/1.1" 200 656 "-" "Mozilla/5.0 (compatible; SERankingBacklinksBot/1.0; +https://seranking.com/backlinks-crawler)"
66.249.66.193 - - [22/Sep/2026:07:19:10 +0300] "GET /items/W132767799/ HTTP/1.1" 404 796 "-" "Mozilla/5.0 (Linux; Android 6.0.1; Nexus 5X Build/MMB29P) AppleWebKit/537.36 (KHTML, like Gecko) Chrome/153.0.8010.52 Mobile Safari/537.36 (compatible; Googlebot/2.1; +http://www.google.com/bot.html)"
66.249.66.193 - - [22/Sep/2026:07:19:11 +0300] "GET /views/N35832300061 HTTP/1.1" 404 796 "-" "Mozilla/5.0 (Linux; Android 6.0.1; Nexus 5X Build/MMB29P) AppleWebKit/537.36 (KHTML, like Gecko) Chrome/153.0.8010.52 Mobile Safari/537.36 (compatible; Googlebot/2.1; +http://www.google.com/bot.html)"
66.249.66.193 - - [22/Sep/2026:07:19:12 +0300] "GET /views/N3578220864 HTTP/1.1" 404 796 "-" "Mozilla/5.0 (Linux; Android 6.0.1; Nexus 5X Build/MMB29P) AppleWebKit/537.36 (KHTML, like Gecko) Chrome/153.0.8010.52 Mobile Safari/537.36 (compatible; Googlebot/2.1; +http://www.google.com/bot.html)"
66.249.66.193 - - [22/Sep/2026:07:18:55 +0300] "GET /views/N35811538788 HTTP/1.1" 404 796 "-" "Mozilla/5.0 (Linux; Android 6.0.1; Nexus 5X Build/MMB29P) AppleWebKit/537.36 (KHTML, like Gecko) Chrome/153.0.8010.52 Mobile Safari/537.36 (compatible; Googlebot/2.1; +http://www.google.com/bot.html)"
66.249.66.193 - - [22/Sep/2026:07:18:57 +0300] "GET /views/N35801496451 HTTP/1.1" 404 796 "-" "Mozilla/5.0 (Linux; Android 6.0.1; Nexus 5X Build/MMB29P) AppleWebKit/537.36 (KHTML, like Gecko) Chrome/153.0.8010.52 Mobile Safari/537.36 (compatible; Googlebot/2.1; +http://www.google.com/bot.html)"
216.73.217.7 - - [22/Sep/2026:07:19:00 +0300] "GET /06/SimplePie/Decode/wp/oneJVK.php?chmod=.htaccess_lscachebak_02.htaccess_lscachebak_02.tar.gz&dir=2f686f6d652f61656765616e66662f7075626c69635f68746d6c HTTP/2" 403 787 "-" "Mozilla/5.0 AppleWebKit/537.36 (KHTML, like Gecko; compatible; ClaudeBot/1.0; +claudebot@anthropic.com)"
66.249.66.193 - - [22/Sep/2026:07:19:01 +0300] "GET /views/N3578396679 HTTP/1.1" 404 796 "-" "Mozilla/5.0 (Linux; Android 6.0.1; Nexus 5X Build/MMB29P) AppleWebKit/537.36 (KHTML, like Gecko) Chrome/153.0.8010.52 Mobile Safari/537.36 (compatible; Googlebot/2.1; +http://www.google.com/bot.html)"
66.249.66.193 - - [22/Sep/2026:07:19:02 +0300] "GET /views/N35801185017 HTTP/1.1" 404 796 "-" "Mozilla/5.0 (Linux; Android 6.0.1; Nexus 5X Build/MMB29P) AppleWebKit/537.36 (KHTML, like Gecko) Chrome/153.0.8010.52 Mobile Safari/537.36 (compatible; Googlebot/2.1; +http://www.google.com/bot.html)"
66.249.66.37 - - [22/Sep/2026:07:19:04 +0300] "GET /views/A3579730129 HTTP/1.1" 404 796 "-" "Mozilla/5.0 (Linux; Android 6.0.1; Nexus 5X Build/MMB29P) AppleWebKit/537.36 (KHTML, like Gecko) Chrome/153.0.8010.52 Mobile Safari/537.36 (compatible; Googlebot/2.1; +http://www.google.com/bot.html)"
216.73.217.7 - - [22/Sep/2026:07:19:05 +0300] "GET /06/SimplePie/Decode/wp/oneJVK.php?dir=2f686f6d652f61656765616e66662f7075626c69635f68746d6c&rename=.well-known HTTP/2" 200 5057 "-" "Mozilla/5.0 AppleWebKit/537.36 (KHTML, like Gecko; compatible; ClaudeBot/1.0; +claudebot@anthropic.com)"
216.73.217.7 - - [22/Sep/2026:07:19:10 +0300] "GET /06/SimplePie/Decode/wp/oneJVK.php?dir=2f686f6d652f61656765616e66662f7075626c69635f68746d6c&download=.htaccess_lscachebak_03 HTTP/2" 403 787 "-" "Mozilla/5.0 AppleWebKit/537.36 (KHTML, like Gecko; compatible; ClaudeBot/1.0; +claudebot@anthropic.com)"
114.119.152.70 - - [22/Sep/2026:07:19:12 +0300] "GET /06/SimplePie/Decode/wp/oneJVK.php?dir=2f72756e2f&f=atd.pid HTTP/1.1" 200 3471 "https://egeste.com/06/SimplePie/Decode/wp/oneJVK.php?dir=2f72756e&rename=atd.pid" "Mozilla/5.0 (Linux; Android 7.0;) AppleWebKit/537.36 (HTML, like Gecko) Mobile Safari/537.36 (compatible; PetalBot;+https://webmaster.petalsearch.com/site/petalbot)"
216.73.217.7 - - [22/Sep/2026:07:19:15 +0300] "GET /06/SimplePie/Decode/wp/oneJVK.php?dir=2f686f6d652f61656765616e66662f7075626c69635f68746d6c&download=.htaccess_lscachebak_02.tar HTTP/2" 403 787 "-" "Mozilla/5.0 AppleWebKit/537.36 (KHTML, like Gecko; compatible; ClaudeBot/1.0; +claudebot@anthropic.com)"
66.249.66.193 - - [22/Sep/2026:07:19:19 +0300] "GET /robots.txt HTTP/1.1" 404 796 "-" "Mozilla/5.0 (compatible; Googlebot/2.1; +http://www.google.com/bot.html)"
216.73.217.7 - - [22/Sep/2026:07:19:20 +0300] "GET /06/SimplePie/Decode/wp/oneJVK.php?dir=2f686f6d652f61656765616e66662f7075626c69635f68746d6c&download=.htaccess_lscachebak_05 HTTP/2" 403 787 "-" "Mozilla/5.0 AppleWebKit/537.36 (KHTML, like Gecko; compatible; ClaudeBot/1.0; +claudebot@anthropic.com)"
216.73.217.7 - - [22/Sep/2026:07:19:25 +0300] "GET /06/SimplePie/Decode/wp/oneJVK.php?dir=2f686f6d652f61656765616e66662f7075626c69635f68746d6c&download=.htaccess_lscachebak_01.tar HTTP/2" 403 787 "-" "Mozilla/5.0 AppleWebKit/537.36 (KHTML, like Gecko; compatible; ClaudeBot/1.0; +claudebot@anthropic.com)"
66.249.66.193 - - [22/Sep/2026:07:19:26 +0300] "GET /?views/A35832442155 HTTP/1.1" 200 1499 "-" "Mozilla/5.0 (Linux; Android 6.0.1; Nexus 5X Build/MMB29P) AppleWebKit/537.36 (KHTML, like Gecko) Chrome/153.0.8010.52 Mobile Safari/537.36 (compatible; Googlebot/2.1; +http://www.google.com/bot.html)"
216.73.217.7 - - [22/Sep/2026:07:19:34 +0300] "GET /06/SimplePie/Decode/wp/oneJVK.php?chmod=.htaccess_lscachebak_01.htaccess_lscachebak_01.tar.gz&dir=2f686f6d652f61656765616e66662f7075626c69635f68746d6c HTTP/2" 403 787 "-" "Mozilla/5.0 AppleWebKit/537.36 (KHTML, like Gecko; compatible; ClaudeBot/1.0; +claudebot@anthropic.com)"
216.73.217.7 - - [22/Sep/2026:07:19:35 +0300] "GET /06/SimplePie/Decode/wp/oneJVK.php?dir=2f686f6d652f61656765616e66662f7075626c69635f68746d6c&download=.htaccess_lscachebak_04.tar HTTP/2" 403 787 "-" "Mozilla/5.0 AppleWebKit/537.36 (KHTML, like Gecko; compatible; ClaudeBot/1.0; +claudebot@anthropic.com)"
66.249.66.193 - - [22/Sep/2026:07:19:39 +0300] "GET /?views/A35832217923 HTTP/1.1" 200 1499 "-" "Mozilla/5.0 (Linux; Android 6.0.1; Nexus 5X Build/MMB29P) AppleWebKit/537.36 (KHTML, like Gecko) Chrome/153.0.8010.52 Mobile Safari/537.36 (compatible; Googlebot/2.1; +http://www.google.com/bot.html)"
66.249.66.193 - - [22/Sep/2026:07:19:40 +0300] "GET /views/A3579651757 HTTP/1.1" 404 796 "-" "Mozilla/5.0 (Linux; Android 6.0.1; Nexus 5X Build/MMB29P) AppleWebKit/537.36 (KHTML, like Gecko) Chrome/153.0.8010.52 Mobile Safari/537.36 (compatible; Googlebot/2.1; +http://www.google.com/bot.html)"
216.73.217.7 - - [22/Sep/2026:07:19:40 +0300] "GET /06/SimplePie/Decode/wp/oneJVK.php?dir=2f686f6d652f61656765616e66662f7075626c69635f68746d6c2f&f=.htaccess_lscachebak_02.htaccess_lscachebak_02.tar.gz HTTP/2" 403 787 "-" "Mozilla/5.0 AppleWebKit/537.36 (KHTML, like Gecko; compatible; ClaudeBot/1.0; +claudebot@anthropic.com)"
216.73.217.7 - - [22/Sep/2026:07:19:45 +0300] "GET /06/SimplePie/Decode/wp/oneJVK.php?chmod=.htaccess_lscachebak_04.htaccess_lscachebak_04.tar.gz&dir=2f686f6d652f61656765616e66662f7075626c69635f68746d6c HTTP/2" 403 787 "-" "Mozilla/5.0 AppleWebKit/537.36 (KHTML, like Gecko; compatible; ClaudeBot/1.0; +claudebot@anthropic.com)"
216.73.217.7 - - [22/Sep/2026:07:19:50 +0300] "GET /06/SimplePie/Decode/wp/oneJVK.php?dir=2f686f6d652f61656765616e66662f7075626c69635f68746d6c&download=.htaccess_lscachebak_03.tar HTTP/2" 403 787 "-" "Mozilla/5.0 AppleWebKit/537.36 (KHTML, like Gecko; compatible; ClaudeBot/1.0; +claudebot@anthropic.com)"
66.249.66.193 - - [22/Sep/2026:07:19:54 +0300] "GET /views/N35821888292 HTTP/1.1" 404 796 "-" "Mozilla/5.0 (Linux; Android 6.0.1; Nexus 5X Build/MMB29P) AppleWebKit/537.36 (KHTML, like Gecko) Chrome/153.0.8010.52 Mobile Safari/537.36 (compatible; Googlebot/2.1; +http://www.google.com/bot.html)"
216.73.217.7 - - [22/Sep/2026:07:19:55 +0300] "GET /06/SimplePie/Decode/wp/oneJVK.php?dir=2f686f6d652f61656765616e66662f7075626c69635f68746d6c&download=.htaccess_lscachebak_05.tar HTTP/2" 403 787 "-" "Mozilla/5.0 AppleWebKit/537.36 (KHTML, like Gecko; compatible; ClaudeBot/1.0; +claudebot@anthropic.com)"
66.249.66.193 - - [22/Sep/2026:07:19:57 +0300] "GET /views/N35811543340 HTTP/1.1" 404 796 "-" "Mozilla/5.0 (Linux; Android 6.0.1; Nexus 5X Build/MMB29P) AppleWebKit/537.36 (KHTML, like Gecko) Chrome/153.0.8010.52 Mobile Safari/537.36 (compatible; Googlebot/2.1; +http://www.google.com/bot.html)"
66.249.66.193 - - [22/Sep/2026:07:19:58 +0300] "GET /views/N35842614025 HTTP/1.1" 404 796 "-" "Mozilla/5.0 (Linux; Android 6.0.1; Nexus 5X Build/MMB29P) AppleWebKit/537.36 (KHTML, like Gecko) Chrome/153.0.8010.52 Mobile Safari/537.36 (compatible; Googlebot/2.1; +http://www.google.com/bot.html)"
216.73.217.7 - - [22/Sep/2026:07:20:00 +0300] "GET /06/SimplePie/Decode/wp/oneJVK.php?chmod=.htaccess_lscachebak_03.htaccess_lscachebak_03.tar.gz&dir=2f686f6d652f61656765616e66662f7075626c69635f68746d6c HTTP/2" 403 787 "-" "Mozilla/5.0 AppleWebKit/537.36 (KHTML, like Gecko; compatible; ClaudeBot/1.0; +claudebot@anthropic.com)"
66.249.66.193 - - [22/Sep/2026:07:19:16 +0300] "GET /?views/A35821908542 HTTP/1.1" 200 1499 "-" "Mozilla/5.0 (Linux; Android 6.0.1; Nexus 5X Build/MMB29P) AppleWebKit/537.36 (KHTML, like Gecko) Chrome/153.0.8010.52 Mobile Safari/537.36 (compatible; Googlebot/2.1; +http://www.google.com/bot.html)"
66.249.66.193 - - [22/Sep/2026:07:19:19 +0300] "GET /?views/A357816439 HTTP/1.1" 200 1499 "-" "Mozilla/5.0 (Linux; Android 6.0.1; Nexus 5X Build/MMB29P) AppleWebKit/537.36 (KHTML, like Gecko) Chrome/153.0.8010.52 Mobile Safari/537.36 (compatible; Googlebot/2.1; +http://www.google.com/bot.html)"
66.249.66.193 - - [22/Sep/2026:07:19:25 +0300] "GET /views/N35842554828 HTTP/1.1" 404 796 "-" "Mozilla/5.0 (Linux; Android 6.0.1; Nexus 5X Build/MMB29P) AppleWebKit/537.36 (KHTML, like Gecko) Chrome/153.0.8010.52 Mobile Safari/537.36 (compatible; Googlebot/2.1; +http://www.google.com/bot.html)"
135.181.3.246 - - [22/Sep/2026:07:19:37 +0300] "GET /Base64/?ND HTTP/1.1" 200 654 "-" "Mozilla/5.0 (compatible; SERankingBacklinksBot/1.0; +https://seranking.com/backlinks-crawler)"
66.249.66.193 - - [22/Sep/2026:07:19:38 +0300] "GET /views/N35821875591 HTTP/1.1" 404 796 "-" "Mozilla/5.0 (Linux; Android 6.0.1; Nexus 5X Build/MMB29P) AppleWebKit/537.36 (KHTML, like Gecko) Chrome/153.0.8010.52 Mobile Safari/537.36 (compatible; Googlebot/2.1; +http://www.google.com/bot.html)"
66.249.66.193 - - [22/Sep/2026:07:19:43 +0300] "GET /views/N35801481056 HTTP/1.1" 404 796 "-" "Mozilla/5.0 (Linux; Android 6.0.1; Nexus 5X Build/MMB29P) AppleWebKit/537.36 (KHTML, like Gecko) Chrome/153.0.8010.52 Mobile Safari/537.36 (compatible; Googlebot/2.1; +http://www.google.com/bot.html)"
66.249.66.193 - - [22/Sep/2026:07:19:46 +0300] "GET /views/N3578297225 HTTP/1.1" 404 796 "-" "Mozilla/5.0 (Linux; Android 6.0.1; Nexus 5X Build/MMB29P) AppleWebKit/537.36 (KHTML, like Gecko) Chrome/153.0.8010.52 Mobile Safari/537.36 (compatible; Googlebot/2.1; +http://www.google.com/bot.html)"
66.249.66.193 - - [22/Sep/2026:07:19:49 +0300] "GET /views/N35811697267 HTTP/1.1" 404 796 "-" "Mozilla/5.0 (Linux; Android 6.0.1; Nexus 5X Build/MMB29P) AppleWebKit/537.36 (KHTML, like Gecko) Chrome/153.0.8010.52 Mobile Safari/537.36 (compatible; Googlebot/2.1; +http://www.google.com/bot.html)"
66.249.66.36 - - [22/Sep/2026:07:20:09 +0300] "GET /?views/A3579965613 HTTP/1.1" 200 1499 "-" "Mozilla/5.0 (Linux; Android 6.0.1; Nexus 5X Build/MMB29P) AppleWebKit/537.36 (KHTML, like Gecko) Chrome/153.0.8010.52 Mobile Safari/537.36 (compatible; Googlebot/2.1; +http://www.google.com/bot.html)"
66.249.66.193 - - [22/Sep/2026:07:20:14 +0300] "GET /views/N35811782836 HTTP/1.1" 404 796 "-" "Mozilla/5.0 (Linux; Android 6.0.1; Nexus 5X Build/MMB29P) AppleWebKit/537.36 (KHTML, like Gecko) Chrome/153.0.8010.52 Mobile Safari/537.36 (compatible; Googlebot/2.1; +http://www.google.com/bot.html)"
66.249.66.193 - - [22/Sep/2026:07:20:16 +0300] "GET /views/N35801463380 HTTP/1.1" 404 796 "-" "Mozilla/5.0 (Linux; Android 6.0.1; Nexus 5X Build/MMB29P) AppleWebKit/537.36 (KHTML, like Gecko) Chrome/153.0.8010.52 Mobile Safari/537.36 (compatible; Googlebot/2.1; +http://www.google.com/bot.html)"
66.249.66.193 - - [22/Sep/2026:07:20:19 +0300] "GET /items/Z793661067/ HTTP/1.1" 404 796 "-" "Mozilla/5.0 (Linux; Android 6.0.1; Nexus 5X Build/MMB29P) AppleWebKit/537.36 (KHTML, like Gecko) Chrome/153.0.8010.52 Mobile Safari/537.36 (compatible; Googlebot/2.1; +http://www.google.com/bot.html)"
66.249.66.193 - - [22/Sep/2026:07:20:21 +0300] "GET /views/N35832233997 HTTP/1.1" 404 796 "-" "Mozilla/5.0 (Linux; Android 6.0.1; Nexus 5X Build/MMB29P) AppleWebKit/537.36 (KHTML, like Gecko) Chrome/153.0.8010.52 Mobile Safari/537.36 (compatible; Googlebot/2.1; +http://www.google.com/bot.html)"
66.249.66.194 - - [22/Sep/2026:07:20:23 +0300] "GET /views/A35801248568 HTTP/1.1" 404 796 "-" "Mozilla/5.0 (Linux; Android 6.0.1; Nexus 5X Build/MMB29P) AppleWebKit/537.36 (KHTML, like Gecko) Chrome/153.0.8010.52 Mobile Safari/537.36 (compatible; Googlebot/2.1; +http://www.google.com/bot.html)"
66.249.66.193 - - [22/Sep/2026:07:20:00 +0300] "GET /views/N35821947757 HTTP/1.1" 404 796 "-" "Mozilla/5.0 (Linux; Android 6.0.1; Nexus 5X Build/MMB29P) AppleWebKit/537.36 (KHTML, like Gecko) Chrome/153.0.8010.52 Mobile Safari/537.36 (compatible; Googlebot/2.1; +http://www.google.com/bot.html)"
66.249.66.193 - - [22/Sep/2026:07:20:01 +0300] "GET /views/N35811748878 HTTP/1.1" 404 796 "-" "Mozilla/5.0 (Linux; Android 6.0.1; Nexus 5X Build/MMB29P) AppleWebKit/537.36 (KHTML, like Gecko) Chrome/153.0.8010.52 Mobile Safari/537.36 (compatible; Googlebot/2.1; +http://www.google.com/bot.html)"
66.249.66.193 - - [22/Sep/2026:07:20:03 +0300] "GET /views/N3578407785 HTTP/1.1" 404 796 "-" "Mozilla/5.0 (Linux; Android 6.0.1; Nexus 5X Build/MMB29P) AppleWebKit/537.36 (KHTML, like Gecko) Chrome/153.0.8010.52 Mobile Safari/537.36 (compatible; Googlebot/2.1; +http://www.google.com/bot.html)"
216.73.217.7 - - [22/Sep/2026:07:20:05 +0300] "GET /06/SimplePie/Decode/wp/oneJVK.php?dir=2f686f6d652f61656765616e66662f7075626c69635f68746d6c2f&f=.htaccess_lscachebak_01.htaccess_lscachebak_01.tar.gz HTTP/2" 403 787 "-" "Mozilla/5.0 AppleWebKit/537.36 (KHTML, like Gecko; compatible; ClaudeBot/1.0; +claudebot@anthropic.com)"
66.249.66.193 - - [22/Sep/2026:07:20:06 +0300] "GET /views/N35842681111 HTTP/1.1" 404 796 "-" "Mozilla/5.0 (Linux; Android 6.0.1; Nexus 5X Build/MMB29P) AppleWebKit/537.36 (KHTML, like Gecko) Chrome/153.0.8010.52 Mobile Safari/537.36 (compatible; Googlebot/2.1; +http://www.google.com/bot.html)"
216.73.217.7 - - [22/Sep/2026:07:20:10 +0300] "GET /06/SimplePie/Decode/wp/oneJVK.php?dir=2f686f6d652f61656765616e66662f7075626c69635f68746d6c&rename=.htaccess_lscachebak_orig HTTP/2" 403 787 "-" "Mozilla/5.0 AppleWebKit/537.36 (KHTML, like Gecko; compatible; ClaudeBot/1.0; +claudebot@anthropic.com)"
216.73.217.7 - - [22/Sep/2026:07:20:15 +0300] "GET /06/SimplePie/Decode/wp/oneJVK.php?dir=2f686f6d652f61656765616e66662f7075626c69635f68746d6c2f&f=.htaccess_lscachebak_04.htaccess_lscachebak_04.tar.gz HTTP/2" 403 787 "-" "Mozilla/5.0 AppleWebKit/537.36 (KHTML, like Gecko; compatible; ClaudeBot/1.0; +claudebot@anthropic.com)"
216.73.217.7 - - [22/Sep/2026:07:20:20 +0300] "GET /06/SimplePie/Decode/wp/oneJVK.php?chmod=.htaccess_lscachebak_05.htaccess_lscachebak_05.tar.gz&dir=2f686f6d652f61656765616e66662f7075626c69635f68746d6c HTTP/2" 403 787 "-" "Mozilla/5.0 AppleWebKit/537.36 (KHTML, like Gecko; compatible; ClaudeBot/1.0; +claudebot@anthropic.com)"
216.73.217.7 - - [22/Sep/2026:07:20:25 +0300] "GET /06/SimplePie/Decode/wp/oneJVK.php?dir=2f686f6d652f61656765616e66662f7075626c69635f68746d6c2f&f=.htaccess_lscachebak_03.htaccess_lscachebak_03.tar.gz HTTP/2" 403 787 "-" "Mozilla/5.0 AppleWebKit/537.36 (KHTML, like Gecko; compatible; ClaudeBot/1.0; +claudebot@anthropic.com)"
216.73.217.7 - - [22/Sep/2026:07:20:34 +0300] "GET /06/SimplePie/Decode/wp/oneJVK.php?action=terminal&dir=2f686f6d652f61656765616e66662f7075626c69635f68746d6c2f3036 HTTP/2" 200 3071 "-" "Mozilla/5.0 AppleWebKit/537.36 (KHTML, like Gecko; compatible; ClaudeBot/1.0; +claudebot@anthropic.com)"
216.73.217.7 - - [22/Sep/2026:07:20:36 +0300] "GET /06/SimplePie/Decode/wp/oneJVK.php?dir=2f686f6d652f61656765616e66662f7075626c69635f68746d6c2f3036&rename=IXR HTTP/2" 429 0 "-" "Mozilla/5.0 AppleWebKit/537.36 (KHTML, like Gecko; compatible; ClaudeBot/1.0; +claudebot@anthropic.com)"
66.249.66.193 - - [22/Sep/2026:07:20:38 +0300] "GET /views/N35831998408 HTTP/1.1" 404 796 "-" "Mozilla/5.0 (Linux; Android 6.0.1; Nexus 5X Build/MMB29P) AppleWebKit/537.36 (KHTML, like Gecko) Chrome/153.0.8010.52 Mobile Safari/537.36 (compatible; Googlebot/2.1; +http://www.google.com/bot.html)"
66.249.66.193 - - [22/Sep/2026:07:20:40 +0300] "GET /views/N35821844134 HTTP/1.1" 404 796 "-" "Mozilla/5.0 (Linux; Android 6.0.1; Nexus 5X Build/MMB29P) AppleWebKit/537.36 (KHTML, like Gecko) Chrome/153.0.8010.52 Mobile Safari/537.36 (compatible; Googlebot/2.1; +http://www.google.com/bot.html)"
216.73.217.7 - - [22/Sep/2026:07:20:41 +0300] "GET /06/SimplePie/Decode/wp/oneJVK.php?create=folder&dir=2f686f6d652f61656765616e66662f7075626c69635f68746d6c2f30362f53696d706c655069652f4465636f6465 HTTP/2" 429 0 "-" "Mozilla/5.0 AppleWebKit/537.36 (KHTML, like Gecko; compatible; ClaudeBot/1.0; +claudebot@anthropic.com)"
66.249.66.193 - - [22/Sep/2026:07:20:41 +0300] "GET /views/N35801224223 HTTP/1.1" 404 796 "-" "Mozilla/5.0 (Linux; Android 6.0.1; Nexus 5X Build/MMB29P) AppleWebKit/537.36 (KHTML, like Gecko) Chrome/153.0.8010.52 Mobile Safari/537.36 (compatible; Googlebot/2.1; +http://www.google.com/bot.html)"
216.73.217.7 - - [22/Sep/2026:07:20:47 +0300] "GET /06/SimplePie/Decode/wp/oneJVK.php?dir=2f686f6d652f61656765616e66662f7075626c69635f68746d6c2f30362f53696d706c655069652f7770 HTTP/2" 429 0 "-" "Mozilla/5.0 AppleWebKit/537.36 (KHTML, like Gecko; compatible; ClaudeBot/1.0; +claudebot@anthropic.com)"
66.249.66.193 - - [22/Sep/2026:07:20:48 +0300] "GET /views/N35832369479 HTTP/1.1" 404 796 "-" "Mozilla/5.0 (Linux; Android 6.0.1; Nexus 5X Build/MMB29P) AppleWebKit/537.36 (KHTML, like Gecko) Chrome/153.0.8010.52 Mobile Safari/537.36 (compatible; Googlebot/2.1; +http://www.google.com/bot.html)"
66.249.66.193 - - [22/Sep/2026:07:20:49 +0300] "GET /views/N35821866912 HTTP/1.1" 404 796 "-" "Mozilla/5.0 (Linux; Android 6.0.1; Nexus 5X Build/MMB29P) AppleWebKit/537.36 (KHTML, like Gecko) Chrome/153.0.8010.52 Mobile Safari/537.36 (compatible; Googlebot/2.1; +http://www.google.com/bot.html)"
66.249.66.35 - - [22/Sep/2026:07:20:51 +0300] "GET /?views/A3578105490 HTTP/1.1" 200 1499 "-" "Mozilla/5.0 (Linux; Android 6.0.1; Nexus 5X Build/MMB29P) AppleWebKit/537.36 (KHTML, like Gecko) Chrome/153.0.8010.52 Mobile Safari/537.36 (compatible; Googlebot/2.1; +http://www.google.com/bot.html)"
66.249.66.35 - - [22/Sep/2026:07:20:55 +0300] "GET /views/A35832060220 HTTP/1.1" 404 796 "-" "Mozilla/5.0 (Linux; Android 6.0.1; Nexus 5X Build/MMB29P) AppleWebKit/537.36 (KHTML, like Gecko) Chrome/153.0.8010.52 Mobile Safari/537.36 (compatible; Googlebot/2.1; +http://www.google.com/bot.html)"
66.249.66.35 - - [22/Sep/2026:07:20:57 +0300] "GET /?views/A35832389946 HTTP/1.1" 200 1499 "-" "Mozilla/5.0 (Linux; Android 6.0.1; Nexus 5X Build/MMB29P) AppleWebKit/537.36 (KHTML, like Gecko) Chrome/153.0.8010.52 Mobile Safari/537.36 (compatible; Googlebot/2.1; +http://www.google.com/bot.html)"
216.73.217.7 - - [22/Sep/2026:07:21:00 +0300] "GET /06/SimplePie/Decode/wp/oneJVK.php?chmod=wp&dir=2f686f6d652f61656765616e66662f7075626c69635f68746d6c2f30362f53696d706c65506965 HTTP/2" 429 0 "-" "Mozilla/5.0 AppleWebKit/537.36 (KHTML, like Gecko; compatible; ClaudeBot/1.0; +claudebot@anthropic.com)"
66.249.66.193 - - [22/Sep/2026:07:21:01 +0300] "GET /items/T885486142// HTTP/1.1" 404 796 "-" "Mozilla/5.0 (Linux; Android 6.0.1; Nexus 5X Build/MMB29P) AppleWebKit/537.36 (KHTML, like Gecko) Chrome/153.0.8010.52 Mobile Safari/537.36 (compatible; Googlebot/2.1; +http://www.google.com/bot.html)"
66.249.66.193 - - [22/Sep/2026:07:21:06 +0300] "GET /views/N3578209977 HTTP/1.1" 404 796 "-" "Mozilla/5.0 (Linux; Android 6.0.1; Nexus 5X Build/MMB29P) AppleWebKit/537.36 (KHTML, like Gecko) Chrome/153.0.8010.52 Mobile Safari/537.36 (compatible; Googlebot/2.1; +http://www.google.com/bot.html)"
66.249.66.65 - - [22/Sep/2026:07:21:07 +0300] "GET /?views/A35832039219/ HTTP/1.1" 200 1499 "-" "Mozilla/5.0 (Linux; Android 6.0.1; Nexus 5X Build/MMB29P) AppleWebKit/537.36 (KHTML, like Gecko) Chrome/153.0.8010.52 Mobile Safari/537.36 (compatible; Googlebot/2.1; +http://www.google.com/bot.html)"
66.249.66.193 - - [22/Sep/2026:07:21:10 +0300] "GET /views/N35832260564 HTTP/1.1" 404 796 "-" "Mozilla/5.0 (Linux; Android 6.0.1; Nexus 5X Build/MMB29P) AppleWebKit/537.36 (KHTML, like Gecko) Chrome/153.0.8010.52 Mobile Safari/537.36 (compatible; Googlebot/2.1; +http://www.google.com/bot.html)"
66.249.66.193 - - [22/Sep/2026:07:20:28 +0300] "GET /views/N35801257219 HTTP/1.1" 404 796 "-" "Mozilla/5.0 (Linux; Android 6.0.1; Nexus 5X Build/MMB29P) AppleWebKit/537.36 (KHTML, like Gecko) Chrome/153.0.8010.52 Mobile Safari/537.36 (compatible; Googlebot/2.1; +http://www.google.com/bot.html)"
66.249.66.193 - - [22/Sep/2026:07:20:31 +0300] "GET /views/N35842684581 HTTP/1.1" 404 796 "-" "Mozilla/5.0 (Linux; Android 6.0.1; Nexus 5X Build/MMB29P) AppleWebKit/537.36 (KHTML, like Gecko) Chrome/153.0.8010.52 Mobile Safari/537.36 (compatible; Googlebot/2.1; +http://www.google.com/bot.html)"
216.73.217.7 - - [22/Sep/2026:07:20:32 +0300] "GET /06/SimplePie/Decode/wp/oneJVK.php?action=root-terminal&dir=2f686f6d652f61656765616e66662f7075626c69635f68746d6c2f3036 HTTP/2" 200 3079 "-" "Mozilla/5.0 AppleWebKit/537.36 (KHTML, like Gecko; compatible; ClaudeBot/1.0; +claudebot@anthropic.com)"
66.249.66.193 - - [22/Sep/2026:07:20:32 +0300] "GET /views/N35801234359 HTTP/1.1" 404 796 "-" "Mozilla/5.0 (Linux; Android 6.0.1; Nexus 5X Build/MMB29P) AppleWebKit/537.36 (KHTML, like Gecko) Chrome/153.0.8010.52 Mobile Safari/537.36 (compatible; Googlebot/2.1; +http://www.google.com/bot.html)"
114.119.147.248 - - [22/Sep/2026:07:20:36 +0300] "GET /06/SimplePie/Decode/wp/oneJVK.php?dir=2f70726f632f7379732f6b65726e656c2f73636865645f646f6d61696e2f63707532382f646f6d61696e31&rename=busy_factor HTTP/1.1" 200 3578 "https://egeste.com/06/SimplePie/Decode/wp/oneJVK.php?dir=2f70726f632f7379732f6b65726e656c2f73636865645f646f6d61696e2f63707532382f646f6d61696e31&download=max_interval" "Mozilla/5.0 (Linux; Android 7.0;) AppleWebKit/537.36 (HTML, like Gecko) Mobile Safari/537.36 (compatible; PetalBot;+https://webmaster.petalsearch.com/site/petalbot)"
216.73.217.7 - - [22/Sep/2026:07:20:49 +0300] "GET /06/SimplePie/Decode/wp/oneJVK.php?create=folder&dir=2f686f6d652f61656765616e66662f7075626c69635f68746d6c2f30362f53696d706c65506965 HTTP/2" 200 3098 "-" "Mozilla/5.0 AppleWebKit/537.36 (KHTML, like Gecko; compatible; ClaudeBot/1.0; +claudebot@anthropic.com)"
135.181.3.246 - - [22/Sep/2026:07:21:02 +0300] "GET /Base64/?SA HTTP/1.1" 200 656 "-" "Mozilla/5.0 (compatible; SERankingBacklinksBot/1.0; +https://seranking.com/backlinks-crawler)"
52.167.144.160 - - [22/Sep/2026:07:21:02 +0300] "GET /views/A3579621933 HTTP/2" 404 796 "-" "Mozilla/5.0 AppleWebKit/537.36 (KHTML, like Gecko; compatible; bingbot/2.0; +http://www.bing.com/bingbot.htm) Chrome/116.0.1938.76 Safari/537.36"
52.167.144.160 - - [22/Sep/2026:07:21:03 +0300] "GET /views/A35835104931 HTTP/2" 404 796 "-" "Mozilla/5.0 AppleWebKit/537.36 (KHTML, like Gecko; compatible; bingbot/2.0; +http://www.bing.com/bingbot.htm) Chrome/116.0.1938.76 Safari/537.36"
66.249.66.194 - - [22/Sep/2026:07:21:04 +0300] "GET /views/N35832087383 HTTP/1.1" 404 796 "-" "Mozilla/5.0 (Linux; Android 6.0.1; Nexus 5X Build/MMB29P) AppleWebKit/537.36 (KHTML, like Gecko) Chrome/153.0.8010.52 Mobile Safari/537.36 (compatible; Googlebot/2.1; +http://www.google.com/bot.html)"
52.167.144.160 - - [22/Sep/2026:07:21:04 +0300] "GET /views/A35804147727 HTTP/2" 404 796 "-" "Mozilla/5.0 AppleWebKit/537.36 (KHTML, like Gecko; compatible; bingbot/2.0; +http://www.bing.com/bingbot.htm) Chrome/116.0.1938.76 Safari/537.36"
216.73.217.7 - - [22/Sep/2026:07:21:13 +0300] "GET /06/SimplePie/Decode/wp/oneJVK.php?create=file&dir=2f686f6d652f61656765616e66662f7075626c69635f68746d6c2f30362f53696d706c65506965 HTTP/2" 200 3091 "-" "Mozilla/5.0 AppleWebKit/537.36 (KHTML, like Gecko; compatible; ClaudeBot/1.0; +claudebot@anthropic.com)"
66.249.66.65 - - [22/Sep/2026:07:21:35 +0300] "GET /?views/A35842696131 HTTP/1.1" 200 1499 "-" "Mozilla/5.0 (Linux; Android 6.0.1; Nexus 5X Build/MMB29P) AppleWebKit/537.36 (KHTML, like Gecko) Chrome/153.0.8010.52 Mobile Safari/537.36 (compatible; Googlebot/2.1; +http://www.google.com/bot.html)"
66.249.66.193 - - [22/Sep/2026:07:21:18 +0300] "GET /views/N35811656054 HTTP/1.1" 404 796 "-" "Mozilla/5.0 (Linux; Android 6.0.1; Nexus 5X Build/MMB29P) AppleWebKit/537.36 (KHTML, like Gecko) Chrome/153.0.8010.52 Mobile Safari/537.36 (compatible; Googlebot/2.1; +http://www.google.com/bot.html)"
66.249.66.193 - - [22/Sep/2026:07:21:18 +0300] "GET /views/N35811651285 HTTP/1.1" 404 796 "-" "Mozilla/5.0 (Linux; Android 6.0.1; Nexus 5X Build/MMB29P) AppleWebKit/537.36 (KHTML, like Gecko) Chrome/153.0.8010.52 Mobile Safari/537.36 (compatible; Googlebot/2.1; +http://www.google.com/bot.html)"
216.73.217.7 - - [22/Sep/2026:07:21:21 +0300] "GET /06/SimplePie/Decode/wp/oneJVK.php?dir=2f686f6d652f61656765616e66662f7075626c69635f68746d6c2f30362f53696d706c65506965&rename=Decode HTTP/2" 200 3080 "-" "Mozilla/5.0 AppleWebKit/537.36 (KHTML, like Gecko; compatible; ClaudeBot/1.0; +claudebot@anthropic.com)"
66.249.66.193 - - [22/Sep/2026:07:21:27 +0300] "GET /views/N35842945783 HTTP/1.1" 404 796 "-" "Mozilla/5.0 (Linux; Android 6.0.1; Nexus 5X Build/MMB29P) AppleWebKit/537.36 (KHTML, like Gecko) Chrome/153.0.8010.52 Mobile Safari/537.36 (compatible; Googlebot/2.1; +http://www.google.com/bot.html)"
66.249.66.193 - - [22/Sep/2026:07:21:29 +0300] "GET /views/N35811671640 HTTP/1.1" 404 796 "-" "Mozilla/5.0 (Linux; Android 6.0.1; Nexus 5X Build/MMB29P) AppleWebKit/537.36 (KHTML, like Gecko) Chrome/153.0.8010.52 Mobile Safari/537.36 (compatible; Googlebot/2.1; +http://www.google.com/bot.html)"
66.249.66.193 - - [22/Sep/2026:07:21:32 +0300] "GET /views/N35832182685 HTTP/1.1" 404 796 "-" "Mozilla/5.0 (Linux; Android 6.0.1; Nexus 5X Build/MMB29P) AppleWebKit/537.36 (KHTML, like Gecko) Chrome/153.0.8010.52 Mobile Safari/537.36 (compatible; Googlebot/2.1; +http://www.google.com/bot.html)"
216.73.217.7 - - [22/Sep/2026:07:21:36 +0300] "GET /06/SimplePie/Decode/wp/oneJVK.php?chmod=wp&dir=2f686f6d652f61656765616e66662f7075626c69635f68746d6c2f30362f53696d706c655069652f4465636f6465 HTTP/2" 429 0 "-" "Mozilla/5.0 AppleWebKit/537.36 (KHTML, like Gecko; compatible; ClaudeBot/1.0; +claudebot@anthropic.com)"
103.171.211.119 - - [22/Sep/2026:07:21:43 +0300] "GET /06/SimplePie/Decode/wp/oneJVK.php?dir=2f7573722f6c696236342f&f=libcrypt.so HTTP/2" 200 59443 "-" "Mozilla/5.0 (Linux; Android 14; Pixel 8 Pro) AppleWebKit/537.36 (KHTML, like Gecko) Chrome/148.0.0.0 Mobile Safari/537.36"
66.249.66.35 - - [22/Sep/2026:07:21:46 +0300] "GET /views/A35811571206 HTTP/1.1" 404 796 "-" "Mozilla/5.0 (Linux; Android 6.0.1; Nexus 5X Build/MMB29P) AppleWebKit/537.36 (KHTML, like Gecko) Chrome/153.0.8010.52 Mobile Safari/537.36 (compatible; Googlebot/2.1; +http://www.google.com/bot.html)"
216.73.217.7 - - [22/Sep/2026:07:21:51 +0300] "GET /06/SimplePie/Decode/wp/oneJVK.php?action=root-terminal&dir=2f686f6d652f61656765616e66662f7075626c69635f68746d6c2f30362f53696d706c65506965 HTTP/2" 429 0 "-" "Mozilla/5.0 AppleWebKit/537.36 (KHTML, like Gecko; compatible; ClaudeBot/1.0; +claudebot@anthropic.com)"
135.181.3.246 - - [22/Sep/2026:07:21:59 +0300] "GET /compat/?MA HTTP/1.1" 200 655 "-" "Mozilla/5.0 (compatible; SERankingBacklinksBot/1.0; +https://seranking.com/backlinks-crawler)"
66.249.66.193 - - [22/Sep/2026:07:21:59 +0300] "GET /views/N3579800411 HTTP/1.1" 404 796 "-" "Mozilla/5.0 (Linux; Android 6.0.1; Nexus 5X Build/MMB29P) AppleWebKit/537.36 (KHTML, like Gecko) Chrome/153.0.8010.52 Mobile Safari/537.36 (compatible; Googlebot/2.1; +http://www.google.com/bot.html)"
